{"id":114,"date":"2019-01-14T11:07:12","date_gmt":"2019-01-14T16:07:12","guid":{"rendered":"http:\/\/instituciones.gtm.sld.cu\/bpsg\/?page_id=114"},"modified":"2024-01-30T09:49:24","modified_gmt":"2024-01-30T14:49:24","slug":"programacion-de-bancos-moviles","status":"publish","type":"page","link":"https:\/\/instituciones.gtm.sld.cu\/bpsg\/programacion-de-bancos-moviles\/","title":{"rendered":"Programaci\u00f3n de bancos m\u00f3viles"},"content":{"rendered":"<p><img decoding=\"async\" loading=\"lazy\" width=\"142\" height=\"100\" class=\"wp-image-1236 alignright\" src=\"http:\/\/instituciones.gtm.sld.cu\/bpsg\/wp-content\/uploads\/sites\/8\/2019\/03\/zk6831he2-e1553605722602.png\" alt=\"\"><\/p>\n<p>Programaci\u00f3n correspondiente al mes de Febrero de 2024.<\/p>\n<table style=\"border-style: solid;width: 100%;height: 2082px\" width=\"965\">\n<tbody>\n<tr style=\"height: 61px\">\n<td style=\"width: 84.6333px;height: 61px\"><strong>Fecha<\/strong><\/td>\n<td style=\"width: 86.45px;height: 61px\"><strong>D\u00eda<\/strong><\/td>\n<td style=\"width: 137.65px;height: 61px\"><strong>Municipio<\/strong><\/td>\n<td style=\"width: 332.35px;height: 61px\"><strong>Lugar<\/strong><\/td>\n<td style=\"width: 107.917px;height: 61px\"><strong>Plan<\/strong><\/td>\n<\/tr>\n<tr style=\"height: 105px\">\n<td style=\"width: 84.6333px;height: 105px\">1\/02\/24<\/td>\n<td style=\"width: 86.45px;height: 105px\">Jueves<\/td>\n<td style=\"width: 137.65px;height: 105px\">Gtmo<\/p>\n<p>San A Sur<\/td>\n<td style=\"width: 332.35px;height: 105px\">CMF Villa Toa &#8211; Pol Norte<\/p>\n<p>Baitiquiri- Tortuguilla<\/td>\n<td style=\"width: 107.917px;height: 105px\">15-15<\/p>\n<p>15-15<\/td>\n<\/tr>\n<tr style=\"height: 29px\">\n<td style=\"width: 84.6333px;height: 29px\">2\/02\/24<\/td>\n<td style=\"width: 86.45px;height: 29px\">Viernes<\/td>\n<td style=\"width: 137.65px;height: 29px\">Gtmo<\/td>\n<td style=\"width: 332.35px;height: 29px\">Santa Rita e\/ 5 y 6 sur- Beneficio Caf\u00e9<\/td>\n<td style=\"width: 107.917px;height: 29px\">15-15<\/td>\n<\/tr>\n<tr style=\"height: 61px\">\n<td style=\"width: 84.6333px;height: 61px\">3\/21\/24<\/td>\n<td style=\"width: 86.45px;height: 61px\">S\u00e1bado<\/td>\n<td style=\"width: 137.65px;height: 61px\">&nbsp;<\/td>\n<td style=\"width: 332.35px;height: 61px\">&nbsp;<\/td>\n<td style=\"width: 107.917px;height: 61px\">&nbsp;<\/td>\n<\/tr>\n<tr style=\"height: 61px\">\n<td style=\"width: 84.6333px;height: 61px\">4\/02\/24<\/td>\n<td style=\"width: 86.45px;height: 61px\">Domingo<\/td>\n<td style=\"width: 137.65px;height: 61px\">&nbsp;<\/td>\n<td style=\"width: 332.35px;height: 61px\">&nbsp;<\/td>\n<td style=\"width: 107.917px;height: 61px\">&nbsp;<\/td>\n<\/tr>\n<tr style=\"height: 61px\">\n<td style=\"width: 84.6333px;height: 61px\">5\/02\/24<\/td>\n<td style=\"width: 86.45px;height: 61px\">Lunes<\/td>\n<td style=\"width: 137.65px;height: 61px\">&nbsp;<\/td>\n<td style=\"width: 332.35px;height: 61px\">&nbsp;<\/td>\n<td style=\"width: 107.917px;height: 61px\">&nbsp;<\/td>\n<\/tr>\n<tr style=\"height: 85px\">\n<td style=\"width: 84.6333px;height: 85px\">6\/02\/24<\/td>\n<td style=\"width: 86.45px;height: 85px\">Martes<\/td>\n<td style=\"width: 137.65px;height: 85px\">Gtmo<\/p>\n<p>Imias<\/td>\n<td style=\"width: 332.35px;height: 85px\">2 norte y 2 oeste- CMF 12 y 13 Reparto Dab\u00fal \u2013<\/p>\n<p>L\u00ednea \u2013 Cajobabo<\/td>\n<td style=\"width: 107.917px;height: 85px\">15-15<\/p>\n<p>30-20<\/td>\n<\/tr>\n<tr style=\"height: 61px\">\n<td style=\"width: 84.6333px;height: 61px\">7\/02\/24<\/td>\n<td style=\"width: 86.45px;height: 61px\">Mi\u00e9rcoles<\/td>\n<td style=\"width: 137.65px;height: 61px\">Gtmo-<\/p>\n<p>Yateras<\/td>\n<td style=\"width: 332.35px;height: 61px\">1 oeste % 10 y 11 sur<\/p>\n<p>Virginia Caf\u00e9<\/td>\n<td style=\"width: 107.917px;height: 61px\">15<\/p>\n<p>15<\/td>\n<\/tr>\n<tr style=\"height: 61px\">\n<td style=\"width: 84.6333px;height: 61px\">8\/02\/24<\/td>\n<td style=\"width: 86.45px;height: 61px\">Jueves<\/td>\n<td style=\"width: 137.65px;height: 61px\">Gtmo<\/td>\n<td style=\"width: 332.35px;height: 61px\">Semilla &nbsp;<\/td>\n<td style=\"width: 107.917px;height: 61px\">15<\/td>\n<\/tr>\n<tr style=\"height: 85px\">\n<td style=\"width: 84.6333px;height: 85px\">9\/02\/24<\/td>\n<td style=\"width: 86.45px;height: 85px\">Viernes<\/td>\n<td style=\"width: 137.65px;height: 85px\">Gtmo<\/p>\n<p>Niceto P\u00e9rez<\/td>\n<td style=\"width: 332.35px;height: 85px\">MICONS- Labiofan &#8211;<\/p>\n<p>Vilorio \u2013 El Silencio<\/td>\n<td style=\"width: 107.917px;height: 85px\">15-15<\/p>\n<p>15-15<\/td>\n<\/tr>\n<tr style=\"height: 61px\">\n<td style=\"width: 84.6333px;height: 61px\">10\/02\/24<\/td>\n<td style=\"width: 86.45px;height: 61px\">S\u00e1bado<\/td>\n<td style=\"width: 137.65px;height: 61px\">&nbsp;<\/td>\n<td style=\"width: 332.35px;height: 61px\">&nbsp;<\/td>\n<td style=\"width: 107.917px;height: 61px\">&nbsp;<\/td>\n<\/tr>\n<tr style=\"height: 61px\">\n<td style=\"width: 84.6333px;height: 61px\">11\/02\/24<\/td>\n<td style=\"width: 86.45px;height: 61px\">Domingo<\/td>\n<td style=\"width: 137.65px;height: 61px\">&nbsp;<\/td>\n<td style=\"width: 332.35px;height: 61px\">&nbsp;<\/td>\n<td style=\"width: 107.917px;height: 61px\">&nbsp;<\/td>\n<\/tr>\n<tr style=\"height: 61px\">\n<td style=\"width: 84.6333px;height: 61px\">12\/02\/24<\/td>\n<td style=\"width: 86.45px;height: 61px\">Lunes<\/td>\n<td style=\"width: 137.65px;height: 61px\"><u>&nbsp;<\/u><\/td>\n<td style=\"width: 332.35px;height: 61px\">&nbsp;<\/td>\n<td style=\"width: 107.917px;height: 61px\">&nbsp;<\/td>\n<\/tr>\n<tr style=\"height: 61px\">\n<td style=\"width: 84.6333px;height: 61px\">13\/02\/24<\/td>\n<td style=\"width: 86.45px;height: 61px\">Martes<\/td>\n<td style=\"width: 137.65px;height: 61px\">Gtmo<\/p>\n<p>Salvador<\/td>\n<td style=\"width: 332.35px;height: 61px\">Poligr\u00e1fico- Santa Rosa<\/p>\n<p>Salvador<\/td>\n<td style=\"width: 107.917px;height: 61px\">15-15<\/p>\n<p>15<\/td>\n<\/tr>\n<tr style=\"height: 61px\">\n<td style=\"width: 84.6333px;height: 61px\">14\/02\/24<\/td>\n<td style=\"width: 86.45px;height: 61px\">Mi\u00e9rcoles<\/td>\n<td style=\"width: 137.65px;height: 61px\">&nbsp;<\/td>\n<td style=\"width: 332.35px;height: 61px\">&nbsp;<\/td>\n<td style=\"width: 107.917px;height: 61px\">&nbsp;<\/td>\n<\/tr>\n<tr style=\"height: 85px\">\n<td style=\"width: 84.6333px;height: 85px\">15\/02\/24<\/td>\n<td style=\"width: 86.45px;height: 85px\">Jueves<\/td>\n<td style=\"width: 137.65px;height: 85px\">Gtmo<\/p>\n<p>Salvador<\/td>\n<td style=\"width: 332.35px;height: 85px\">Santa Rita % 14 y 15 sur<\/p>\n<p>Carrera Larga \u2013 Marianal<\/td>\n<td style=\"width: 107.917px;height: 85px\">15<\/p>\n<p>15-15<\/td>\n<\/tr>\n<tr style=\"height: 61px\">\n<td style=\"width: 84.6333px;height: 61px\">16\/02\/24<\/td>\n<td style=\"width: 86.45px;height: 61px\">Viernes &nbsp;<\/td>\n<td style=\"width: 137.65px;height: 61px\">Gtmo<\/p>\n<p>Maisi<\/td>\n<td style=\"width: 332.35px;height: 61px\">3 oeste %2 y 3 sur<\/p>\n<p>La m\u00e1quina \u2013 La Punta<\/td>\n<td style=\"width: 107.917px;height: 61px\">15<\/p>\n<p>20-20<\/td>\n<\/tr>\n<tr style=\"height: 85px\">\n<td style=\"width: 84.6333px;height: 85px\">17\/02\/24<\/td>\n<td style=\"width: 86.45px;height: 85px\">S\u00e1bado<\/td>\n<td style=\"width: 137.65px;height: 85px\">San A Sur<\/p>\n<p>Caimanera<\/td>\n<td style=\"width: 332.35px;height: 85px\">Manguito<\/p>\n<p>Mameyal- Hatibonico<\/td>\n<td style=\"width: 107.917px;height: 85px\">15<\/p>\n<p>15-20<\/td>\n<\/tr>\n<tr style=\"height: 61px\">\n<td style=\"width: 84.6333px;height: 61px\">18\/02\/24<\/td>\n<td style=\"width: 86.45px;height: 61px\">Domingo<\/td>\n<td style=\"width: 137.65px;height: 61px\">&nbsp;<\/td>\n<td style=\"width: 332.35px;height: 61px\">&nbsp;<\/td>\n<td style=\"width: 107.917px;height: 61px\">&nbsp;<\/td>\n<\/tr>\n<tr style=\"height: 61px\">\n<td style=\"width: 84.6333px;height: 61px\">19\/02\/24<\/td>\n<td style=\"width: 86.45px;height: 61px\">Lunes<\/td>\n<td style=\"width: 137.65px;height: 61px\">&nbsp;<\/td>\n<td style=\"width: 332.35px;height: 61px\">&nbsp;<\/td>\n<td style=\"width: 107.917px;height: 61px\">&nbsp;<\/td>\n<\/tr>\n<tr style=\"height: 85px\">\n<td style=\"width: 84.6333px;height: 85px\">20\/02\/24<\/td>\n<td style=\"width: 86.45px;height: 85px\">Martes<\/td>\n<td style=\"width: 137.65px;height: 85px\">Gtmo<\/p>\n<p>Yateras<\/td>\n<td style=\"width: 332.35px;height: 85px\">Comb Deportivo San Justo<\/p>\n<p>Bernardo- La Alegr\u00eda<\/td>\n<td style=\"width: 107.917px;height: 85px\">15<\/p>\n<p>20-15<\/td>\n<\/tr>\n<tr style=\"height: 61px\">\n<td style=\"width: 84.6333px;height: 61px\">21\/02\/24<\/td>\n<td style=\"width: 86.45px;height: 61px\">Mi\u00e9rcoles<\/td>\n<td style=\"width: 137.65px;height: 61px\">Gtmo<\/p>\n<p>Salvador<\/td>\n<td style=\"width: 332.35px;height: 61px\">Pol Sur- 1ro de mayo<\/p>\n<p>Limonar<\/td>\n<td style=\"width: 107.917px;height: 61px\">15<\/p>\n<p>15-15<\/td>\n<\/tr>\n<tr style=\"height: 85px\">\n<td style=\"width: 84.6333px;height: 85px\">22\/02\/24<\/td>\n<td style=\"width: 86.45px;height: 85px\">Jueves<\/td>\n<td style=\"width: 137.65px;height: 85px\">Gtmo<\/p>\n<p>Imias<\/td>\n<td style=\"width: 332.35px;height: 85px\">&nbsp;UEB&nbsp; Agropecuario Confluentes<\/p>\n<p>Guajacal \u2013 Los Calderos<\/td>\n<td style=\"width: 107.917px;height: 85px\">15<\/p>\n<p>15-15<\/td>\n<\/tr>\n<tr style=\"height: 85px\">\n<td style=\"width: 84.6333px;height: 85px\">23\/02\/24<\/td>\n<td style=\"width: 86.45px;height: 85px\">Viernes<\/td>\n<td style=\"width: 137.65px;height: 85px\">Gtmo<\/p>\n<p>San A Sur<\/td>\n<td style=\"width: 332.35px;height: 85px\">Coquito Jaibo- CMF 17 norte % 6 y 7 oeste<\/p>\n<p>&nbsp;San A Sur &#8211; Corojo<\/td>\n<td style=\"width: 107.917px;height: 85px\">15-15<\/p>\n<p>15-15<\/td>\n<\/tr>\n<tr style=\"height: 85px\">\n<td style=\"width: 84.6333px;height: 85px\">24\/02\/24<\/td>\n<td style=\"width: 86.45px;height: 85px\">S\u00e1bado<\/td>\n<td style=\"width: 137.65px;height: 85px\">Gtmo<\/p>\n<p>Manuel Tames<\/td>\n<td style=\"width: 332.35px;height: 85px\">Hogar de Anciano San Jose<\/p>\n<p>Manuel Tames \u2013 Hector Infante<\/td>\n<td style=\"width: 107.917px;height: 85px\">15<\/p>\n<p>15-15<\/td>\n<\/tr>\n<tr style=\"height: 61px\">\n<td style=\"width: 84.6333px;height: 61px\">25\/02\/24<\/td>\n<td style=\"width: 86.45px;height: 61px\">Domingo<\/td>\n<td style=\"width: 137.65px;height: 61px\">&nbsp;<\/td>\n<td style=\"width: 332.35px;height: 61px\">&nbsp;<\/td>\n<td style=\"width: 107.917px;height: 61px\">&nbsp;<\/td>\n<\/tr>\n<tr style=\"height: 61px\">\n<td style=\"width: 84.6333px;height: 61px\">26\/02\/24<\/td>\n<td style=\"width: 86.45px;height: 61px\">Lunes<\/td>\n<td style=\"width: 137.65px;height: 61px\">&nbsp;<\/td>\n<td style=\"width: 332.35px;height: 61px\">&nbsp;<\/td>\n<td style=\"width: 107.917px;height: 61px\">&nbsp;<\/td>\n<\/tr>\n<tr style=\"height: 61px\">\n<td style=\"width: 84.6333px;height: 61px\">27\/02\/24<\/td>\n<td style=\"width: 86.45px;height: 61px\">Martes<\/td>\n<td style=\"width: 137.65px;height: 61px\">Gtmo<\/p>\n<p>Yateras<\/td>\n<td style=\"width: 332.35px;height: 61px\">Maquey \u2013 Maqueisito<\/p>\n<p>Felicidad&nbsp;<\/td>\n<td style=\"width: 107.917px;height: 61px\">15-15<\/p>\n<p>15<\/td>\n<\/tr>\n<tr style=\"height: 85px\">\n<td style=\"width: 84.6333px;height: 85px\">28\/02\/24<\/td>\n<td style=\"width: 86.45px;height: 85px\">Mi\u00e9rcoles<\/td>\n<td style=\"width: 137.65px;height: 85px\">Gtmo<\/p>\n<p>Maisi<\/td>\n<td style=\"width: 332.35px;height: 85px\">Aseguramiento y Servicios (Montesano )<\/p>\n<p>Los Llanos \u2013 El Veril<\/td>\n<td style=\"width: 107.917px;height: 85px\">15<\/p>\n<p>15-15<\/td>\n<\/tr>\n<tr style=\"height: 85px\">\n<td style=\"width: 84.6333px;height: 85px\">29\/02\/24<\/td>\n<td style=\"width: 86.45px;height: 85px\">Jueves<\/td>\n<td style=\"width: 137.65px;height: 85px\">Gtmo<\/p>\n<p>Niceto P\u00e9rez<\/td>\n<td style=\"width: 332.35px;height: 85px\">Escuela Minint- 15 sur % 4 y 5 oeste<\/p>\n<p>La Yaya \u2013 21 Caballer\u00eda<\/td>\n<td style=\"width: 107.917px;height: 85px\">15-15<\/p>\n<p>15-15<\/td>\n<\/tr>\n<\/tbody>\n<\/table>\n","protected":false},"excerpt":{"rendered":"<p>Programaci\u00f3n correspondiente al mes de Febrero de 2024. Fecha D\u00eda Municipio Lugar Plan 1\/02\/24 Jueves Gtmo San A Sur CMF Villa Toa &#8211; Pol Norte Baitiquiri- Tortuguilla 15-15 15-15 2\/02\/24 Viernes Gtmo Santa Rita e\/ 5 y 6 sur- Beneficio Caf\u00e9 15-15 3\/21\/24 S\u00e1bado &nbsp; &nbsp; &nbsp; 4\/02\/24 Domingo &nbsp; &nbsp; &nbsp; 5\/02\/24 Lunes &nbsp; &hellip; <\/p>\n<p><a class=\"more-link btn\" href=\"https:\/\/instituciones.gtm.sld.cu\/bpsg\/programacion-de-bancos-moviles\/\">Seguir leyendo<\/a><\/p>\n","protected":false},"author":7,"featured_media":115,"parent":0,"menu_order":0,"comment_status":"closed","ping_status":"closed","template":"","meta":{"ngg_post_thumbnail":0,"_mc_calendar":[]},"yoast_head":"<!-- This site is optimized with the Yoast SEO plugin v21.8 - https:\/\/yoast.com\/wordpress\/plugins\/seo\/ -->\n<title>Programaci\u00f3n de bancos m\u00f3viles - UPR Banco Provincial de Sangre de Guant\u00e1namo<\/title>\n<meta name=\"robots\" content=\"index, follow, max-snippet:-1, max-image-preview:large, max-video-preview:-1\" \/>\n<link rel=\"canonical\" href=\"https:\/\/instituciones.gtm.sld.cu\/bpsg\/programacion-de-bancos-moviles\/\" \/>\n<meta property=\"og:locale\" content=\"es_ES\" \/>\n<meta property=\"og:type\" content=\"article\" \/>\n<meta property=\"og:title\" content=\"Programaci\u00f3n de bancos m\u00f3viles - UPR Banco Provincial de Sangre de Guant\u00e1namo\" \/>\n<meta property=\"og:description\" content=\"Programaci\u00f3n correspondiente al mes de Febrero de 2024. Fecha D\u00eda Municipio Lugar Plan 1\/02\/24 Jueves Gtmo San A Sur CMF Villa Toa &#8211; Pol Norte Baitiquiri- Tortuguilla 15-15 15-15 2\/02\/24 Viernes Gtmo Santa Rita e\/ 5 y 6 sur- Beneficio Caf\u00e9 15-15 3\/21\/24 S\u00e1bado &nbsp; &nbsp; &nbsp; 4\/02\/24 Domingo &nbsp; &nbsp; &nbsp; 5\/02\/24 Lunes &nbsp; &hellip; Seguir leyendo\" \/>\n<meta property=\"og:url\" content=\"https:\/\/instituciones.gtm.sld.cu\/bpsg\/programacion-de-bancos-moviles\/\" \/>\n<meta property=\"og:site_name\" content=\"UPR Banco Provincial de Sangre de Guant\u00e1namo\" \/>\n<meta property=\"article:modified_time\" content=\"2024-01-30T14:49:24+00:00\" \/>\n<meta property=\"og:image\" content=\"https:\/\/instituciones.gtm.sld.cu\/bpsg\/wp-content\/uploads\/sites\/8\/2019\/01\/yutong.png\" \/>\n\t<meta property=\"og:image:width\" content=\"100\" \/>\n\t<meta property=\"og:image:height\" content=\"99\" \/>\n\t<meta property=\"og:image:type\" content=\"image\/png\" \/>\n<meta name=\"twitter:card\" content=\"summary_large_image\" \/>\n<meta name=\"twitter:label1\" content=\"Tiempo de lectura\" \/>\n\t<meta name=\"twitter:data1\" content=\"1 minuto\" \/>\n<script type=\"application\/ld+json\" class=\"yoast-schema-graph\">{\"@context\":\"https:\/\/schema.org\",\"@graph\":[{\"@type\":\"WebPage\",\"@id\":\"https:\/\/instituciones.gtm.sld.cu\/bpsg\/programacion-de-bancos-moviles\/\",\"url\":\"https:\/\/instituciones.gtm.sld.cu\/bpsg\/programacion-de-bancos-moviles\/\",\"name\":\"Programaci\u00f3n de bancos m\u00f3viles - UPR Banco Provincial de Sangre de Guant\u00e1namo\",\"isPartOf\":{\"@id\":\"https:\/\/instituciones.gtm.sld.cu\/bpsg\/#website\"},\"datePublished\":\"2019-01-14T16:07:12+00:00\",\"dateModified\":\"2024-01-30T14:49:24+00:00\",\"breadcrumb\":{\"@id\":\"https:\/\/instituciones.gtm.sld.cu\/bpsg\/programacion-de-bancos-moviles\/#breadcrumb\"},\"inLanguage\":\"es\",\"potentialAction\":[{\"@type\":\"ReadAction\",\"target\":[\"https:\/\/instituciones.gtm.sld.cu\/bpsg\/programacion-de-bancos-moviles\/\"]}]},{\"@type\":\"BreadcrumbList\",\"@id\":\"https:\/\/instituciones.gtm.sld.cu\/bpsg\/programacion-de-bancos-moviles\/#breadcrumb\",\"itemListElement\":[{\"@type\":\"ListItem\",\"position\":1,\"name\":\"Portada\",\"item\":\"https:\/\/instituciones.gtm.sld.cu\/bpsg\/\"},{\"@type\":\"ListItem\",\"position\":2,\"name\":\"Programaci\u00f3n de bancos m\u00f3viles\"}]},{\"@type\":\"WebSite\",\"@id\":\"https:\/\/instituciones.gtm.sld.cu\/bpsg\/#website\",\"url\":\"https:\/\/instituciones.gtm.sld.cu\/bpsg\/\",\"name\":\"UPR Banco Provincial de Sangre de Guant\u00e1namo\",\"description\":\"&quot;Donar sangre es DONAR VIDA&quot;\",\"potentialAction\":[{\"@type\":\"SearchAction\",\"target\":{\"@type\":\"EntryPoint\",\"urlTemplate\":\"https:\/\/instituciones.gtm.sld.cu\/bpsg\/?s={search_term_string}\"},\"query-input\":\"required name=search_term_string\"}],\"inLanguage\":\"es\"}]}<\/script>\n<!-- \/ Yoast SEO plugin. -->","yoast_head_json":{"title":"Programaci\u00f3n de bancos m\u00f3viles - UPR Banco Provincial de Sangre de Guant\u00e1namo","robots":{"index":"index","follow":"follow","max-snippet":"max-snippet:-1","max-image-preview":"max-image-preview:large","max-video-preview":"max-video-preview:-1"},"canonical":"https:\/\/instituciones.gtm.sld.cu\/bpsg\/programacion-de-bancos-moviles\/","og_locale":"es_ES","og_type":"article","og_title":"Programaci\u00f3n de bancos m\u00f3viles - UPR Banco Provincial de Sangre de Guant\u00e1namo","og_description":"Programaci\u00f3n correspondiente al mes de Febrero de 2024. Fecha D\u00eda Municipio Lugar Plan 1\/02\/24 Jueves Gtmo San A Sur CMF Villa Toa &#8211; Pol Norte Baitiquiri- Tortuguilla 15-15 15-15 2\/02\/24 Viernes Gtmo Santa Rita e\/ 5 y 6 sur- Beneficio Caf\u00e9 15-15 3\/21\/24 S\u00e1bado &nbsp; &nbsp; &nbsp; 4\/02\/24 Domingo &nbsp; &nbsp; &nbsp; 5\/02\/24 Lunes &nbsp; &hellip; Seguir leyendo","og_url":"https:\/\/instituciones.gtm.sld.cu\/bpsg\/programacion-de-bancos-moviles\/","og_site_name":"UPR Banco Provincial de Sangre de Guant\u00e1namo","article_modified_time":"2024-01-30T14:49:24+00:00","og_image":[{"width":100,"height":99,"url":"https:\/\/instituciones.gtm.sld.cu\/bpsg\/wp-content\/uploads\/sites\/8\/2019\/01\/yutong.png","type":"image\/png"}],"twitter_card":"summary_large_image","twitter_misc":{"Tiempo de lectura":"1 minuto"},"schema":{"@context":"https:\/\/schema.org","@graph":[{"@type":"WebPage","@id":"https:\/\/instituciones.gtm.sld.cu\/bpsg\/programacion-de-bancos-moviles\/","url":"https:\/\/instituciones.gtm.sld.cu\/bpsg\/programacion-de-bancos-moviles\/","name":"Programaci\u00f3n de bancos m\u00f3viles - UPR Banco Provincial de Sangre de Guant\u00e1namo","isPartOf":{"@id":"https:\/\/instituciones.gtm.sld.cu\/bpsg\/#website"},"datePublished":"2019-01-14T16:07:12+00:00","dateModified":"2024-01-30T14:49:24+00:00","breadcrumb":{"@id":"https:\/\/instituciones.gtm.sld.cu\/bpsg\/programacion-de-bancos-moviles\/#breadcrumb"},"inLanguage":"es","potentialAction":[{"@type":"ReadAction","target":["https:\/\/instituciones.gtm.sld.cu\/bpsg\/programacion-de-bancos-moviles\/"]}]},{"@type":"BreadcrumbList","@id":"https:\/\/instituciones.gtm.sld.cu\/bpsg\/programacion-de-bancos-moviles\/#breadcrumb","itemListElement":[{"@type":"ListItem","position":1,"name":"Portada","item":"https:\/\/instituciones.gtm.sld.cu\/bpsg\/"},{"@type":"ListItem","position":2,"name":"Programaci\u00f3n de bancos m\u00f3viles"}]},{"@type":"WebSite","@id":"https:\/\/instituciones.gtm.sld.cu\/bpsg\/#website","url":"https:\/\/instituciones.gtm.sld.cu\/bpsg\/","name":"UPR Banco Provincial de Sangre de Guant\u00e1namo","description":"&quot;Donar sangre es DONAR VIDA&quot;","potentialAction":[{"@type":"SearchAction","target":{"@type":"EntryPoint","urlTemplate":"https:\/\/instituciones.gtm.sld.cu\/bpsg\/?s={search_term_string}"},"query-input":"required name=search_term_string"}],"inLanguage":"es"}]}},"_links":{"self":[{"href":"https:\/\/instituciones.gtm.sld.cu\/bpsg\/wp-json\/wp\/v2\/pages\/114"}],"collection":[{"href":"https:\/\/instituciones.gtm.sld.cu\/bpsg\/wp-json\/wp\/v2\/pages"}],"about":[{"href":"https:\/\/instituciones.gtm.sld.cu\/bpsg\/wp-json\/wp\/v2\/types\/page"}],"author":[{"embeddable":true,"href":"https:\/\/instituciones.gtm.sld.cu\/bpsg\/wp-json\/wp\/v2\/users\/7"}],"replies":[{"embeddable":true,"href":"https:\/\/instituciones.gtm.sld.cu\/bpsg\/wp-json\/wp\/v2\/comments?post=114"}],"version-history":[{"count":1,"href":"https:\/\/instituciones.gtm.sld.cu\/bpsg\/wp-json\/wp\/v2\/pages\/114\/revisions"}],"predecessor-version":[{"id":1491,"href":"https:\/\/instituciones.gtm.sld.cu\/bpsg\/wp-json\/wp\/v2\/pages\/114\/revisions\/1491"}],"wp:featuredmedia":[{"embeddable":true,"href":"https:\/\/instituciones.gtm.sld.cu\/bpsg\/wp-json\/wp\/v2\/media\/115"}],"wp:attachment":[{"href":"https:\/\/instituciones.gtm.sld.cu\/bpsg\/wp-json\/wp\/v2\/media?parent=114"}],"curies":[{"name":"wp","href":"https:\/\/api.w.org\/{rel}","templated":true}]}}