{"id":64,"date":"2019-01-14T10:07:53","date_gmt":"2019-01-14T15:07:53","guid":{"rendered":"http:\/\/instituciones.gtm.sld.cu\/bpsg\/?page_id=64"},"modified":"2025-03-19T09:57:01","modified_gmt":"2025-03-19T13:57:01","slug":"acerca-de","status":"publish","type":"page","link":"https:\/\/instituciones.gtm.sld.cu\/bpsg\/acerca-de\/","title":{"rendered":"Acerca de"},"content":{"rendered":"<div class=\"post-meta\">Actualizado el mi\u00e9rcoles, marzo 19, 2025<\/div><p><strong>UPR Banco Provincial de Sangre<\/strong> es el nombre que identifica al sitio Web de la instituci\u00f3n de igual nombre, sitio que surgi\u00f3 a finales de 2010 con la idea inicial de habilitar una intranet y que ahora se expande hacia a red nacional, con el prop\u00f3sito de ofrecer informaci\u00f3n sobre los servicios que prestamos y experiencias adquiridas en el campo de la medicina Transfusional.<\/p>\n<p><code><\/code><\/p>\n<p>El colectivo de trabajadores del Banco Provincial de Sangre de Guant\u00e1namo se honra en hacerles llegar las novedades y actividades que ocupan nuestro quehacer cotidiano, con el compromiso de nuestra:<br \/>\n<div class=\"column-group columns-2\"><br \/>\n<div class=\"column column-number-1 column-span-1\"><\/p>\n<h2>Misi\u00f3n<\/h2>\n<p>El Banco de Sangre de la Provincia de Guant\u00e1namo es una entidad centrada en los valores del humanismo, que garantiza con calidad la extracci\u00f3n, procesamiento, conservaci\u00f3n y distribuci\u00f3n de la sangre humana para satisfacer las necesidades de las unidades de salud a nivel nacional, y la comercializaci\u00f3n de la materia prima (plasma) a la industria BIOCUBAFARMA.<\/p>\n<p>\n<\/div><\/p>\n<div class=\"column column-number-2 last column-span-1\"><h2>Visi\u00f3n<\/h2>\n<p>El Banco de Sangre Provincial sobre la base de los principios de identidad, la solidaridad y el humanismo, unidos por el amor y la entrega total que realizamos, garantizamos un servicio de excelencia en la extracci\u00f3n, procesamiento, conservaci\u00f3n y distribuci\u00f3n de la sangre humana, donada voluntariamente por el pueblo de Guant\u00e1namo, logramos incrementar los proyectos de investigaci\u00f3n as\u00ed como la introducci\u00f3n de tecnolog\u00eda de avanzada y buenos productos de laboratorios y producci\u00f3n, mantenemos la condici\u00f3n de Colectivo Moral y nos convertimos en Centro de Referencia en el pa\u00eds.<\/p>\n<p>\n<\/div><br \/>\n<\/div><\/p>\n<h2>Rese\u00f1a Hist\u00f3rica de la instituci\u00f3n<\/h2>\n<p>La instituci\u00f3n es inaugurada en el a\u00f1o 1976 en la Calle Los Maceo e\/Ave. Estudiantes y Narciso L\u00f3pez de la ciudad de Guant\u00e1namo. Conocida como Banco de Sangre de Guant\u00e1namo era un centro subordinado a la Unidad Presupuestada Asistenciales Varias de Salud.<\/p>\n<p>Por las caracter\u00edsticas de la edificaci\u00f3n en que se localizaba, que hab\u00eda sido una edificaci\u00f3n residencial adaptada a las actividades de un banco de sangre, se decide la construcci\u00f3n en la Calle 14 Norte entre Santa Rita y San Gregorio del Reparto Caribe, de la ciudad de Guant\u00e1namo, la nueva instalaci\u00f3n para el banco de sangre, la cual es inaugurada en junio de 1991.<\/p>\n<p>El 28 de julio de 1995 se realiza la primera donaci\u00f3n plasmaf\u00e9resis, quedando as\u00ed oficialmente inaugurado el programa de plasmaf\u00e9reis, que tributa plasma sangu\u00edneo a la Industria de hemoderivados, y que es utilizado para la fabricaci\u00f3n de vacunas, reactivos y otros medicamentos necesarios para el MINSAP.<\/p>\n<p>En el a\u00f1o 2015 se desintegra la Unidad Presupuestada Asistenciales Varias de Salud como parte de la reorganizaci\u00f3n de los servicios de Salud P\u00fablica, pasando el Banco de Sangre a ser reconocido como UPR Banco Provincial de Sangre y convirti\u00e9ndose en la unidad rectora del Banco Municipal de Sangre de Baracoa y los centros de extracci\u00f3n de los municipios Caimanera y Manuel Tames.<\/p>\n<p>Desde sus inicios, la instituci\u00f3n ha garantizado las demandas de sangre y componentes sangu\u00edneos de calidad a nuestros hospitales, as\u00ed como el plasma a la industria de hemoderivados. Cuenta con un colectivo de trabajadores comprometidos con su objeto social, lo que nos ha llevado a ostentar los siguientes galardones:<\/p>\n<p><a href=\"http:\/\/instituciones.gtm.sld.cu\/bpsg\/wp-content\/uploads\/sites\/8\/2019\/04\/icono_galardon.jpg\"><img decoding=\"async\" loading=\"lazy\" class=\"size-full wp-image-1301 alignright\" src=\"http:\/\/instituciones.gtm.sld.cu\/bpsg\/wp-content\/uploads\/sites\/8\/2019\/04\/icono_galardon.jpg\" alt=\"Galardones\" width=\"100\" height=\"102\"><\/a><\/p>\n<ul>\n<li>Colectivo Moral. Dado en la ciudad de La Habana el 10 de febrero de 2002.<\/li>\n<li>Diploma a Colectivo Vanguardia Nacional en la Actividad de Innovaci\u00f3n y Racionalizaci\u00f3n. Dado en la Ciudad de La Habana el 2 de octubre de 2003.<\/li>\n<li>Diploma Colectivo Destacado Nacional. Dado en Guant\u00e1namo el 30 de mayo de 2003.<\/li>\n<li>Certificado de Provincia cumplidora del Programa de Sangre. 14 de octubre de 2005.<\/li>\n<li>MINSAP y SNTS. Certificado X Congreso por brindar servicios de calidad usando racionalmente los recursos asignados. Dado en la ciudad de La Habana el 3 de diciembre de 2009.<\/li>\n<li>MINSAP y SNTS. Reconocimiento por adquirir la condici\u00f3n de Colectivo Moral. Dado en Guant\u00e1namo el 2 de diciembre de 2011.<\/li>\n<li>Centro Provincial de Promoci\u00f3n y Educaci\u00f3n para la Salud. Certificado de Centro Libre de Humo. Dado en Guant\u00e1namo el 3 de diciembre de 2011.<\/li>\n<li>Coordinaci\u00f3n Provincial de los CDR. Reconocimiento a organismo destacado. Dado en Guant\u00e1namo el 15 de marzo de 2017.<\/li>\n<li>Direcci\u00f3n Provincial de Salud. Reconocimiento por los resultados de trabajo de manera integral en el a\u00f1o 2017. Dado en Guant\u00e1namo el 1 de febrero de 2018.<\/li>\n<li>Reconocimiento por destacada labor en el cumplimiento con la organizaci\u00f3n (CDR). Dado en Guant\u00e1namo el 15 de abril de 2018.<\/li>\n<li>Reconocimiento por su participaci\u00f3n destacada en el cumplimiento de las principales tareas. Dado en Guant\u00e1namo el 13 de junio de 2018.<\/li>\n<li>Direcci\u00f3n Provincial de Salud. Reconocimiento por los resultados alcanzados en el trabajo durante el a\u00f1o 2018. Dado en Guant\u00e1namo el 30 de enero de 2019.<\/li>\n<\/ul>\n<p>&nbsp;<\/p>\n","protected":false},"excerpt":{"rendered":"<p>Actualizado el mi\u00e9rcoles, marzo 19, 2025UPR Banco Provincial de Sangre es el nombre que identifica al sitio Web de la instituci\u00f3n de igual nombre, sitio que surgi\u00f3 a finales de 2010 con la idea inicial de habilitar una intranet y que ahora se expande hacia a red nacional, con el prop\u00f3sito de ofrecer informaci\u00f3n sobre &hellip; <\/p>\n<p><a class=\"more-link btn\" href=\"https:\/\/instituciones.gtm.sld.cu\/bpsg\/acerca-de\/\">Seguir leyendo<\/a><\/p>\n","protected":false},"author":7,"featured_media":986,"parent":0,"menu_order":0,"comment_status":"closed","ping_status":"closed","template":"","meta":{"ngg_post_thumbnail":0,"_mc_calendar":[]},"yoast_head":"<!-- This site is optimized with the Yoast SEO plugin v21.8 - https:\/\/yoast.com\/wordpress\/plugins\/seo\/ -->\n<title>Acerca de - UPR Banco Provincial de Sangre de Guant\u00e1namo<\/title>\n<meta name=\"robots\" content=\"index, follow, max-snippet:-1, max-image-preview:large, max-video-preview:-1\" \/>\n<link rel=\"canonical\" href=\"https:\/\/instituciones.gtm.sld.cu\/bpsg\/acerca-de\/\" \/>\n<meta property=\"og:locale\" content=\"es_ES\" \/>\n<meta property=\"og:type\" content=\"article\" \/>\n<meta property=\"og:title\" content=\"Acerca de - UPR Banco Provincial de Sangre de Guant\u00e1namo\" \/>\n<meta property=\"og:description\" content=\"Actualizado el mi\u00e9rcoles, marzo 19, 2025UPR Banco Provincial de Sangre es el nombre que identifica al sitio Web de la instituci\u00f3n de igual nombre, sitio que surgi\u00f3 a finales de 2010 con la idea inicial de habilitar una intranet y que ahora se expande hacia a red nacional, con el prop\u00f3sito de ofrecer informaci\u00f3n sobre &hellip; Seguir leyendo\" \/>\n<meta property=\"og:url\" content=\"https:\/\/instituciones.gtm.sld.cu\/bpsg\/acerca-de\/\" \/>\n<meta property=\"og:site_name\" content=\"UPR Banco Provincial de Sangre de Guant\u00e1namo\" \/>\n<meta property=\"article:modified_time\" content=\"2025-03-19T13:57:01+00:00\" \/>\n<meta property=\"og:image\" content=\"https:\/\/instituciones.gtm.sld.cu\/bpsg\/wp-content\/uploads\/sites\/8\/2019\/01\/informacion.png\" \/>\n\t<meta property=\"og:image:width\" content=\"100\" \/>\n\t<meta property=\"og:image:height\" content=\"94\" \/>\n\t<meta property=\"og:image:type\" content=\"image\/png\" \/>\n<meta name=\"twitter:card\" content=\"summary_large_image\" \/>\n<meta name=\"twitter:label1\" content=\"Tiempo de lectura\" \/>\n\t<meta name=\"twitter:data1\" content=\"4 minutos\" \/>\n<script type=\"application\/ld+json\" class=\"yoast-schema-graph\">{\"@context\":\"https:\/\/schema.org\",\"@graph\":[{\"@type\":\"WebPage\",\"@id\":\"https:\/\/instituciones.gtm.sld.cu\/bpsg\/acerca-de\/\",\"url\":\"https:\/\/instituciones.gtm.sld.cu\/bpsg\/acerca-de\/\",\"name\":\"Acerca de - UPR Banco Provincial de Sangre de Guant\u00e1namo\",\"isPartOf\":{\"@id\":\"https:\/\/instituciones.gtm.sld.cu\/bpsg\/#website\"},\"datePublished\":\"2019-01-14T15:07:53+00:00\",\"dateModified\":\"2025-03-19T13:57:01+00:00\",\"breadcrumb\":{\"@id\":\"https:\/\/instituciones.gtm.sld.cu\/bpsg\/acerca-de\/#breadcrumb\"},\"inLanguage\":\"es\",\"potentialAction\":[{\"@type\":\"ReadAction\",\"target\":[\"https:\/\/instituciones.gtm.sld.cu\/bpsg\/acerca-de\/\"]}]},{\"@type\":\"BreadcrumbList\",\"@id\":\"https:\/\/instituciones.gtm.sld.cu\/bpsg\/acerca-de\/#breadcrumb\",\"itemListElement\":[{\"@type\":\"ListItem\",\"position\":1,\"name\":\"Portada\",\"item\":\"https:\/\/instituciones.gtm.sld.cu\/bpsg\/\"},{\"@type\":\"ListItem\",\"position\":2,\"name\":\"Acerca de\"}]},{\"@type\":\"WebSite\",\"@id\":\"https:\/\/instituciones.gtm.sld.cu\/bpsg\/#website\",\"url\":\"https:\/\/instituciones.gtm.sld.cu\/bpsg\/\",\"name\":\"UPR Banco Provincial de Sangre de Guant\u00e1namo\",\"description\":\"&quot;Donar sangre es DONAR VIDA&quot;\",\"potentialAction\":[{\"@type\":\"SearchAction\",\"target\":{\"@type\":\"EntryPoint\",\"urlTemplate\":\"https:\/\/instituciones.gtm.sld.cu\/bpsg\/?s={search_term_string}\"},\"query-input\":\"required name=search_term_string\"}],\"inLanguage\":\"es\"}]}<\/script>\n<!-- \/ Yoast SEO plugin. -->","yoast_head_json":{"title":"Acerca de - UPR Banco Provincial de Sangre de Guant\u00e1namo","robots":{"index":"index","follow":"follow","max-snippet":"max-snippet:-1","max-image-preview":"max-image-preview:large","max-video-preview":"max-video-preview:-1"},"canonical":"https:\/\/instituciones.gtm.sld.cu\/bpsg\/acerca-de\/","og_locale":"es_ES","og_type":"article","og_title":"Acerca de - UPR Banco Provincial de Sangre de Guant\u00e1namo","og_description":"Actualizado el mi\u00e9rcoles, marzo 19, 2025UPR Banco Provincial de Sangre es el nombre que identifica al sitio Web de la instituci\u00f3n de igual nombre, sitio que surgi\u00f3 a finales de 2010 con la idea inicial de habilitar una intranet y que ahora se expande hacia a red nacional, con el prop\u00f3sito de ofrecer informaci\u00f3n sobre &hellip; Seguir leyendo","og_url":"https:\/\/instituciones.gtm.sld.cu\/bpsg\/acerca-de\/","og_site_name":"UPR Banco Provincial de Sangre de Guant\u00e1namo","article_modified_time":"2025-03-19T13:57:01+00:00","og_image":[{"width":100,"height":94,"url":"https:\/\/instituciones.gtm.sld.cu\/bpsg\/wp-content\/uploads\/sites\/8\/2019\/01\/informacion.png","type":"image\/png"}],"twitter_card":"summary_large_image","twitter_misc":{"Tiempo de lectura":"4 minutos"},"schema":{"@context":"https:\/\/schema.org","@graph":[{"@type":"WebPage","@id":"https:\/\/instituciones.gtm.sld.cu\/bpsg\/acerca-de\/","url":"https:\/\/instituciones.gtm.sld.cu\/bpsg\/acerca-de\/","name":"Acerca de - UPR Banco Provincial de Sangre de Guant\u00e1namo","isPartOf":{"@id":"https:\/\/instituciones.gtm.sld.cu\/bpsg\/#website"},"datePublished":"2019-01-14T15:07:53+00:00","dateModified":"2025-03-19T13:57:01+00:00","breadcrumb":{"@id":"https:\/\/instituciones.gtm.sld.cu\/bpsg\/acerca-de\/#breadcrumb"},"inLanguage":"es","potentialAction":[{"@type":"ReadAction","target":["https:\/\/instituciones.gtm.sld.cu\/bpsg\/acerca-de\/"]}]},{"@type":"BreadcrumbList","@id":"https:\/\/instituciones.gtm.sld.cu\/bpsg\/acerca-de\/#breadcrumb","itemListElement":[{"@type":"ListItem","position":1,"name":"Portada","item":"https:\/\/instituciones.gtm.sld.cu\/bpsg\/"},{"@type":"ListItem","position":2,"name":"Acerca de"}]},{"@type":"WebSite","@id":"https:\/\/instituciones.gtm.sld.cu\/bpsg\/#website","url":"https:\/\/instituciones.gtm.sld.cu\/bpsg\/","name":"UPR Banco Provincial de Sangre de Guant\u00e1namo","description":"&quot;Donar sangre es DONAR VIDA&quot;","potentialAction":[{"@type":"SearchAction","target":{"@type":"EntryPoint","urlTemplate":"https:\/\/instituciones.gtm.sld.cu\/bpsg\/?s={search_term_string}"},"query-input":"required name=search_term_string"}],"inLanguage":"es"}]}},"_links":{"self":[{"href":"https:\/\/instituciones.gtm.sld.cu\/bpsg\/wp-json\/wp\/v2\/pages\/64"}],"collection":[{"href":"https:\/\/instituciones.gtm.sld.cu\/bpsg\/wp-json\/wp\/v2\/pages"}],"about":[{"href":"https:\/\/instituciones.gtm.sld.cu\/bpsg\/wp-json\/wp\/v2\/types\/page"}],"author":[{"embeddable":true,"href":"https:\/\/instituciones.gtm.sld.cu\/bpsg\/wp-json\/wp\/v2\/users\/7"}],"replies":[{"embeddable":true,"href":"https:\/\/instituciones.gtm.sld.cu\/bpsg\/wp-json\/wp\/v2\/comments?post=64"}],"version-history":[{"count":1,"href":"https:\/\/instituciones.gtm.sld.cu\/bpsg\/wp-json\/wp\/v2\/pages\/64\/revisions"}],"predecessor-version":[{"id":1508,"href":"https:\/\/instituciones.gtm.sld.cu\/bpsg\/wp-json\/wp\/v2\/pages\/64\/revisions\/1508"}],"wp:featuredmedia":[{"embeddable":true,"href":"https:\/\/instituciones.gtm.sld.cu\/bpsg\/wp-json\/wp\/v2\/media\/986"}],"wp:attachment":[{"href":"https:\/\/instituciones.gtm.sld.cu\/bpsg\/wp-json\/wp\/v2\/media?parent=64"}],"curies":[{"name":"wp","href":"https:\/\/api.w.org\/{rel}","templated":true}]}}