{"id":27,"date":"2019-01-14T18:00:37","date_gmt":"2019-01-14T23:00:37","guid":{"rendered":"http:\/\/instituciones2.gtm.sld.cu\/cphem\/?page_id=27"},"modified":"2019-11-04T09:32:10","modified_gmt":"2019-11-04T14:32:10","slug":"atencion-a-la-poblacion","status":"publish","type":"page","link":"https:\/\/instituciones.gtm.sld.cu\/cphem\/atencion-a-la-poblacion\/","title":{"rendered":"Horarios de Atenci\u00f3n a la Poblaci\u00f3n Por Departamentos"},"content":{"rendered":"<table width=\"629\">\n<tbody>\n<tr>\n<td width=\"244\">DEPARTAMENTOS<\/td>\n<td width=\"242\">D\u00cdAS DE ATENCI\u00d3N A LA POBLACI\u00d3N<\/td>\n<td width=\"143\">HORARIO<\/td>\n<\/tr>\n<tr>\n<td width=\"244\">Direcci\u00f3n<\/p>\n<p>&nbsp;<\/td>\n<td width=\"242\">1er s\u00e1bado de c\/mes<\/td>\n<td width=\"143\">8:00am &#8211; 12:00<\/td>\n<\/tr>\n<tr>\n<td width=\"244\">Subdirecci\u00f3n de Salud Ambiental.<\/p>\n<p>&nbsp;<\/td>\n<td width=\"242\">1er &nbsp;y 3er s\u00e1bado de c\/mes<\/td>\n<td width=\"143\">8:00am &#8211; 12:00<\/td>\n<\/tr>\n<tr>\n<td width=\"244\">Subdirecci\u00f3n de Epidemiolog\u00eda.<\/p>\n<p>&nbsp;<\/td>\n<td width=\"242\">Lunes<\/td>\n<td width=\"143\">2:00pm \u2013 4:pm<\/td>\n<\/tr>\n<tr>\n<td width=\"244\">Subdirecci\u00f3n de c\/ de Vectores.<\/p>\n<p>&nbsp;<\/td>\n<td width=\"242\">Jueves<\/td>\n<td width=\"143\">8:00am &#8211; 12:00<\/td>\n<\/tr>\n<tr>\n<td width=\"244\">Dpto. Higiene Comunal<\/p>\n<p>&nbsp;<\/td>\n<td width=\"242\">Lunes<\/td>\n<td width=\"143\">8:00am &#8211; 12:00<\/td>\n<\/tr>\n<tr>\n<td width=\"244\">Dpto. Alimentos y Nutrici\u00f3n<\/p>\n<p>&nbsp;<\/td>\n<td width=\"242\">Lunes<\/td>\n<td width=\"143\">8:00am &#8211; 12:00<\/td>\n<\/tr>\n<tr>\n<td width=\"244\">Dpto. Fiscalizaci\u00f3n<\/p>\n<p>&nbsp;<\/td>\n<td width=\"242\">Martes<\/td>\n<td width=\"143\">8:00am &#8211; 12:00<\/td>\n<\/tr>\n<tr>\n<td width=\"244\">Laboratorio de Microbiolog\u00eda<\/p>\n<p>&nbsp;<\/td>\n<td width=\"242\">Jueves<\/td>\n<td width=\"143\">8:00am &#8211; 12:00<\/td>\n<\/tr>\n<tr>\n<td width=\"244\">Dpto. Administraci\u00f3n<\/p>\n<p>&nbsp;<\/td>\n<td width=\"242\">Martes<\/td>\n<td width=\"143\">8:00am &#8211; 12:00<\/td>\n<\/tr>\n<tr>\n<td width=\"244\">Dpto. Econom\u00eda<\/p>\n<p>&nbsp;<\/td>\n<td width=\"242\">1er &nbsp;y 4to mi\u00e9rcoles de c\/mes<\/td>\n<td width=\"143\">8:00am &#8211; 12:00<\/td>\n<\/tr>\n<tr>\n<td width=\"244\">Dpto. Atenci\u00f3n a la Poblaci\u00f3n<\/p>\n<p>&nbsp;<\/td>\n<td width=\"242\">Lunes a Viernes<\/p>\n<p>S\u00e1bado<\/td>\n<td width=\"143\">8:00am &#8211; 4:00pm<\/p>\n<p>8:00am &#8211; 12:00<\/td>\n<\/tr>\n<\/tbody>\n<\/table>\n","protected":false},"excerpt":{"rendered":"<p>DEPARTAMENTOS D\u00cdAS DE ATENCI\u00d3N A LA POBLACI\u00d3N HORARIO Direcci\u00f3n &nbsp; 1er s\u00e1bado de c\/mes 8:00am &#8211; 12:00 Subdirecci\u00f3n de Salud Ambiental. &nbsp; 1er &nbsp;y 3er s\u00e1bado de c\/mes 8:00am &#8211; 12:00 Subdirecci\u00f3n de Epidemiolog\u00eda. &nbsp; Lunes 2:00pm \u2013 4:pm Subdirecci\u00f3n de c\/ de Vectores. &nbsp; Jueves 8:00am &#8211; 12:00 Dpto. Higiene Comunal &nbsp; Lunes 8:00am &hellip; <\/p>\n<p><a class=\"more-link btn\" href=\"https:\/\/instituciones.gtm.sld.cu\/cphem\/atencion-a-la-poblacion\/\">Seguir leyendo<\/a><\/p>\n","protected":false},"author":20,"featured_media":0,"parent":0,"menu_order":0,"comment_status":"closed","ping_status":"closed","template":"","meta":{"ngg_post_thumbnail":0,"_mc_calendar":[]},"yoast_head":"<!-- This site is optimized with the Yoast SEO plugin v21.8 - https:\/\/yoast.com\/wordpress\/plugins\/seo\/ -->\n<title>Horarios de Atenci\u00f3n a la Poblaci\u00f3n Por Departamentos - Centro Provincial de Higiene, Epidemiolog\u00eda y Microbiolog\u00eda<\/title>\n<meta name=\"robots\" content=\"index, follow, max-snippet:-1, max-image-preview:large, max-video-preview:-1\" \/>\n<link rel=\"canonical\" href=\"https:\/\/instituciones.gtm.sld.cu\/cphem\/atencion-a-la-poblacion\/\" \/>\n<meta property=\"og:locale\" content=\"es_ES\" \/>\n<meta property=\"og:type\" content=\"article\" \/>\n<meta property=\"og:title\" content=\"Horarios de Atenci\u00f3n a la Poblaci\u00f3n Por Departamentos - Centro Provincial de Higiene, Epidemiolog\u00eda y Microbiolog\u00eda\" \/>\n<meta property=\"og:description\" content=\"DEPARTAMENTOS D\u00cdAS DE ATENCI\u00d3N A LA POBLACI\u00d3N HORARIO Direcci\u00f3n &nbsp; 1er s\u00e1bado de c\/mes 8:00am &#8211; 12:00 Subdirecci\u00f3n de Salud Ambiental. &nbsp; 1er &nbsp;y 3er s\u00e1bado de c\/mes 8:00am &#8211; 12:00 Subdirecci\u00f3n de Epidemiolog\u00eda. &nbsp; Lunes 2:00pm \u2013 4:pm Subdirecci\u00f3n de c\/ de Vectores. &nbsp; Jueves 8:00am &#8211; 12:00 Dpto. Higiene Comunal &nbsp; Lunes 8:00am &hellip; Seguir leyendo\" \/>\n<meta property=\"og:url\" content=\"https:\/\/instituciones.gtm.sld.cu\/cphem\/atencion-a-la-poblacion\/\" \/>\n<meta property=\"og:site_name\" content=\"Centro Provincial de Higiene, Epidemiolog\u00eda y Microbiolog\u00eda\" \/>\n<meta property=\"article:modified_time\" content=\"2019-11-04T14:32:10+00:00\" \/>\n<meta name=\"twitter:card\" content=\"summary_large_image\" \/>\n<meta name=\"twitter:label1\" content=\"Tiempo de lectura\" \/>\n\t<meta name=\"twitter:data1\" content=\"1 minuto\" \/>\n<script type=\"application\/ld+json\" class=\"yoast-schema-graph\">{\"@context\":\"https:\/\/schema.org\",\"@graph\":[{\"@type\":\"WebPage\",\"@id\":\"https:\/\/instituciones.gtm.sld.cu\/cphem\/atencion-a-la-poblacion\/\",\"url\":\"https:\/\/instituciones.gtm.sld.cu\/cphem\/atencion-a-la-poblacion\/\",\"name\":\"Horarios de Atenci\u00f3n a la Poblaci\u00f3n Por Departamentos - Centro Provincial de Higiene, Epidemiolog\u00eda y Microbiolog\u00eda\",\"isPartOf\":{\"@id\":\"https:\/\/instituciones.gtm.sld.cu\/cphem\/#website\"},\"datePublished\":\"2019-01-14T23:00:37+00:00\",\"dateModified\":\"2019-11-04T14:32:10+00:00\",\"breadcrumb\":{\"@id\":\"https:\/\/instituciones.gtm.sld.cu\/cphem\/atencion-a-la-poblacion\/#breadcrumb\"},\"inLanguage\":\"es\",\"potentialAction\":[{\"@type\":\"ReadAction\",\"target\":[\"https:\/\/instituciones.gtm.sld.cu\/cphem\/atencion-a-la-poblacion\/\"]}]},{\"@type\":\"BreadcrumbList\",\"@id\":\"https:\/\/instituciones.gtm.sld.cu\/cphem\/atencion-a-la-poblacion\/#breadcrumb\",\"itemListElement\":[{\"@type\":\"ListItem\",\"position\":1,\"name\":\"Portada\",\"item\":\"https:\/\/instituciones.gtm.sld.cu\/cphem\/\"},{\"@type\":\"ListItem\",\"position\":2,\"name\":\"Horarios de Atenci\u00f3n a la Poblaci\u00f3n Por Departamentos\"}]},{\"@type\":\"WebSite\",\"@id\":\"https:\/\/instituciones.gtm.sld.cu\/cphem\/#website\",\"url\":\"https:\/\/instituciones.gtm.sld.cu\/cphem\/\",\"name\":\"Centro Provincial de Higiene, Epidemiolog\u00eda y Microbiolog\u00eda\",\"description\":\"\",\"potentialAction\":[{\"@type\":\"SearchAction\",\"target\":{\"@type\":\"EntryPoint\",\"urlTemplate\":\"https:\/\/instituciones.gtm.sld.cu\/cphem\/?s={search_term_string}\"},\"query-input\":\"required name=search_term_string\"}],\"inLanguage\":\"es\"}]}<\/script>\n<!-- \/ Yoast SEO plugin. -->","yoast_head_json":{"title":"Horarios de Atenci\u00f3n a la Poblaci\u00f3n Por Departamentos - Centro Provincial de Higiene, Epidemiolog\u00eda y Microbiolog\u00eda","robots":{"index":"index","follow":"follow","max-snippet":"max-snippet:-1","max-image-preview":"max-image-preview:large","max-video-preview":"max-video-preview:-1"},"canonical":"https:\/\/instituciones.gtm.sld.cu\/cphem\/atencion-a-la-poblacion\/","og_locale":"es_ES","og_type":"article","og_title":"Horarios de Atenci\u00f3n a la Poblaci\u00f3n Por Departamentos - Centro Provincial de Higiene, Epidemiolog\u00eda y Microbiolog\u00eda","og_description":"DEPARTAMENTOS D\u00cdAS DE ATENCI\u00d3N A LA POBLACI\u00d3N HORARIO Direcci\u00f3n &nbsp; 1er s\u00e1bado de c\/mes 8:00am &#8211; 12:00 Subdirecci\u00f3n de Salud Ambiental. &nbsp; 1er &nbsp;y 3er s\u00e1bado de c\/mes 8:00am &#8211; 12:00 Subdirecci\u00f3n de Epidemiolog\u00eda. &nbsp; Lunes 2:00pm \u2013 4:pm Subdirecci\u00f3n de c\/ de Vectores. &nbsp; Jueves 8:00am &#8211; 12:00 Dpto. Higiene Comunal &nbsp; Lunes 8:00am &hellip; Seguir leyendo","og_url":"https:\/\/instituciones.gtm.sld.cu\/cphem\/atencion-a-la-poblacion\/","og_site_name":"Centro Provincial de Higiene, Epidemiolog\u00eda y Microbiolog\u00eda","article_modified_time":"2019-11-04T14:32:10+00:00","twitter_card":"summary_large_image","twitter_misc":{"Tiempo de lectura":"1 minuto"},"schema":{"@context":"https:\/\/schema.org","@graph":[{"@type":"WebPage","@id":"https:\/\/instituciones.gtm.sld.cu\/cphem\/atencion-a-la-poblacion\/","url":"https:\/\/instituciones.gtm.sld.cu\/cphem\/atencion-a-la-poblacion\/","name":"Horarios de Atenci\u00f3n a la Poblaci\u00f3n Por Departamentos - Centro Provincial de Higiene, Epidemiolog\u00eda y Microbiolog\u00eda","isPartOf":{"@id":"https:\/\/instituciones.gtm.sld.cu\/cphem\/#website"},"datePublished":"2019-01-14T23:00:37+00:00","dateModified":"2019-11-04T14:32:10+00:00","breadcrumb":{"@id":"https:\/\/instituciones.gtm.sld.cu\/cphem\/atencion-a-la-poblacion\/#breadcrumb"},"inLanguage":"es","potentialAction":[{"@type":"ReadAction","target":["https:\/\/instituciones.gtm.sld.cu\/cphem\/atencion-a-la-poblacion\/"]}]},{"@type":"BreadcrumbList","@id":"https:\/\/instituciones.gtm.sld.cu\/cphem\/atencion-a-la-poblacion\/#breadcrumb","itemListElement":[{"@type":"ListItem","position":1,"name":"Portada","item":"https:\/\/instituciones.gtm.sld.cu\/cphem\/"},{"@type":"ListItem","position":2,"name":"Horarios de Atenci\u00f3n a la Poblaci\u00f3n Por Departamentos"}]},{"@type":"WebSite","@id":"https:\/\/instituciones.gtm.sld.cu\/cphem\/#website","url":"https:\/\/instituciones.gtm.sld.cu\/cphem\/","name":"Centro Provincial de Higiene, Epidemiolog\u00eda y Microbiolog\u00eda","description":"","potentialAction":[{"@type":"SearchAction","target":{"@type":"EntryPoint","urlTemplate":"https:\/\/instituciones.gtm.sld.cu\/cphem\/?s={search_term_string}"},"query-input":"required name=search_term_string"}],"inLanguage":"es"}]}},"_links":{"self":[{"href":"https:\/\/instituciones.gtm.sld.cu\/cphem\/wp-json\/wp\/v2\/pages\/27"}],"collection":[{"href":"https:\/\/instituciones.gtm.sld.cu\/cphem\/wp-json\/wp\/v2\/pages"}],"about":[{"href":"https:\/\/instituciones.gtm.sld.cu\/cphem\/wp-json\/wp\/v2\/types\/page"}],"author":[{"embeddable":true,"href":"https:\/\/instituciones.gtm.sld.cu\/cphem\/wp-json\/wp\/v2\/users\/20"}],"replies":[{"embeddable":true,"href":"https:\/\/instituciones.gtm.sld.cu\/cphem\/wp-json\/wp\/v2\/comments?post=27"}],"version-history":[{"count":1,"href":"https:\/\/instituciones.gtm.sld.cu\/cphem\/wp-json\/wp\/v2\/pages\/27\/revisions"}],"predecessor-version":[{"id":752,"href":"https:\/\/instituciones.gtm.sld.cu\/cphem\/wp-json\/wp\/v2\/pages\/27\/revisions\/752"}],"wp:attachment":[{"href":"https:\/\/instituciones.gtm.sld.cu\/cphem\/wp-json\/wp\/v2\/media?parent=27"}],"curies":[{"name":"wp","href":"https:\/\/api.w.org\/{rel}","templated":true}]}}