{"id":29,"date":"2019-01-14T18:01:16","date_gmt":"2019-01-14T23:01:16","guid":{"rendered":"http:\/\/instituciones2.gtm.sld.cu\/cphem\/?page_id=29"},"modified":"2019-01-15T15:32:40","modified_gmt":"2019-01-15T20:32:40","slug":"docencia","status":"publish","type":"page","link":"https:\/\/instituciones.gtm.sld.cu\/cphem\/docencia\/","title":{"rendered":"Docencia"},"content":{"rendered":"<p style=\"text-align: left\">La Higiene y la Epidemiolog\u00eda es la especialidad que se ocupa del an\u00e1lisis de la situaci\u00f3n de salud en diferentes grupos de poblaci\u00f3n, sus determinantes y tendencias, la vigilancia epidemiol\u00f3gica de enfermedades y eventos de salud, la investigaci\u00f3n causal y explicativa sobre problemas prioritarios de salud y la evaluaci\u00f3n del impacto en salud, de los servicios y otras acciones sobre las personas, medio ambiente, condiciones de vida, programas y otras tecnolog\u00edas sanitarias.<\/p>\n<p style=\"text-align: left\"><strong>&nbsp;<\/strong><\/p>\n<p><strong>DATOS GENERALES DE LA FORMACI\u00d3N DE LA ESPECIALIDAD<\/strong><\/p>\n<p><strong>Instituciones Responsables en la Elaboraci\u00f3n del Programa:<\/strong><\/p>\n<p><strong>&nbsp;<\/strong>&#8211; Ministerio de Salud P\u00fablica. \u00c1rea de Docencia e Investigaciones<\/p>\n<p>&#8211; Universidad de Ciencias M\u00e9dicas de La Habana<\/p>\n<p><strong>Nivel Educacional:<\/strong> Postgrado<\/p>\n<p><strong>Nombre de la Especialidad: <\/strong>Higiene y Epidemiolog\u00eda<\/p>\n<p><strong>Tipo de Especialidad:<\/strong> Salud P\u00fablica<\/p>\n<p><strong>Tiempo de Formaci\u00f3n:<\/strong> 2 a\u00f1os<\/p>\n<p><strong>Dirigida a: &#8211;<\/strong>M\u00e9dicos<\/p>\n<p><strong>&nbsp;Tipo de Programa:<\/strong> Modular para aprendizaje en servicios.<\/p>\n<p><strong>&nbsp;Lugar de Formaci\u00f3n:<\/strong> Centro Provincial de Higiene, Epidemiolog\u00eda y Microbiolog\u00eda, Centros Municipales de Higiene, Epidemiolog\u00eda y Microbiolog\u00eda y otras instituciones que cumplan los requisitos establecidos en el Sistema de Acreditaci\u00f3n Docente del MINSAP para la docencia de postgrado en Higiene y Epidemiolog\u00eda.<\/p>\n<p><strong>PERFIL PROFESIONAL <\/strong><\/p>\n<p>Funci\u00f3n Asistencial:<\/p>\n<p>Funci\u00f3n de Direcci\u00f3n:<\/p>\n<p>Funci\u00f3n Docente:<\/p>\n<p>Funci\u00f3n Investigativa:<\/p>\n<p><strong>ESTRUCTURA DEL PLAN DE ESTUDIOS<\/strong><\/p>\n<p>El Plan de Estudios estructura sus contenidos en seis \u00c1reas de Formaci\u00f3n, compuestas por M\u00f3dulos, estas se desarrollar\u00e1n&nbsp; en un per\u00edodo de 2 a\u00f1os, con una dedicaci\u00f3n a tiempo completo para su formaci\u00f3n en los propios servicios de salud, vinculando el componente laboral con el acad\u00e9mico, investigativo y de direcci\u00f3n.<\/p>\n","protected":false},"excerpt":{"rendered":"<p>La Higiene y la Epidemiolog\u00eda es la especialidad que se ocupa del an\u00e1lisis de la situaci\u00f3n de salud en diferentes grupos de poblaci\u00f3n, sus determinantes y tendencias, la vigilancia epidemiol\u00f3gica de enfermedades y eventos de salud, la investigaci\u00f3n causal y explicativa sobre problemas prioritarios de salud y la evaluaci\u00f3n del impacto en salud, de los &hellip; <\/p>\n<p><a class=\"more-link btn\" href=\"https:\/\/instituciones.gtm.sld.cu\/cphem\/docencia\/\">Seguir leyendo<\/a><\/p>\n","protected":false},"author":20,"featured_media":0,"parent":0,"menu_order":3,"comment_status":"closed","ping_status":"closed","template":"","meta":{"ngg_post_thumbnail":0,"_mc_calendar":[]},"yoast_head":"<!-- This site is optimized with the Yoast SEO plugin v21.8 - https:\/\/yoast.com\/wordpress\/plugins\/seo\/ -->\n<title>Docencia - Centro Provincial de Higiene, Epidemiolog\u00eda y Microbiolog\u00eda<\/title>\n<meta name=\"robots\" content=\"index, follow, max-snippet:-1, max-image-preview:large, max-video-preview:-1\" \/>\n<link rel=\"canonical\" href=\"https:\/\/instituciones.gtm.sld.cu\/cphem\/docencia\/\" \/>\n<meta property=\"og:locale\" content=\"es_ES\" \/>\n<meta property=\"og:type\" content=\"article\" \/>\n<meta property=\"og:title\" content=\"Docencia - Centro Provincial de Higiene, Epidemiolog\u00eda y Microbiolog\u00eda\" \/>\n<meta property=\"og:description\" content=\"La Higiene y la Epidemiolog\u00eda es la especialidad que se ocupa del an\u00e1lisis de la situaci\u00f3n de salud en diferentes grupos de poblaci\u00f3n, sus determinantes y tendencias, la vigilancia epidemiol\u00f3gica de enfermedades y eventos de salud, la investigaci\u00f3n causal y explicativa sobre problemas prioritarios de salud y la evaluaci\u00f3n del impacto en salud, de los &hellip; Seguir leyendo\" \/>\n<meta property=\"og:url\" content=\"https:\/\/instituciones.gtm.sld.cu\/cphem\/docencia\/\" \/>\n<meta property=\"og:site_name\" content=\"Centro Provincial de Higiene, Epidemiolog\u00eda y Microbiolog\u00eda\" \/>\n<meta property=\"article:modified_time\" content=\"2019-01-15T20:32:40+00:00\" \/>\n<meta name=\"twitter:card\" content=\"summary_large_image\" \/>\n<meta name=\"twitter:label1\" content=\"Tiempo de lectura\" \/>\n\t<meta name=\"twitter:data1\" content=\"1 minuto\" \/>\n<script type=\"application\/ld+json\" class=\"yoast-schema-graph\">{\"@context\":\"https:\/\/schema.org\",\"@graph\":[{\"@type\":\"WebPage\",\"@id\":\"https:\/\/instituciones.gtm.sld.cu\/cphem\/docencia\/\",\"url\":\"https:\/\/instituciones.gtm.sld.cu\/cphem\/docencia\/\",\"name\":\"Docencia - Centro Provincial de Higiene, Epidemiolog\u00eda y Microbiolog\u00eda\",\"isPartOf\":{\"@id\":\"https:\/\/instituciones.gtm.sld.cu\/cphem\/#website\"},\"datePublished\":\"2019-01-14T23:01:16+00:00\",\"dateModified\":\"2019-01-15T20:32:40+00:00\",\"breadcrumb\":{\"@id\":\"https:\/\/instituciones.gtm.sld.cu\/cphem\/docencia\/#breadcrumb\"},\"inLanguage\":\"es\",\"potentialAction\":[{\"@type\":\"ReadAction\",\"target\":[\"https:\/\/instituciones.gtm.sld.cu\/cphem\/docencia\/\"]}]},{\"@type\":\"BreadcrumbList\",\"@id\":\"https:\/\/instituciones.gtm.sld.cu\/cphem\/docencia\/#breadcrumb\",\"itemListElement\":[{\"@type\":\"ListItem\",\"position\":1,\"name\":\"Portada\",\"item\":\"https:\/\/instituciones.gtm.sld.cu\/cphem\/\"},{\"@type\":\"ListItem\",\"position\":2,\"name\":\"Docencia\"}]},{\"@type\":\"WebSite\",\"@id\":\"https:\/\/instituciones.gtm.sld.cu\/cphem\/#website\",\"url\":\"https:\/\/instituciones.gtm.sld.cu\/cphem\/\",\"name\":\"Centro Provincial de Higiene, Epidemiolog\u00eda y Microbiolog\u00eda\",\"description\":\"\",\"potentialAction\":[{\"@type\":\"SearchAction\",\"target\":{\"@type\":\"EntryPoint\",\"urlTemplate\":\"https:\/\/instituciones.gtm.sld.cu\/cphem\/?s={search_term_string}\"},\"query-input\":\"required name=search_term_string\"}],\"inLanguage\":\"es\"}]}<\/script>\n<!-- \/ Yoast SEO plugin. -->","yoast_head_json":{"title":"Docencia - Centro Provincial de Higiene, Epidemiolog\u00eda y Microbiolog\u00eda","robots":{"index":"index","follow":"follow","max-snippet":"max-snippet:-1","max-image-preview":"max-image-preview:large","max-video-preview":"max-video-preview:-1"},"canonical":"https:\/\/instituciones.gtm.sld.cu\/cphem\/docencia\/","og_locale":"es_ES","og_type":"article","og_title":"Docencia - Centro Provincial de Higiene, Epidemiolog\u00eda y Microbiolog\u00eda","og_description":"La Higiene y la Epidemiolog\u00eda es la especialidad que se ocupa del an\u00e1lisis de la situaci\u00f3n de salud en diferentes grupos de poblaci\u00f3n, sus determinantes y tendencias, la vigilancia epidemiol\u00f3gica de enfermedades y eventos de salud, la investigaci\u00f3n causal y explicativa sobre problemas prioritarios de salud y la evaluaci\u00f3n del impacto en salud, de los &hellip; Seguir leyendo","og_url":"https:\/\/instituciones.gtm.sld.cu\/cphem\/docencia\/","og_site_name":"Centro Provincial de Higiene, Epidemiolog\u00eda y Microbiolog\u00eda","article_modified_time":"2019-01-15T20:32:40+00:00","twitter_card":"summary_large_image","twitter_misc":{"Tiempo de lectura":"1 minuto"},"schema":{"@context":"https:\/\/schema.org","@graph":[{"@type":"WebPage","@id":"https:\/\/instituciones.gtm.sld.cu\/cphem\/docencia\/","url":"https:\/\/instituciones.gtm.sld.cu\/cphem\/docencia\/","name":"Docencia - Centro Provincial de Higiene, Epidemiolog\u00eda y Microbiolog\u00eda","isPartOf":{"@id":"https:\/\/instituciones.gtm.sld.cu\/cphem\/#website"},"datePublished":"2019-01-14T23:01:16+00:00","dateModified":"2019-01-15T20:32:40+00:00","breadcrumb":{"@id":"https:\/\/instituciones.gtm.sld.cu\/cphem\/docencia\/#breadcrumb"},"inLanguage":"es","potentialAction":[{"@type":"ReadAction","target":["https:\/\/instituciones.gtm.sld.cu\/cphem\/docencia\/"]}]},{"@type":"BreadcrumbList","@id":"https:\/\/instituciones.gtm.sld.cu\/cphem\/docencia\/#breadcrumb","itemListElement":[{"@type":"ListItem","position":1,"name":"Portada","item":"https:\/\/instituciones.gtm.sld.cu\/cphem\/"},{"@type":"ListItem","position":2,"name":"Docencia"}]},{"@type":"WebSite","@id":"https:\/\/instituciones.gtm.sld.cu\/cphem\/#website","url":"https:\/\/instituciones.gtm.sld.cu\/cphem\/","name":"Centro Provincial de Higiene, Epidemiolog\u00eda y Microbiolog\u00eda","description":"","potentialAction":[{"@type":"SearchAction","target":{"@type":"EntryPoint","urlTemplate":"https:\/\/instituciones.gtm.sld.cu\/cphem\/?s={search_term_string}"},"query-input":"required name=search_term_string"}],"inLanguage":"es"}]}},"_links":{"self":[{"href":"https:\/\/instituciones.gtm.sld.cu\/cphem\/wp-json\/wp\/v2\/pages\/29"}],"collection":[{"href":"https:\/\/instituciones.gtm.sld.cu\/cphem\/wp-json\/wp\/v2\/pages"}],"about":[{"href":"https:\/\/instituciones.gtm.sld.cu\/cphem\/wp-json\/wp\/v2\/types\/page"}],"author":[{"embeddable":true,"href":"https:\/\/instituciones.gtm.sld.cu\/cphem\/wp-json\/wp\/v2\/users\/20"}],"replies":[{"embeddable":true,"href":"https:\/\/instituciones.gtm.sld.cu\/cphem\/wp-json\/wp\/v2\/comments?post=29"}],"version-history":[{"count":0,"href":"https:\/\/instituciones.gtm.sld.cu\/cphem\/wp-json\/wp\/v2\/pages\/29\/revisions"}],"wp:attachment":[{"href":"https:\/\/instituciones.gtm.sld.cu\/cphem\/wp-json\/wp\/v2\/media?parent=29"}],"curies":[{"name":"wp","href":"https:\/\/api.w.org\/{rel}","templated":true}]}}