{"id":193,"date":"2017-09-25T12:32:56","date_gmt":"2017-09-25T12:32:56","guid":{"rendered":"http:\/\/localhost\/SitioCPSCS-Guantanamo\/?page_id=193"},"modified":"2019-10-03T16:00:53","modified_gmt":"2019-10-03T20:00:53","slug":"capitulos-2","status":"publish","type":"page","link":"https:\/\/instituciones.gtm.sld.cu\/cpscs\/?page_id=193","title":{"rendered":"Cap\u00edtulos"},"content":{"rendered":"<h3 style=\"text-align: justify\">&nbsp;&nbsp;&nbsp; <span style=\"color: #000000\"><strong>Relaci\u00f3n de los cap\u00edtulos con sus presidentes:<\/strong><\/span><\/h3>\n<ul style=\"text-align: justify\">\n<li><a href=\"http:\/\/instituciones2.gtm.sld.cu\/cpscs\/?page_id=371\" target=\"_blank\" rel=\"noopener noreferrer\"><strong><span style=\"color: #000000\">Anestesiolog\u00eda y Reanimaci\u00f3n<\/span><\/strong><\/a><\/li>\n<\/ul>\n<p>Presidente: Dra. Yarina Castillo Pavo, mcorreoso@infomed.sld.cu<\/p>\n<ul style=\"text-align: justify\">\n<li><a href=\"http:\/\/instituciones2.gtm.sld.cu\/cpscs\/?page_id=1200\" target=\"_blank\" rel=\"noopener noreferrer\"><strong>Angiolog\u00eda y Cirug\u00eda Vascular<\/strong><\/a><\/li>\n<\/ul>\n<p style=\"text-align: justify\"><span style=\"color: #000000\">Presidente: Dra. Yusmila Zerelda Mena Bouza, yusmilazerelda84@gmail.com<br><\/span><\/p>\n<ul style=\"text-align: justify\">\n<li><a href=\"http:\/\/instituciones2.gtm.sld.cu\/cpscs\/?page_id=316\" target=\"_blank\" rel=\"noopener noreferrer\"><strong><span style=\"color: #000000\">Cardiolog\u00eda<\/span><\/strong><\/a><\/li>\n<\/ul>\n<p style=\"text-align: justify\"><span style=\"color: #000000\">Presidente: Dra. Varinia Montero Vega, vmontero@infomed.sld.cu<\/span><\/p>\n<ul>\n<li><a href=\"http:\/\/instituciones2.gtm.sld.cu\/cpscs\/?page_id=1197\" target=\"_blank\" rel=\"noopener noreferrer\"><strong>Ciencias&nbsp;B\u00e1sicas Biom\u00e9dicas<\/strong><\/a><\/li>\n<\/ul>\n<p>Presidente: Dra. Maritza Fern\u00e1ndez Ortega: fdezortega@infomed.sld.cu<\/p>\n<ul>\n<li><a href=\"http:\/\/instituciones2.gtm.sld.cu\/cpscs\/?page_id=373\" target=\"_blank\" rel=\"noopener noreferrer\"><strong><span style=\"color: #000000\">Ciencias Farmac\u00e9uticas<\/span><\/strong><\/a><\/li>\n<\/ul>\n<p style=\"text-align: justify\"><span style=\"color: #000000\">Presidente: Lic. Maurene Bueno Armand, maurene.bueno@gtm.emcomed.cu<br><\/span><\/p>\n<ul style=\"text-align: justify\">\n<li><a href=\"http:\/\/instituciones2.gtm.sld.cu\/cpscs\/?page_id=1203\" target=\"_blank\" rel=\"noopener noreferrer\"><strong><span style=\"color: #000000\">Ciencias Estomatol\u00f3gicas<\/span><\/strong><\/a><\/li>\n<\/ul>\n<p style=\"text-align: justify\"><span style=\"color: #000000\">Presidente: Dra. Noraima&nbsp; Gonzalvez Bertot, noraimagb@infomed.sld.cu<\/span><\/p>\n<ul style=\"text-align: justify\">\n<li><a href=\"http:\/\/instituciones2.gtm.sld.cu\/cpscs\/?page_id=379\" target=\"_blank\" rel=\"noopener noreferrer\"><strong><span style=\"color: #000000\">Cirug\u00eda<\/span><\/strong><\/a><\/li>\n<\/ul>\n<p style=\"text-align: justify\"><span style=\"color: #000000\">Presidente: Dr. Felix B. Santell Odio, felixsantel@infomed.sld.cu<\/span><\/p>\n<ul style=\"text-align: justify\">\n<li><a href=\"http:\/\/instituciones2.gtm.sld.cu\/cpscs\/?page_id=383\" target=\"_blank\" rel=\"noopener noreferrer\"><strong><span style=\"color: #000000\">Cirug\u00eda Pl\u00e1stica y Caumatolog\u00eda<\/span><\/strong><\/a><\/li>\n<\/ul>\n<p style=\"text-align: justify\"><span style=\"color: #000000\">Presidente: Dr. Jorge Feix O\u00f1a Correa, jfcorrea<span style=\"color: #000000\">@infomed.sld.cu<\/span><br><\/span><\/p>\n<ul style=\"text-align: justify\">\n<li><a href=\"http:\/\/instituciones2.gtm.sld.cu\/cpscs\/?page_id=385\" target=\"_blank\" rel=\"noopener noreferrer\"><strong><span style=\"color: #000000\">Dermatolog\u00eda<\/span><\/strong><\/a><\/li>\n<\/ul>\n<p style=\"text-align: justify\"><span style=\"color: #000000\">Presidente: Dra. Arelis Mari\u00f1o Imbernon, arelisml@infomed.sld.cu<br><\/span><\/p>\n<ul style=\"text-align: justify\">\n<li><a href=\"http:\/\/instituciones2.gtm.sld.cu\/cpscs\/?page_id=387\" target=\"_blank\" rel=\"noopener noreferrer\"><strong><span style=\"color: #000000\">Endocrinolog\u00eda y Enf. Metab\u00f3licas<\/span><\/strong><\/a><\/li>\n<\/ul>\n<p style=\"text-align: justify\"><span style=\"color: #000000\">Presidente: Dra. Lizandra Francis Jarrosay,&nbsp;clara@infomed.sld.cu<\/span><\/p>\n<ul style=\"text-align: justify\">\n<li><a href=\"http:\/\/instituciones2.gtm.sld.cu\/cpscs\/?page_id=335\" target=\"_blank\" rel=\"noopener noreferrer\"><strong><span style=\"color: #000000\">Enfermer\u00eda<\/span><\/strong><\/a><\/li>\n<\/ul>\n<p style=\"text-align: justify\"><span style=\"color: #000000\">Presidente: Lic. Eudis N\u00e1poles Wilson, enwilson@infomed.sld.cu<\/span><\/p>\n<ul style=\"text-align: justify\">\n<li><a href=\"http:\/\/instituciones2.gtm.sld.cu\/cpscs\/?page_id=391\" target=\"_blank\" rel=\"noopener noreferrer\"><strong><span style=\"color: #000000\">Farmacolog\u00eda<\/span><\/strong><\/a><\/li>\n<\/ul>\n<p style=\"text-align: justify\"><span style=\"color: #000000\">Presidente: Dra. Esperanza Cardosa, ecardosa@infomed.sld.cu<\/span><\/p>\n<ul style=\"text-align: justify\">\n<li><a href=\"http:\/\/instituciones2.gtm.sld.cu\/cpscs\/?page_id=394\" target=\"_blank\" rel=\"noopener noreferrer\"><strong><span style=\"color: #000000\">Gastroenterolog\u00eda<\/span><\/strong><\/a><\/li>\n<\/ul>\n<p style=\"text-align: justify\"><span style=\"color: #000000\">Presidente: Dra. Raquel Cay\u00f3n Pojeaux, rocayon@infomed.sld.cu<\/span><\/p>\n<ul style=\"text-align: justify\">\n<li><a href=\"http:\/\/instituciones2.gtm.sld.cu\/cpscs\/?page_id=396\" target=\"_blank\" rel=\"noopener noreferrer\"><strong><span style=\"color: #000000\">Higiene y Epidemiolog\u00eda<\/span><\/strong><\/a><\/li>\n<\/ul>\n<p style=\"text-align: justify\"><span style=\"color: #000000\">Presidente: Dr. Remigio Segura Prevost, remigiosp@infomed.sld.cu<br><\/span><\/p>\n<ul>\n<li><a href=\"http:\/\/instituciones2.gtm.sld.cu\/cpscs\/?page_id=1205\" target=\"_blank\" rel=\"noopener noreferrer\"><strong>Historia de la Medicina<\/strong><\/a><\/li>\n<\/ul>\n<p>Presidente:<\/p>\n<ul>\n<li><a href=\"http:\/\/instituciones2.gtm.sld.cu\/cpscs\/?page_id=398\" target=\"_blank\" rel=\"noopener noreferrer\"><strong><span style=\"color: #000000\">Inform\u00e1tica m\u00e9dica<\/span><\/strong><\/a><\/li>\n<\/ul>\n<p style=\"text-align: justify\"><span style=\"color: #000000\">Presidente:<\/span> Ing. Guillermo Fern\u00e1ndez <span style=\"color: #000000\">Bouly , guillebouly@infomed.sld.cu<br><\/span><\/p>\n<ul>\n<li><a href=\"http:\/\/instituciones2.gtm.sld.cu\/cpscs\/?page_id=442\" target=\"_blank\" rel=\"noopener noreferrer\"><strong>Medicina Natural y Tradicional<\/strong><\/a><\/li>\n<\/ul>\n<p>Presidente: Dr. Leonardo Hinojosa Sabouri, leonardohs@infomed.sld.cu<\/p>\n<ul>\n<li><a href=\"http:\/\/instituciones2.gtm.sld.cu\/cpscs\/?page_id=400\" target=\"_blank\" rel=\"noopener noreferrer\"><strong><span style=\"color: #000000\">Medicina Familiar<\/span><\/strong><\/a><\/li>\n<\/ul>\n<p style=\"text-align: justify\"><span style=\"color: #000000\">Presidente: Dr. Oscar Soto Mart\u00ednez, oscarsoto@infomed.sld.cu<br><\/span><\/p>\n<ul style=\"text-align: justify\">\n<li><a href=\"http:\/\/instituciones2.gtm.sld.cu\/cpscs\/?page_id=402\" target=\"_blank\" rel=\"noopener noreferrer\"><strong><span style=\"color: #000000\">Medicina F\u00edsica y Rehabilitaci\u00f3n<\/span><\/strong><\/a><\/li>\n<\/ul>\n<p style=\"text-align: justify\"><span style=\"color: #000000\">Presidente: Dra. Yudelkis Dom\u00ednguez Matos, <\/span>leslieac@infomed.sld.cu<\/p>\n<ul style=\"text-align: justify\">\n<li><a href=\"http:\/\/instituciones2.gtm.sld.cu\/cpscs\/?page_id=404\" target=\"_blank\" rel=\"noopener noreferrer\"><strong><span style=\"color: #000000\">Medicina Intensiva y&nbsp; Emergencia<\/span><\/strong><\/a><\/li>\n<\/ul>\n<p style=\"text-align: justify\"><span style=\"color: #000000\">Presidente: Dr. Roberto Henry Knight, rhknight@infomed.sld.cu<\/span><\/p>\n<ul style=\"text-align: justify\">\n<li><a href=\"http:\/\/instituciones2.gtm.sld.cu\/cpscs\/?page_id=406\" target=\"_blank\" rel=\"noopener noreferrer\"><strong><span style=\"color: #000000\">Medicina Interna<\/span><\/strong><\/a><\/li>\n<\/ul>\n<p style=\"text-align: justify\"><span style=\"color: #000000\">Presidente: Dr. Angilberto S\u00e1nchez Mart\u00ednez, asmartinez@infomed.sld.cu<\/span><\/p>\n<ul style=\"text-align: justify\">\n<li><a href=\"http:\/\/instituciones2.gtm.sld.cu\/cpscs\/?page_id=408\" target=\"_blank\" rel=\"noopener noreferrer\"><strong><span style=\"color: #000000\">Medicina Legal<\/span><\/strong><\/a><\/li>\n<\/ul>\n<p style=\"text-align: justify\"><span style=\"color: #000000\">Presidente: Dr. Leonardo Borges Vall-llosera, mlegalgt@infomed.sld.cu<\/span><\/p>\n<ul style=\"text-align: justify\">\n<li><a href=\"http:\/\/instituciones2.gtm.sld.cu\/cpscs\/?page_id=410\" target=\"_blank\" rel=\"noopener noreferrer\"><strong><span style=\"color: #000000\">Microbiolog\u00eda y Parasitolog\u00eda<\/span><\/strong><\/a><\/li>\n<\/ul>\n<p style=\"text-align: justify\"><span style=\"color: #000000\">Presidente: Dra. Lourdes Exposito Boue, lourdesexp@infomed.sld.cu<\/span><\/p>\n<ul style=\"text-align: justify\">\n<li><a href=\"http:\/\/instituciones2.gtm.sld.cu\/cpscs\/?page_id=412\" target=\"_blank\" rel=\"noopener noreferrer\"><strong><span style=\"color: #000000\">Nefrolog\u00eda<\/span><\/strong><\/a><\/li>\n<\/ul>\n<p style=\"text-align: justify\"><span style=\"color: #000000\">Presidente:Dra. Maray Coss Bissel, maraycos79@gmail.com<br><\/span><\/p>\n<ul style=\"text-align: justify\">\n<li><a href=\"http:\/\/instituciones2.gtm.sld.cu\/cpscs\/?page_id=414\" target=\"_blank\" rel=\"noopener noreferrer\"><strong><span style=\"color: #000000\">Nutrici\u00f3n Cl\u00ednica y Metabolismo<\/span><\/strong><\/a><\/li>\n<\/ul>\n<p style=\"text-align: justify\"><span style=\"color: #000000\">Presidente: Dr. Roberto Henry Knight, rhknight@infomed.sld.cu<\/span><\/p>\n<ul style=\"text-align: justify\">\n<li><a href=\"http:\/\/instituciones2.gtm.sld.cu\/cpscs\/?page_id=416\" target=\"_blank\" rel=\"noopener noreferrer\"><strong><span style=\"color: #000000\">Obstetricia y Ginecolog\u00eda<\/span><\/strong><\/a><\/li>\n<\/ul>\n<p style=\"text-align: justify\"><span style=\"color: #000000\">Presidente: Dra. C. Lidia Esther Loriet Sierra, lelories@infomed.sld.cu<br><\/span><\/p>\n<ul style=\"text-align: justify\">\n<li><a href=\"http:\/\/instituciones2.gtm.sld.cu\/cpscs\/?page_id=330\" target=\"_blank\" rel=\"noopener noreferrer\"><strong><span style=\"color: #000000\">Oftalmolog\u00eda<\/span><\/strong><\/a><\/li>\n<\/ul>\n<p style=\"text-align: justify\"><span style=\"color: #000000\">Presidente: Dra. Miladis Vel\u00e1zquez Matos, velazmila@gmail.com<br><\/span><\/p>\n<ul style=\"text-align: justify\">\n<li><a href=\"http:\/\/instituciones2.gtm.sld.cu\/cpscs\/?page_id=418\" target=\"_blank\" rel=\"noopener noreferrer\"><strong><span style=\"color: #000000\">Ortopedia y Traumatolog\u00eda<\/span><\/strong><\/a><\/li>\n<\/ul>\n<p style=\"text-align: justify\"><span style=\"color: #000000\">Presidente: Dr. Javier Falc\u00f3n Alcantara, falconito74@gmail.com<br><\/span><\/p>\n<ul style=\"text-align: justify\">\n<li><a href=\"http:\/\/instituciones2.gtm.sld.cu\/cpscs\/?page_id=420\" target=\"_blank\" rel=\"noopener noreferrer\"><strong><span style=\"color: #000000\">Otorrinolaringolog\u00eda y Cirug\u00eda de Cabeza y Cuello<\/span><\/strong><\/a><\/li>\n<\/ul>\n<p style=\"text-align: justify\"><span style=\"color: #000000\">Presidente: Dr. Eleazar Bueno Gonz\u00e1lez, ebgonzalez@infomed.sld.cu<\/span><\/p>\n<ul>\n<li><a href=\"http:\/\/instituciones2.gtm.sld.cu\/cpscs\/?page_id=1207\" target=\"_blank\" rel=\"noopener noreferrer\"><strong>Patolog\u00eda Cl\u00ednica<\/strong><\/a><\/li>\n<\/ul>\n<p>Presidente: Dra. Idalmis Quevedo Palomo, iqpalomo@infomed.sld.cu<\/p>\n<ul>\n<li><a href=\"http:\/\/instituciones2.gtm.sld.cu\/cpscs\/?page_id=422\" target=\"_blank\" rel=\"noopener noreferrer\"><strong><span style=\"color: #000000\">Pediatr\u00eda<\/span><\/strong><\/a><\/li>\n<\/ul>\n<p style=\"text-align: justify\"><span style=\"color: #000000\">Presidente: Dra. Lisbet Cosculluela P\u00e9rez, rosalialisbet@gmail.com<\/span><\/p>\n<ul style=\"text-align: justify\">\n<li><a href=\"http:\/\/instituciones2.gtm.sld.cu\/cpscs\/?page_id=321\" target=\"_blank\" rel=\"noopener noreferrer\"><strong><span style=\"color: #000000\">Psicolog\u00eda de la Salud<\/span><\/strong><\/a><\/li>\n<\/ul>\n<p style=\"text-align: justify\"><span style=\"color: #000000\">Presidente: Dr. Humberto Hodelin Carballo, hodelinc@infomed.sld.cu<\/span><\/p>\n<ul style=\"text-align: justify\">\n<li><a href=\"http:\/\/instituciones2.gtm.sld.cu\/cpscs\/?page_id=428\" target=\"_blank\" rel=\"noopener noreferrer\"><strong><span style=\"color: #000000\">Psiquiatr\u00eda<\/span><\/strong><\/a><\/li>\n<\/ul>\n<p style=\"text-align: justify\"><span style=\"color: #000000\">Presidente: Dr. Janier Ram\u00edrez Rodr\u00edguez, sir.janier@gmail.com<br><\/span><\/p>\n<ul style=\"text-align: justify\">\n<li><a href=\"http:\/\/instituciones2.gtm.sld.cu\/cpscs\/?page_id=430\" target=\"_blank\" rel=\"noopener noreferrer\"><strong><span style=\"color: #000000\">Imagenolog\u00eda<\/span><\/strong><\/a><\/li>\n<\/ul>\n<p style=\"text-align: justify\"><span style=\"color: #000000\">Presidente: Dra. Zulma Barrera Jay, zlbarrera@infomed.sld.cu<\/span><\/p>\n<ul style=\"text-align: justify\">\n<li><a href=\"http:\/\/instituciones2.gtm.sld.cu\/cpscs\/?page_id=432\" target=\"_blank\" rel=\"noopener noreferrer\"><strong><span style=\"color: #000000\">Trabajadores Sociales de la Salud<\/span><\/strong><\/a><\/li>\n<\/ul>\n<p style=\"text-align: justify\"><span style=\"color: #000000\">Presidente: Lic. Hilma Margarita Lewis Goulbourne, imlewis@infomed.sld.cu<\/span><\/p>\n<ul style=\"text-align: justify\">\n<li><a href=\"http:\/\/instituciones2.gtm.sld.cu\/cpscs\/?page_id=434\" target=\"_blank\" rel=\"noopener noreferrer\"><span style=\"color: #000000\"><strong>Urolog\u00eda<\/strong> <\/span><\/a><\/li>\n<\/ul>\n<p style=\"text-align: justify\"><span style=\"color: #000000\">Presidente: Dr. Gerbacio Turcas Alcolea, gturcaz@infomed.sld.cu<\/span><\/p>\n<ul style=\"text-align: justify\">\n<li><a href=\"http:\/\/instituciones2.gtm.sld.cu\/cpscs\/?page_id=436\" target=\"_blank\" rel=\"noopener noreferrer\"><strong><span style=\"color: #000000\">Salud Publica<\/span><\/strong><\/a><\/li>\n<\/ul>\n<p style=\"text-align: justify\"><span style=\"color: #000000\">Presidente: Dr. Ivan Gonz\u00e1lez Rodr\u00edguez,&nbsp; ivangr@infomed.sld.cu<\/span><\/p>\n<ul style=\"text-align: justify\">\n<li><a href=\"http:\/\/instituciones2.gtm.sld.cu\/cpscs\/?page_id=438\" target=\"_blank\" rel=\"noopener noreferrer\"><strong><span style=\"color: #000000\">Inmunolog\u00eda<\/span><\/strong><\/a><\/li>\n<\/ul>\n<p style=\"text-align: justify\"><span style=\"color: #000000\">Presidente: Dra. Aneya Matos, aneya.gtm@infomed.sld.cu<\/span><\/p>\n<ul style=\"text-align: justify\">\n<li><a href=\"http:\/\/instituciones2.gtm.sld.cu\/cpscs\/?page_id=444\" target=\"_blank\" rel=\"noopener noreferrer\"><strong><span style=\"color: #000000\">Geriatr\u00eda y Gerontolog\u00eda<\/span><\/strong><\/a><\/li>\n<\/ul>\n<p style=\"text-align: justify\"><span style=\"color: #000000\">Presidente: <\/span>Dra. Yunaisi Mosqueda Lobaina<span style=\"color: #000000\">, lnoal@infomed.sld.cu<br><\/span><\/p>\n<ul style=\"text-align: justify\">\n<li><a href=\"http:\/\/instituciones2.gtm.sld.cu\/cpscs\/?page_id=846\" target=\"_blank\" rel=\"noopener noreferrer\"><strong><span style=\"color: #000000\"><strong>Neurociencias<\/strong><\/span><\/strong><\/a><\/li>\n<\/ul>\n<p style=\"text-align: justify\"><span style=\"color: #000000\">Presidente: Dra. Litzanys Cuba Rodr\u00edguez, litzaryscr@gmail.com<br><\/span><\/p>\n<ul style=\"text-align: justify\">\n<li><strong><span style=\"color: #000000\"><strong><a href=\"http:\/\/instituciones2.gtm.sld.cu\/cpscs\/?page_id=539\" target=\"_blank\" rel=\"noopener noreferrer\">Gen\u00e9tica Humana<\/a> <\/strong><\/span><\/strong><\/li>\n<\/ul>\n<p style=\"text-align: justify\"><span style=\"color: #000000\">Presidente: <\/span>Dra. Susana Llamos Martinez, sllamos@infomed.sld.cu<\/p>\n<ul style=\"text-align: justify\">\n<li><a href=\"http:\/\/instituciones2.gtm.sld.cu\/cpscs\/?page_id=957\" target=\"_blank\" rel=\"noopener noreferrer\"><strong><span style=\"color: #000000\"><strong>Educadores de la Salud<\/strong><\/span><\/strong><\/a><\/li>\n<\/ul>\n<p style=\"text-align: justify\"><span style=\"color: #000000\">Presidente: Lic. Fidel Robinson Jay, fidelrj@infomed.sld.cu<br><\/span><\/p>\n<p style=\"text-align: justify\"><strong>&nbsp;<\/strong><\/p>\n<p>&nbsp;<\/p>\n<p>&nbsp;<\/p>\n<p>&nbsp;<\/p>\n<p>&nbsp;<\/p>\n<p>&nbsp;<\/p>\n<p>&nbsp;<\/p>\n\n\n<p><\/p>\n","protected":false},"excerpt":{"rendered":"<p>&nbsp;&nbsp;&nbsp; Relaci\u00f3n de los cap\u00edtulos con sus presidentes: Anestesiolog\u00eda y Reanimaci\u00f3n Presidente: Dra. Yarina Castillo Pavo, mcorreoso@infomed.sld.cu Angiolog\u00eda y Cirug\u00eda Vascular Presidente: Dra. Yusmila Zerelda Mena Bouza, yusmilazerelda84@gmail.com Cardiolog\u00eda Presidente: Dra. Varinia Montero Vega, vmontero@infomed.sld.cu Ciencias&nbsp;B\u00e1sicas Biom\u00e9dicas Presidente: Dra. Maritza Fern\u00e1ndez Ortega: fdezortega@infomed.sld.cu Ciencias Farmac\u00e9uticas Presidente: Lic. Maurene Bueno Armand, maurene.bueno@gtm.emcomed.cu Ciencias Estomatol\u00f3gicas Presidente: Dra. &hellip; <\/p>\n<p><a class=\"more-link btn\" href=\"https:\/\/instituciones.gtm.sld.cu\/cpscs\/?page_id=193\">Seguir leyendo<\/a><\/p>\n","protected":false},"author":26,"featured_media":0,"parent":0,"menu_order":0,"comment_status":"closed","ping_status":"closed","template":"","meta":{"ngg_post_thumbnail":0,"_mc_calendar":[]},"yoast_head":"<!-- This site is optimized with the Yoast SEO plugin v21.8 - https:\/\/yoast.com\/wordpress\/plugins\/seo\/ -->\n<title>Cap\u00edtulos -<\/title>\n<meta name=\"robots\" content=\"index, follow, max-snippet:-1, max-image-preview:large, max-video-preview:-1\" \/>\n<link rel=\"canonical\" href=\"https:\/\/instituciones.gtm.sld.cu\/cpscs\/?page_id=193\" \/>\n<meta property=\"og:locale\" content=\"es_ES\" \/>\n<meta property=\"og:type\" content=\"article\" \/>\n<meta property=\"og:title\" content=\"Cap\u00edtulos -\" \/>\n<meta property=\"og:description\" content=\"&nbsp;&nbsp;&nbsp; Relaci\u00f3n de los cap\u00edtulos con sus presidentes: Anestesiolog\u00eda y Reanimaci\u00f3n Presidente: Dra. Yarina Castillo Pavo, mcorreoso@infomed.sld.cu Angiolog\u00eda y Cirug\u00eda Vascular Presidente: Dra. Yusmila Zerelda Mena Bouza, yusmilazerelda84@gmail.com Cardiolog\u00eda Presidente: Dra. Varinia Montero Vega, vmontero@infomed.sld.cu Ciencias&nbsp;B\u00e1sicas Biom\u00e9dicas Presidente: Dra. Maritza Fern\u00e1ndez Ortega: fdezortega@infomed.sld.cu Ciencias Farmac\u00e9uticas Presidente: Lic. Maurene Bueno Armand, maurene.bueno@gtm.emcomed.cu Ciencias Estomatol\u00f3gicas Presidente: Dra. &hellip; Seguir leyendo\" \/>\n<meta property=\"og:url\" content=\"https:\/\/instituciones.gtm.sld.cu\/cpscs\/?page_id=193\" \/>\n<meta property=\"article:modified_time\" content=\"2019-10-03T20:00:53+00:00\" \/>\n<meta name=\"twitter:card\" content=\"summary_large_image\" \/>\n<meta name=\"twitter:label1\" content=\"Tiempo de lectura\" \/>\n\t<meta name=\"twitter:data1\" content=\"3 minutos\" \/>\n<script type=\"application\/ld+json\" class=\"yoast-schema-graph\">{\"@context\":\"https:\/\/schema.org\",\"@graph\":[{\"@type\":\"WebPage\",\"@id\":\"https:\/\/instituciones.gtm.sld.cu\/cpscs\/?page_id=193\",\"url\":\"https:\/\/instituciones.gtm.sld.cu\/cpscs\/?page_id=193\",\"name\":\"Cap\u00edtulos -\",\"isPartOf\":{\"@id\":\"https:\/\/instituciones.gtm.sld.cu\/cpscs\/#website\"},\"datePublished\":\"2017-09-25T12:32:56+00:00\",\"dateModified\":\"2019-10-03T20:00:53+00:00\",\"breadcrumb\":{\"@id\":\"https:\/\/instituciones.gtm.sld.cu\/cpscs\/?page_id=193#breadcrumb\"},\"inLanguage\":\"es\",\"potentialAction\":[{\"@type\":\"ReadAction\",\"target\":[\"https:\/\/instituciones.gtm.sld.cu\/cpscs\/?page_id=193\"]}]},{\"@type\":\"BreadcrumbList\",\"@id\":\"https:\/\/instituciones.gtm.sld.cu\/cpscs\/?page_id=193#breadcrumb\",\"itemListElement\":[{\"@type\":\"ListItem\",\"position\":1,\"name\":\"Portada\",\"item\":\"https:\/\/instituciones.gtm.sld.cu\/cpscs\"},{\"@type\":\"ListItem\",\"position\":2,\"name\":\"Cap\u00edtulos\"}]},{\"@type\":\"WebSite\",\"@id\":\"https:\/\/instituciones.gtm.sld.cu\/cpscs\/#website\",\"url\":\"https:\/\/instituciones.gtm.sld.cu\/cpscs\/\",\"name\":\"\",\"description\":\"\",\"potentialAction\":[{\"@type\":\"SearchAction\",\"target\":{\"@type\":\"EntryPoint\",\"urlTemplate\":\"https:\/\/instituciones.gtm.sld.cu\/cpscs\/?s={search_term_string}\"},\"query-input\":\"required name=search_term_string\"}],\"inLanguage\":\"es\"}]}<\/script>\n<!-- \/ Yoast SEO plugin. -->","yoast_head_json":{"title":"Cap\u00edtulos -","robots":{"index":"index","follow":"follow","max-snippet":"max-snippet:-1","max-image-preview":"max-image-preview:large","max-video-preview":"max-video-preview:-1"},"canonical":"https:\/\/instituciones.gtm.sld.cu\/cpscs\/?page_id=193","og_locale":"es_ES","og_type":"article","og_title":"Cap\u00edtulos -","og_description":"&nbsp;&nbsp;&nbsp; Relaci\u00f3n de los cap\u00edtulos con sus presidentes: Anestesiolog\u00eda y Reanimaci\u00f3n Presidente: Dra. Yarina Castillo Pavo, mcorreoso@infomed.sld.cu Angiolog\u00eda y Cirug\u00eda Vascular Presidente: Dra. Yusmila Zerelda Mena Bouza, yusmilazerelda84@gmail.com Cardiolog\u00eda Presidente: Dra. Varinia Montero Vega, vmontero@infomed.sld.cu Ciencias&nbsp;B\u00e1sicas Biom\u00e9dicas Presidente: Dra. Maritza Fern\u00e1ndez Ortega: fdezortega@infomed.sld.cu Ciencias Farmac\u00e9uticas Presidente: Lic. Maurene Bueno Armand, maurene.bueno@gtm.emcomed.cu Ciencias Estomatol\u00f3gicas Presidente: Dra. &hellip; Seguir leyendo","og_url":"https:\/\/instituciones.gtm.sld.cu\/cpscs\/?page_id=193","article_modified_time":"2019-10-03T20:00:53+00:00","twitter_card":"summary_large_image","twitter_misc":{"Tiempo de lectura":"3 minutos"},"schema":{"@context":"https:\/\/schema.org","@graph":[{"@type":"WebPage","@id":"https:\/\/instituciones.gtm.sld.cu\/cpscs\/?page_id=193","url":"https:\/\/instituciones.gtm.sld.cu\/cpscs\/?page_id=193","name":"Cap\u00edtulos -","isPartOf":{"@id":"https:\/\/instituciones.gtm.sld.cu\/cpscs\/#website"},"datePublished":"2017-09-25T12:32:56+00:00","dateModified":"2019-10-03T20:00:53+00:00","breadcrumb":{"@id":"https:\/\/instituciones.gtm.sld.cu\/cpscs\/?page_id=193#breadcrumb"},"inLanguage":"es","potentialAction":[{"@type":"ReadAction","target":["https:\/\/instituciones.gtm.sld.cu\/cpscs\/?page_id=193"]}]},{"@type":"BreadcrumbList","@id":"https:\/\/instituciones.gtm.sld.cu\/cpscs\/?page_id=193#breadcrumb","itemListElement":[{"@type":"ListItem","position":1,"name":"Portada","item":"https:\/\/instituciones.gtm.sld.cu\/cpscs"},{"@type":"ListItem","position":2,"name":"Cap\u00edtulos"}]},{"@type":"WebSite","@id":"https:\/\/instituciones.gtm.sld.cu\/cpscs\/#website","url":"https:\/\/instituciones.gtm.sld.cu\/cpscs\/","name":"","description":"","potentialAction":[{"@type":"SearchAction","target":{"@type":"EntryPoint","urlTemplate":"https:\/\/instituciones.gtm.sld.cu\/cpscs\/?s={search_term_string}"},"query-input":"required name=search_term_string"}],"inLanguage":"es"}]}},"_links":{"self":[{"href":"https:\/\/instituciones.gtm.sld.cu\/cpscs\/index.php?rest_route=\/wp\/v2\/pages\/193"}],"collection":[{"href":"https:\/\/instituciones.gtm.sld.cu\/cpscs\/index.php?rest_route=\/wp\/v2\/pages"}],"about":[{"href":"https:\/\/instituciones.gtm.sld.cu\/cpscs\/index.php?rest_route=\/wp\/v2\/types\/page"}],"author":[{"embeddable":true,"href":"https:\/\/instituciones.gtm.sld.cu\/cpscs\/index.php?rest_route=\/wp\/v2\/users\/26"}],"replies":[{"embeddable":true,"href":"https:\/\/instituciones.gtm.sld.cu\/cpscs\/index.php?rest_route=%2Fwp%2Fv2%2Fcomments&post=193"}],"version-history":[{"count":6,"href":"https:\/\/instituciones.gtm.sld.cu\/cpscs\/index.php?rest_route=\/wp\/v2\/pages\/193\/revisions"}],"predecessor-version":[{"id":1296,"href":"https:\/\/instituciones.gtm.sld.cu\/cpscs\/index.php?rest_route=\/wp\/v2\/pages\/193\/revisions\/1296"}],"wp:attachment":[{"href":"https:\/\/instituciones.gtm.sld.cu\/cpscs\/index.php?rest_route=%2Fwp%2Fv2%2Fmedia&parent=193"}],"curies":[{"name":"wp","href":"https:\/\/api.w.org\/{rel}","templated":true}]}}