{"id":202,"date":"2017-09-25T12:38:45","date_gmt":"2017-09-25T12:38:45","guid":{"rendered":"http:\/\/localhost\/SitioCPSCS-Guantanamo\/?page_id=202"},"modified":"2022-03-28T10:52:43","modified_gmt":"2022-03-28T14:52:43","slug":"contactos","status":"publish","type":"page","link":"https:\/\/instituciones.gtm.sld.cu\/cpscs\/?page_id=202","title":{"rendered":"Contactos"},"content":{"rendered":"<h5>Consejo Provincial de Sociedades Cient\u00edficas de la Salud: <span style=\"color: #ff0000\">cpscs.dps.gtm@infomed.sld.cu<\/span><\/h5>\n<div id=\"attachment_1187\" style=\"width: 98px\" class=\"wp-caption aligncenter\"><img aria-describedby=\"caption-attachment-1187\" decoding=\"async\" loading=\"lazy\" class=\"wp-image-1187\" title=\"CPSCS\" src=\"http:\/\/instituciones2.gtm.sld.cu\/cpscs\/wp-content\/uploads\/sites\/24\/2019\/09\/Sin-t\u00edtulo-1-copia.jpg\" alt=\"\" width=\"98\" height=\"71\" \/><p id=\"caption-attachment-1187\" class=\"wp-caption-text\">CPSCS<\/p><\/div>\n<h4>Dra. C.\u00a0 Anselma Betancourt Pulsan: <span style=\"color: #ff0000\">anselmabp@infomed.sld.cu<\/span><\/h4>\n<ul>\n<li style=\"text-align: justify\">\n<h5><strong>Doctora en Ciencias de la Salud. Especialista de II Grado en Fisiolog\u00eda. Profesora Titular. Investigadora Titular. Universidad de Ciencias M\u00e9dicas Guant\u00e1namo. Cuba. Directora del Consejo Provincial de Sociedades Cient\u00edficas de la Salud.<\/strong><\/h5>\n<\/li>\n<\/ul>\n<h4>T\u00e9c. F\u00e9licita Vaillant Pulsan: <span style=\"color: #ff0000\">felicitavp@infomed.sld.cu<\/span><\/h4>\n<ul>\n<li style=\"text-align: justify\">\n<h5><strong>T\u00e9cnico Medio de Econ\u00f3m\u00eda. T\u00e9cnica en Gesti\u00f3n Econ\u00f3mica.<\/strong><\/h5>\n<\/li>\n<\/ul>\n<h4>T\u00e9c. Niurkis Rodr\u00edguez Hinojosa: <span style=\"color: #ff0000\">niorkisrh@infomed.sld.cu<\/span><\/h4>\n<ul>\n<li style=\"text-align: justify\">\n<h5><strong>T\u00e9cnica General de Salud.<\/strong><\/h5>\n<\/li>\n<\/ul>\n<h4>Lic. Orisbel Monterrey Cejas: <span style=\"color: #ff0000\">orisbelmc@infomed.sld.cu<\/span><\/h4>\n<ul>\n<li style=\"text-align: justify\">\n<h5><strong>Lic en Ciencias Inform\u00e1tica.<br \/>\n<\/strong><\/h5>\n<\/li>\n<\/ul>\n","protected":false},"excerpt":{"rendered":"<p>Consejo Provincial de Sociedades Cient\u00edficas de la Salud: cpscs.dps.gtm@infomed.sld.cu Dra. C.\u00a0 Anselma Betancourt Pulsan: anselmabp@infomed.sld.cu Doctora en Ciencias de la Salud. Especialista de II Grado en Fisiolog\u00eda. Profesora Titular. Investigadora Titular. Universidad de Ciencias M\u00e9dicas Guant\u00e1namo. Cuba. Directora del Consejo Provincial de Sociedades Cient\u00edficas de la Salud. T\u00e9c. F\u00e9licita Vaillant Pulsan: felicitavp@infomed.sld.cu T\u00e9cnico Medio de &hellip; <\/p>\n<p><a class=\"more-link btn\" href=\"https:\/\/instituciones.gtm.sld.cu\/cpscs\/?page_id=202\">Seguir leyendo<\/a><\/p>\n","protected":false},"author":26,"featured_media":0,"parent":0,"menu_order":0,"comment_status":"closed","ping_status":"closed","template":"","meta":{"ngg_post_thumbnail":0,"_mc_calendar":[]},"yoast_head":"<!-- This site is optimized with the Yoast SEO plugin v21.8 - https:\/\/yoast.com\/wordpress\/plugins\/seo\/ -->\n<title>Contactos -<\/title>\n<meta name=\"robots\" content=\"index, follow, max-snippet:-1, max-image-preview:large, max-video-preview:-1\" \/>\n<link rel=\"canonical\" href=\"https:\/\/instituciones.gtm.sld.cu\/cpscs\/?page_id=202\" \/>\n<meta property=\"og:locale\" content=\"es_ES\" \/>\n<meta property=\"og:type\" content=\"article\" \/>\n<meta property=\"og:title\" content=\"Contactos -\" \/>\n<meta property=\"og:description\" content=\"Consejo Provincial de Sociedades Cient\u00edficas de la Salud: cpscs.dps.gtm@infomed.sld.cu Dra. C.\u00a0 Anselma Betancourt Pulsan: anselmabp@infomed.sld.cu Doctora en Ciencias de la Salud. Especialista de II Grado en Fisiolog\u00eda. Profesora Titular. Investigadora Titular. Universidad de Ciencias M\u00e9dicas Guant\u00e1namo. Cuba. Directora del Consejo Provincial de Sociedades Cient\u00edficas de la Salud. T\u00e9c. F\u00e9licita Vaillant Pulsan: felicitavp@infomed.sld.cu T\u00e9cnico Medio de &hellip; Seguir leyendo\" \/>\n<meta property=\"og:url\" content=\"https:\/\/instituciones.gtm.sld.cu\/cpscs\/?page_id=202\" \/>\n<meta property=\"article:modified_time\" content=\"2022-03-28T14:52:43+00:00\" \/>\n<meta name=\"twitter:card\" content=\"summary_large_image\" \/>\n<meta name=\"twitter:label1\" content=\"Tiempo de lectura\" \/>\n\t<meta name=\"twitter:data1\" content=\"1 minuto\" \/>\n<script type=\"application\/ld+json\" class=\"yoast-schema-graph\">{\"@context\":\"https:\/\/schema.org\",\"@graph\":[{\"@type\":\"WebPage\",\"@id\":\"https:\/\/instituciones.gtm.sld.cu\/cpscs\/?page_id=202\",\"url\":\"https:\/\/instituciones.gtm.sld.cu\/cpscs\/?page_id=202\",\"name\":\"Contactos -\",\"isPartOf\":{\"@id\":\"https:\/\/instituciones.gtm.sld.cu\/cpscs\/#website\"},\"datePublished\":\"2017-09-25T12:38:45+00:00\",\"dateModified\":\"2022-03-28T14:52:43+00:00\",\"breadcrumb\":{\"@id\":\"https:\/\/instituciones.gtm.sld.cu\/cpscs\/?page_id=202#breadcrumb\"},\"inLanguage\":\"es\",\"potentialAction\":[{\"@type\":\"ReadAction\",\"target\":[\"https:\/\/instituciones.gtm.sld.cu\/cpscs\/?page_id=202\"]}]},{\"@type\":\"BreadcrumbList\",\"@id\":\"https:\/\/instituciones.gtm.sld.cu\/cpscs\/?page_id=202#breadcrumb\",\"itemListElement\":[{\"@type\":\"ListItem\",\"position\":1,\"name\":\"Portada\",\"item\":\"https:\/\/instituciones.gtm.sld.cu\/cpscs\"},{\"@type\":\"ListItem\",\"position\":2,\"name\":\"Contactos\"}]},{\"@type\":\"WebSite\",\"@id\":\"https:\/\/instituciones.gtm.sld.cu\/cpscs\/#website\",\"url\":\"https:\/\/instituciones.gtm.sld.cu\/cpscs\/\",\"name\":\"\",\"description\":\"\",\"potentialAction\":[{\"@type\":\"SearchAction\",\"target\":{\"@type\":\"EntryPoint\",\"urlTemplate\":\"https:\/\/instituciones.gtm.sld.cu\/cpscs\/?s={search_term_string}\"},\"query-input\":\"required name=search_term_string\"}],\"inLanguage\":\"es\"}]}<\/script>\n<!-- \/ Yoast SEO plugin. -->","yoast_head_json":{"title":"Contactos -","robots":{"index":"index","follow":"follow","max-snippet":"max-snippet:-1","max-image-preview":"max-image-preview:large","max-video-preview":"max-video-preview:-1"},"canonical":"https:\/\/instituciones.gtm.sld.cu\/cpscs\/?page_id=202","og_locale":"es_ES","og_type":"article","og_title":"Contactos -","og_description":"Consejo Provincial de Sociedades Cient\u00edficas de la Salud: cpscs.dps.gtm@infomed.sld.cu Dra. C.\u00a0 Anselma Betancourt Pulsan: anselmabp@infomed.sld.cu Doctora en Ciencias de la Salud. Especialista de II Grado en Fisiolog\u00eda. Profesora Titular. Investigadora Titular. Universidad de Ciencias M\u00e9dicas Guant\u00e1namo. Cuba. Directora del Consejo Provincial de Sociedades Cient\u00edficas de la Salud. T\u00e9c. F\u00e9licita Vaillant Pulsan: felicitavp@infomed.sld.cu T\u00e9cnico Medio de &hellip; Seguir leyendo","og_url":"https:\/\/instituciones.gtm.sld.cu\/cpscs\/?page_id=202","article_modified_time":"2022-03-28T14:52:43+00:00","twitter_card":"summary_large_image","twitter_misc":{"Tiempo de lectura":"1 minuto"},"schema":{"@context":"https:\/\/schema.org","@graph":[{"@type":"WebPage","@id":"https:\/\/instituciones.gtm.sld.cu\/cpscs\/?page_id=202","url":"https:\/\/instituciones.gtm.sld.cu\/cpscs\/?page_id=202","name":"Contactos -","isPartOf":{"@id":"https:\/\/instituciones.gtm.sld.cu\/cpscs\/#website"},"datePublished":"2017-09-25T12:38:45+00:00","dateModified":"2022-03-28T14:52:43+00:00","breadcrumb":{"@id":"https:\/\/instituciones.gtm.sld.cu\/cpscs\/?page_id=202#breadcrumb"},"inLanguage":"es","potentialAction":[{"@type":"ReadAction","target":["https:\/\/instituciones.gtm.sld.cu\/cpscs\/?page_id=202"]}]},{"@type":"BreadcrumbList","@id":"https:\/\/instituciones.gtm.sld.cu\/cpscs\/?page_id=202#breadcrumb","itemListElement":[{"@type":"ListItem","position":1,"name":"Portada","item":"https:\/\/instituciones.gtm.sld.cu\/cpscs"},{"@type":"ListItem","position":2,"name":"Contactos"}]},{"@type":"WebSite","@id":"https:\/\/instituciones.gtm.sld.cu\/cpscs\/#website","url":"https:\/\/instituciones.gtm.sld.cu\/cpscs\/","name":"","description":"","potentialAction":[{"@type":"SearchAction","target":{"@type":"EntryPoint","urlTemplate":"https:\/\/instituciones.gtm.sld.cu\/cpscs\/?s={search_term_string}"},"query-input":"required name=search_term_string"}],"inLanguage":"es"}]}},"_links":{"self":[{"href":"https:\/\/instituciones.gtm.sld.cu\/cpscs\/index.php?rest_route=\/wp\/v2\/pages\/202"}],"collection":[{"href":"https:\/\/instituciones.gtm.sld.cu\/cpscs\/index.php?rest_route=\/wp\/v2\/pages"}],"about":[{"href":"https:\/\/instituciones.gtm.sld.cu\/cpscs\/index.php?rest_route=\/wp\/v2\/types\/page"}],"author":[{"embeddable":true,"href":"https:\/\/instituciones.gtm.sld.cu\/cpscs\/index.php?rest_route=\/wp\/v2\/users\/26"}],"replies":[{"embeddable":true,"href":"https:\/\/instituciones.gtm.sld.cu\/cpscs\/index.php?rest_route=%2Fwp%2Fv2%2Fcomments&post=202"}],"version-history":[{"count":15,"href":"https:\/\/instituciones.gtm.sld.cu\/cpscs\/index.php?rest_route=\/wp\/v2\/pages\/202\/revisions"}],"predecessor-version":[{"id":1592,"href":"https:\/\/instituciones.gtm.sld.cu\/cpscs\/index.php?rest_route=\/wp\/v2\/pages\/202\/revisions\/1592"}],"wp:attachment":[{"href":"https:\/\/instituciones.gtm.sld.cu\/cpscs\/index.php?rest_route=%2Fwp%2Fv2%2Fmedia&parent=202"}],"curies":[{"name":"wp","href":"https:\/\/api.w.org\/{rel}","templated":true}]}}