{"id":316,"date":"2017-09-27T08:53:46","date_gmt":"2017-09-27T08:53:46","guid":{"rendered":"http:\/\/localhost\/SitioCPSCS-Guantanamo\/?page_id=316"},"modified":"2017-09-27T08:53:46","modified_gmt":"2017-09-27T08:53:46","slug":"cardiologia","status":"publish","type":"page","link":"https:\/\/instituciones.gtm.sld.cu\/cpscs\/?page_id=316","title":{"rendered":"Cardiolog\u00eda"},"content":{"rendered":"<p>&nbsp;<\/p>\n<p>&nbsp;<\/p>\n<p>&nbsp;<\/p>\n<p>&nbsp;<\/p>\n<p>&nbsp;<\/p>\n<h3><span style=\"text-decoration: underline\"><span style=\"color: #000000\"><strong>Junta Directiva del Cap\u00edtulo de Cardiolog\u00eda<\/strong><\/span><\/span><\/h3>\n<table style=\"height: 150px\" width=\"788\">\n<tbody>\n<tr>\n<td width=\"307\">\n<h4><strong>Nombre<\/strong><\/h4>\n<\/td>\n<td width=\"324\">\n<h4><strong>Cargo<\/strong><\/h4>\n<\/td>\n<td width=\"324\">\n<h4><strong>Correo<\/strong><\/h4>\n<\/td>\n<td width=\"324\">\n<h4><strong>Telefono<\/strong><\/h4>\n<\/td>\n<\/tr>\n<tr>\n<td width=\"307\"><strong>Dra. Varinia Montero Vega<\/strong><\/td>\n<td width=\"324\"><strong>Presidente<\/strong><\/td>\n<td width=\"324\"><strong>vmontero@infomed.sld.cu<\/strong><\/td>\n<td width=\"324\"><strong>21383536<\/strong><\/td>\n<\/tr>\n<tr>\n<td width=\"307\"><strong>Dr. Georbis Fournier Calzado<\/strong><\/td>\n<td width=\"324\"><strong>Secretario<\/strong><\/td>\n<td width=\"324\"><strong>&#8212;<\/strong><\/td>\n<td width=\"324\"><strong>&#8212;<\/strong><\/td>\n<\/tr>\n<tr>\n<td width=\"307\"><strong>Dra. Elizabeth Jay Dimon<\/strong><\/td>\n<td width=\"324\"><strong>Tesorero<\/strong><\/td>\n<td width=\"324\"><strong>&#8212;<\/strong><\/td>\n<td width=\"324\"><strong>&#8212;<\/strong><\/td>\n<\/tr>\n<\/tbody>\n<\/table>\n<p>&nbsp;<\/p>\n<h3><span style=\"text-decoration: underline\"><span style=\"color: #000000\"><strong>Relaci\u00f3n de los miembros del Cap\u00edtulo de Cardiolog\u00eda<\/strong><\/span><\/span><\/h3>\n<table style=\"height: 447px\" width=\"788\">\n<tbody>\n<tr>\n<td width=\"307\">\n<h4><strong>Nombre<\/strong><\/h4>\n<\/td>\n<td width=\"324\">\n<h4><strong>Especialidad<\/strong><\/h4>\n<\/td>\n<td width=\"324\">\n<h4><strong>Grado.Esp o Resid<\/strong><\/h4>\n<\/td>\n<td width=\"324\">\n<h4><strong>Cat.Doc<\/strong><\/h4>\n<\/td>\n<td width=\"324\">\n<h4><strong>Grado.Cient<\/strong><\/h4>\n<\/td>\n<td width=\"324\">\n<h4><strong>Miembro<\/strong><\/h4>\n<\/td>\n<\/tr>\n<tr>\n<td width=\"307\"><strong>Dr.C. Reynaldo El\u00edas Sierra<\/strong><\/td>\n<td width=\"324\"><strong>Cardiolog\u00eda<\/strong><\/td>\n<td width=\"324\"><strong>1er Grado y 2do Grado<\/strong><\/td>\n<td width=\"324\"><strong>Titular<\/strong><\/td>\n<td width=\"324\"><strong>Dr.C, Master<\/strong><\/td>\n<td width=\"324\"><strong>Titular<\/strong><\/td>\n<\/tr>\n<tr>\n<td width=\"307\"><strong>Dr. Artemio Cuza D\u00edaz<\/strong><\/td>\n<td width=\"324\"><strong>Cardiolog\u00eda<\/strong><\/td>\n<td width=\"324\"><strong>1er Grado y 2do Grado<\/strong><\/td>\n<td width=\"324\"><strong>Auxiliar<\/strong><\/td>\n<td width=\"324\"><strong>Master<\/strong><\/td>\n<td width=\"324\"><strong>Titular<\/strong><\/td>\n<\/tr>\n<tr>\n<td width=\"307\"><strong>Dra. Varinia Montero Vega<\/strong><\/td>\n<td width=\"324\"><strong>Cardiolog\u00eda<\/strong><\/td>\n<td width=\"324\"><strong>1er Grado y 2do Grado<\/strong><\/td>\n<td width=\"324\"><strong>Auxiliar<\/strong><\/td>\n<td width=\"324\"><strong>Master<\/strong><\/td>\n<td width=\"324\"><strong>Titular<\/strong><\/td>\n<\/tr>\n<tr>\n<td width=\"307\"><strong>Dr. Daibel Robert Bartutis<\/strong><\/td>\n<td width=\"324\"><strong>Cardiolog\u00eda<\/strong><\/td>\n<td width=\"324\"><strong>1er Grado<\/strong><\/td>\n<td width=\"324\"><strong>&#8212;<\/strong><\/td>\n<td width=\"324\"><strong>&#8212;<\/strong><\/td>\n<td width=\"324\"><strong>Numerario<\/strong><\/td>\n<\/tr>\n<tr>\n<td width=\"307\"><strong>Dra. Brisis Columbi\u00e9 Hodel\u00edn<\/strong><\/td>\n<td width=\"324\"><strong>Cardiolog\u00eda<\/strong><\/td>\n<td width=\"324\"><strong>1er Grado<\/strong><\/td>\n<td width=\"324\"><strong>Instructor<\/strong><\/td>\n<td width=\"324\"><strong>&#8212;<\/strong><\/td>\n<td width=\"324\"><strong>Numerario<\/strong><\/td>\n<\/tr>\n<tr>\n<td width=\"307\"><strong>Dr. Yohelis Cardosa Yaser<\/strong><\/td>\n<td width=\"324\"><strong>Cardiolog\u00eda<\/strong><\/td>\n<td width=\"324\"><strong>1er Grado<\/strong><\/td>\n<td width=\"324\"><strong>&#8212;<\/strong><\/td>\n<td width=\"324\"><strong>&#8212;<\/strong><\/td>\n<td width=\"324\"><strong>Numerario<\/strong><\/td>\n<\/tr>\n<tr>\n<td width=\"307\"><strong>Dr. Ra\u00fal Local Machado<\/strong><\/td>\n<td width=\"324\"><strong>Cardiolog\u00eda<\/strong><\/td>\n<td width=\"324\"><strong>1er Grado<\/strong><\/td>\n<td width=\"324\"><strong>Asistente<\/strong><\/td>\n<td width=\"324\"><strong>Master<\/strong><\/td>\n<td width=\"324\"><strong>Numerario<\/strong><\/td>\n<\/tr>\n<tr>\n<td width=\"307\"><strong>Dr. Luis Manuel Fernandez Brooks<\/strong><\/td>\n<td width=\"324\"><strong>Cardiolog\u00eda<\/strong><\/td>\n<td width=\"324\"><strong>1er Grado y 2do Grado<\/strong><\/td>\n<td width=\"324\"><strong>&#8212;<\/strong><\/td>\n<td width=\"324\"><strong>Master<\/strong><\/td>\n<td width=\"324\"><strong>Numerario<\/strong><\/td>\n<\/tr>\n<tr>\n<td width=\"307\"><strong>Dr. Georbis Fournier Calzado<\/strong><\/td>\n<td width=\"324\"><strong>Cardiolog\u00eda<\/strong><\/td>\n<td width=\"324\"><strong>1er Grado y 2do Grado<\/strong><\/td>\n<td width=\"324\"><strong>Asistente<\/strong><\/td>\n<td width=\"324\"><strong>Master<\/strong><\/td>\n<td width=\"324\"><strong>Numerario<\/strong><\/td>\n<\/tr>\n<tr>\n<td width=\"307\"><strong>Dr. Roger Garc\u00eda Kindel\u00e1n<\/strong><\/td>\n<td width=\"324\"><strong>Cardiolog\u00eda<\/strong><\/td>\n<td width=\"324\"><strong>1er Grado<\/strong><\/td>\n<td width=\"324\"><strong>Instructor<\/strong><\/td>\n<td width=\"324\"><strong>Master<\/strong><\/td>\n<td width=\"324\"><strong>Numerario<\/strong><\/td>\n<\/tr>\n<tr>\n<td width=\"307\"><strong>Dra. Elisa Isalgu\u00e9 Rodr\u00edguez<\/strong><\/td>\n<td width=\"324\"><strong>Cardiolog\u00eda<\/strong><\/td>\n<td width=\"324\"><strong>1er Grado<\/strong><\/td>\n<td width=\"324\"><strong>Asistente<\/strong><\/td>\n<td width=\"324\"><strong>Master<\/strong><\/td>\n<td width=\"324\"><strong>Numerario<\/strong><\/td>\n<\/tr>\n<tr>\n<td width=\"307\"><strong>Dra. Gabriela Arce Garc\u00eda<\/strong><\/td>\n<td width=\"324\"><strong>Cardiolog\u00eda<\/strong><\/td>\n<td width=\"324\"><strong>1er Grado<\/strong><\/td>\n<td width=\"324\"><strong>Instructor<\/strong><\/td>\n<td width=\"324\"><strong>Master<\/strong><\/td>\n<td width=\"324\"><strong>Numerario<\/strong><\/td>\n<\/tr>\n<tr>\n<td width=\"307\"><strong>Dra. Elizabeth Jay Dim\u00f3n<\/strong><\/td>\n<td width=\"324\"><strong>Cardiolog\u00eda<\/strong><\/td>\n<td width=\"324\"><strong>1er Grado<\/strong><\/td>\n<td width=\"324\"><strong>Instructor<\/strong><\/td>\n<td width=\"324\"><strong>Master<\/strong><\/td>\n<td width=\"324\"><strong>Numerario<\/strong><\/td>\n<\/tr>\n<tr>\n<td width=\"307\"><strong>Dr. Ernesto D\u00edaz Su\u00e1rez<\/strong><\/td>\n<td width=\"324\"><strong>Cardiolog\u00eda<\/strong><\/td>\n<td width=\"324\"><strong>1er Grado<\/strong><\/td>\n<td width=\"324\"><strong>Instructor<\/strong><\/td>\n<td width=\"324\"><strong>&#8212;<\/strong><\/td>\n<td width=\"324\"><strong>Numerario<\/strong><\/td>\n<\/tr>\n<tr>\n<td width=\"307\"><strong>Dr. Elio Luis Beltr\u00e1n Su\u00e1rez<\/strong><\/td>\n<td width=\"324\"><strong>Cardiolog\u00eda<\/strong><\/td>\n<td width=\"324\"><strong>1er Grado<\/strong><\/td>\n<td width=\"324\"><strong>&#8212;<\/strong><\/td>\n<td width=\"324\"><strong>&#8212;<\/strong><\/td>\n<td width=\"324\"><strong>Numerario<\/strong><\/td>\n<\/tr>\n<tr>\n<td width=\"307\"><strong>Dr. Pedro Rodr\u00edguez Pel\u00e1ez<\/strong><\/td>\n<td width=\"324\"><strong>Cardiolog\u00eda<\/strong><\/td>\n<td width=\"324\"><strong>1er Grado y 2do Grado<\/strong><\/td>\n<td width=\"324\"><strong>Asistente<\/strong><\/td>\n<td width=\"324\"><strong>Master<\/strong><\/td>\n<td width=\"324\"><strong>Numerario<\/strong><\/td>\n<\/tr>\n<tr>\n<td width=\"307\"><strong>Dr. Yordannys L\u00f3pez Legu\u00e9n<\/strong><\/td>\n<td width=\"324\"><strong>Cardiolog\u00eda<\/strong><\/td>\n<td width=\"324\"><strong>1er Grado<\/strong><\/td>\n<td width=\"324\"><strong>&#8212;<\/strong><\/td>\n<td width=\"324\"><strong>&#8212;<\/strong><\/td>\n<td width=\"324\"><strong>Numerario<\/strong><\/td>\n<\/tr>\n<tr>\n<td width=\"307\"><strong>Dr. Eddy Abreu Guzman<\/strong><\/td>\n<td width=\"324\"><strong>Cardiolog\u00eda<\/strong><\/td>\n<td width=\"324\"><strong>1er Grado<\/strong><\/td>\n<td width=\"324\"><strong>&#8212;<\/strong><\/td>\n<td width=\"324\"><strong>&#8212;<\/strong><\/td>\n<td width=\"324\"><strong>Numerario<\/strong><\/td>\n<\/tr>\n<tr>\n<td width=\"307\"><strong>Dra. Laura Losada P\u00e9rez<\/strong><\/td>\n<td width=\"324\"><strong>Cardiolog\u00eda<\/strong><\/td>\n<td width=\"324\"><strong>Residente<\/strong><\/td>\n<td width=\"324\"><strong>&#8212;<\/strong><\/td>\n<td width=\"324\"><strong>&#8212;<\/strong><\/td>\n<td width=\"324\"><strong>Adjunto<\/strong><\/td>\n<\/tr>\n<tr>\n<td width=\"307\"><strong>Dr. Jos\u00e9 Rafael Jim\u00e9nez Despaigne<\/strong><\/td>\n<td width=\"324\"><strong>Cardiolog\u00eda<\/strong><\/td>\n<td width=\"324\"><strong>Residente<\/strong><\/td>\n<td width=\"324\"><strong>&#8212;<\/strong><\/td>\n<td width=\"324\"><strong>&#8212;<\/strong><\/td>\n<td width=\"324\"><strong>Adjunto<\/strong><\/td>\n<\/tr>\n<tr>\n<td width=\"307\"><strong>Dra. Nadieska P\u00e9rez S\u00e1nchez<\/strong><\/td>\n<td width=\"324\"><strong>Cardiolog\u00eda<\/strong><\/td>\n<td width=\"324\"><strong>Residente<\/strong><\/td>\n<td width=\"324\"><strong>&#8212;<\/strong><\/td>\n<td width=\"324\"><strong>&#8212;<\/strong><\/td>\n<td width=\"324\"><strong>Adjunto<\/strong><\/td>\n<\/tr>\n<tr>\n<td width=\"307\"><strong>Dr. Eblis Preval Caraballo<\/strong><\/td>\n<td width=\"324\"><strong>Cardiolog\u00eda<\/strong><\/td>\n<td width=\"324\"><strong>Residente<\/strong><\/td>\n<td width=\"324\"><strong>&#8212;<\/strong><\/td>\n<td width=\"324\"><strong>&#8212;<\/strong><\/td>\n<td width=\"324\"><strong>Adjunto<\/strong><\/td>\n<\/tr>\n<tr>\n<td width=\"307\"><strong>Dra. Lilianne Santray del Pozo<\/strong><\/td>\n<td width=\"324\"><strong>Cardiolog\u00eda<\/strong><\/td>\n<td width=\"324\"><strong>Residente<\/strong><\/td>\n<td width=\"324\"><strong>&#8212;<\/strong><\/td>\n<td width=\"324\"><strong>&#8212;<\/strong><\/td>\n<td width=\"324\"><strong>Adjunto<\/strong><\/td>\n<\/tr>\n<tr>\n<td width=\"307\"><strong>Dra. Annia Aguirre Ruiz<\/strong><\/td>\n<td width=\"324\"><strong>Cardiolog\u00eda<\/strong><\/td>\n<td width=\"324\"><strong>Residente<\/strong><\/td>\n<td width=\"324\"><strong>&#8212;<\/strong><\/td>\n<td width=\"324\"><strong>&#8212;<\/strong><\/td>\n<td width=\"324\"><strong>Adjunto<\/strong><\/td>\n<\/tr>\n<tr>\n<td width=\"307\"><strong>Dr. Yassel Arias Otamendi<\/strong><\/td>\n<td width=\"324\"><strong>Cardiolog\u00eda<\/strong><\/td>\n<td width=\"324\"><strong>Residente<\/strong><\/td>\n<td width=\"324\"><strong>&#8212;<\/strong><\/td>\n<td width=\"324\"><strong>&#8212;<\/strong><\/td>\n<td width=\"324\"><strong>Adjunto<\/strong><\/td>\n<\/tr>\n<tr>\n<td width=\"307\"><strong>Dra. Zenaida Fermoselle Tejeda<\/strong><\/td>\n<td width=\"324\"><strong>Cardiolog\u00eda<\/strong><\/td>\n<td width=\"324\"><strong>Residente<\/strong><\/td>\n<td width=\"324\"><strong>Instructor<\/strong><\/td>\n<td width=\"324\"><strong>&#8212;<\/strong><\/td>\n<td width=\"324\"><strong>Adjunto<\/strong><\/td>\n<\/tr>\n<tr>\n<td width=\"307\"><strong>Dr. Eduardo Luque Gamboa<\/strong><\/td>\n<td width=\"324\"><strong>Cardiolog\u00eda<\/strong><\/td>\n<td width=\"324\"><strong>Residente<\/strong><\/td>\n<td width=\"324\"><strong>&#8212;<\/strong><\/td>\n<td width=\"324\"><strong>&#8212;<\/strong><\/td>\n<td width=\"324\"><strong>Adjunto<\/strong><\/td>\n<\/tr>\n<tr>\n<td width=\"307\"><strong>Dr. Antonio Marquez Fern\u00e1ndez<\/strong><\/td>\n<td width=\"324\"><strong>Cardiolog\u00eda<\/strong><\/td>\n<td width=\"324\"><strong>Residente<\/strong><\/td>\n<td width=\"324\"><strong>&#8212;<\/strong><\/td>\n<td width=\"324\"><strong>&#8212;<\/strong><\/td>\n<td width=\"324\"><strong>Adjunto<\/strong><\/td>\n<\/tr>\n<tr>\n<td width=\"307\"><strong>Dra. Yeny Sobrado Iribar<\/strong><\/td>\n<td width=\"324\"><strong>Cardiolog\u00eda<\/strong><\/td>\n<td width=\"324\"><strong>Residente<\/strong><\/td>\n<td width=\"324\"><strong>&#8212;<\/strong><\/td>\n<td width=\"324\"><strong>&#8212;<\/strong><\/td>\n<td width=\"324\"><strong>Adjunto<\/strong><\/td>\n<\/tr>\n<tr>\n<td width=\"307\"><strong>Dr. Geordan Goire Guevara<\/strong><\/td>\n<td width=\"324\"><strong>Cardiolog\u00eda<\/strong><\/td>\n<td width=\"324\"><strong>Residente<\/strong><\/td>\n<td width=\"324\"><strong>&#8212;<\/strong><\/td>\n<td width=\"324\"><strong>&#8212;<\/strong><\/td>\n<td width=\"324\"><strong>Adjunto<\/strong><\/td>\n<\/tr>\n<tr>\n<td width=\"307\"><strong>Dra. Ivette Sanker Trujillo<\/strong><\/td>\n<td width=\"324\"><strong>Cardiolog\u00eda<\/strong><\/td>\n<td width=\"324\"><strong>Residente<\/strong><\/td>\n<td width=\"324\"><strong>&#8212;<\/strong><\/td>\n<td width=\"324\"><strong>&#8212;<\/strong><\/td>\n<td width=\"324\"><strong>Adjunto<\/strong><\/td>\n<\/tr>\n<tr>\n<td width=\"307\"><strong>Dra. Marlys Moya Campos<\/strong><\/td>\n<td width=\"324\"><strong>Cardiolog\u00eda<\/strong><\/td>\n<td width=\"324\"><strong>Residente<\/strong><\/td>\n<td width=\"324\"><strong>&#8212;<\/strong><\/td>\n<td width=\"324\"><strong>&#8212;<\/strong><\/td>\n<td width=\"324\"><strong>Adjunto<\/strong><\/td>\n<\/tr>\n<tr>\n<td width=\"307\"><strong>Dr. Yony Rodr\u00edguez Llanes<\/strong><\/td>\n<td width=\"324\"><strong>Cardiolog\u00eda<\/strong><\/td>\n<td width=\"324\"><strong>Residente<\/strong><\/td>\n<td width=\"324\"><strong>Asistente<\/strong><\/td>\n<td width=\"324\"><strong>&#8212;<\/strong><\/td>\n<td width=\"324\"><strong>Adjunto<\/strong><\/td>\n<\/tr>\n<tr>\n<td width=\"307\"><strong>Dra. Alennis Lores Romero<\/strong><\/td>\n<td width=\"324\"><strong>Cardiolog\u00eda<\/strong><\/td>\n<td width=\"324\"><strong>Residente<\/strong><\/td>\n<td width=\"324\"><strong>&#8212;<\/strong><\/td>\n<td width=\"324\"><strong>&#8212;<\/strong><\/td>\n<td width=\"324\"><strong>Adjunto<\/strong><\/td>\n<\/tr>\n<\/tbody>\n<\/table>\n","protected":false},"excerpt":{"rendered":"<p>&nbsp; &nbsp; &nbsp; &nbsp; &nbsp; Junta Directiva del Cap\u00edtulo de Cardiolog\u00eda Nombre Cargo Correo Telefono Dra. Varinia Montero Vega Presidente vmontero@infomed.sld.cu 21383536 Dr. Georbis Fournier Calzado Secretario &#8212; &#8212; Dra. Elizabeth Jay Dimon Tesorero &#8212; &#8212; &nbsp; Relaci\u00f3n de los miembros del Cap\u00edtulo de Cardiolog\u00eda Nombre Especialidad Grado.Esp o Resid Cat.Doc Grado.Cient Miembro Dr.C. Reynaldo &hellip; <\/p>\n<p><a class=\"more-link btn\" href=\"https:\/\/instituciones.gtm.sld.cu\/cpscs\/?page_id=316\">Seguir leyendo<\/a><\/p>\n","protected":false},"author":26,"featured_media":534,"parent":0,"menu_order":0,"comment_status":"closed","ping_status":"closed","template":"","meta":{"ngg_post_thumbnail":0,"_mc_calendar":[]},"yoast_head":"<!-- This site is optimized with the Yoast SEO plugin v21.8 - https:\/\/yoast.com\/wordpress\/plugins\/seo\/ -->\n<title>Cardiolog\u00eda -<\/title>\n<meta name=\"robots\" content=\"index, follow, max-snippet:-1, max-image-preview:large, max-video-preview:-1\" \/>\n<link rel=\"canonical\" href=\"https:\/\/instituciones.gtm.sld.cu\/cpscs\/?page_id=316\" \/>\n<meta property=\"og:locale\" content=\"es_ES\" \/>\n<meta property=\"og:type\" content=\"article\" \/>\n<meta property=\"og:title\" content=\"Cardiolog\u00eda -\" \/>\n<meta property=\"og:description\" content=\"&nbsp; &nbsp; &nbsp; &nbsp; &nbsp; Junta Directiva del Cap\u00edtulo de Cardiolog\u00eda Nombre Cargo Correo Telefono Dra. Varinia Montero Vega Presidente vmontero@infomed.sld.cu 21383536 Dr. Georbis Fournier Calzado Secretario &#8212; &#8212; Dra. Elizabeth Jay Dimon Tesorero &#8212; &#8212; &nbsp; Relaci\u00f3n de los miembros del Cap\u00edtulo de Cardiolog\u00eda Nombre Especialidad Grado.Esp o Resid Cat.Doc Grado.Cient Miembro Dr.C. Reynaldo &hellip; Seguir leyendo\" \/>\n<meta property=\"og:url\" content=\"https:\/\/instituciones.gtm.sld.cu\/cpscs\/?page_id=316\" \/>\n<meta name=\"twitter:card\" content=\"summary_large_image\" \/>\n<meta name=\"twitter:label1\" content=\"Tiempo de lectura\" \/>\n\t<meta name=\"twitter:data1\" content=\"2 minutos\" \/>\n<script type=\"application\/ld+json\" class=\"yoast-schema-graph\">{\"@context\":\"https:\/\/schema.org\",\"@graph\":[{\"@type\":\"WebPage\",\"@id\":\"https:\/\/instituciones.gtm.sld.cu\/cpscs\/?page_id=316\",\"url\":\"https:\/\/instituciones.gtm.sld.cu\/cpscs\/?page_id=316\",\"name\":\"Cardiolog\u00eda -\",\"isPartOf\":{\"@id\":\"https:\/\/instituciones.gtm.sld.cu\/cpscs\/#website\"},\"datePublished\":\"2017-09-27T08:53:46+00:00\",\"dateModified\":\"2017-09-27T08:53:46+00:00\",\"breadcrumb\":{\"@id\":\"https:\/\/instituciones.gtm.sld.cu\/cpscs\/?page_id=316#breadcrumb\"},\"inLanguage\":\"es\",\"potentialAction\":[{\"@type\":\"ReadAction\",\"target\":[\"https:\/\/instituciones.gtm.sld.cu\/cpscs\/?page_id=316\"]}]},{\"@type\":\"BreadcrumbList\",\"@id\":\"https:\/\/instituciones.gtm.sld.cu\/cpscs\/?page_id=316#breadcrumb\",\"itemListElement\":[{\"@type\":\"ListItem\",\"position\":1,\"name\":\"Portada\",\"item\":\"https:\/\/instituciones.gtm.sld.cu\/cpscs\"},{\"@type\":\"ListItem\",\"position\":2,\"name\":\"Cardiolog\u00eda\"}]},{\"@type\":\"WebSite\",\"@id\":\"https:\/\/instituciones.gtm.sld.cu\/cpscs\/#website\",\"url\":\"https:\/\/instituciones.gtm.sld.cu\/cpscs\/\",\"name\":\"\",\"description\":\"\",\"potentialAction\":[{\"@type\":\"SearchAction\",\"target\":{\"@type\":\"EntryPoint\",\"urlTemplate\":\"https:\/\/instituciones.gtm.sld.cu\/cpscs\/?s={search_term_string}\"},\"query-input\":\"required name=search_term_string\"}],\"inLanguage\":\"es\"}]}<\/script>\n<!-- \/ Yoast SEO plugin. -->","yoast_head_json":{"title":"Cardiolog\u00eda -","robots":{"index":"index","follow":"follow","max-snippet":"max-snippet:-1","max-image-preview":"max-image-preview:large","max-video-preview":"max-video-preview:-1"},"canonical":"https:\/\/instituciones.gtm.sld.cu\/cpscs\/?page_id=316","og_locale":"es_ES","og_type":"article","og_title":"Cardiolog\u00eda -","og_description":"&nbsp; &nbsp; &nbsp; &nbsp; &nbsp; Junta Directiva del Cap\u00edtulo de Cardiolog\u00eda Nombre Cargo Correo Telefono Dra. Varinia Montero Vega Presidente vmontero@infomed.sld.cu 21383536 Dr. Georbis Fournier Calzado Secretario &#8212; &#8212; Dra. Elizabeth Jay Dimon Tesorero &#8212; &#8212; &nbsp; Relaci\u00f3n de los miembros del Cap\u00edtulo de Cardiolog\u00eda Nombre Especialidad Grado.Esp o Resid Cat.Doc Grado.Cient Miembro Dr.C. Reynaldo &hellip; Seguir leyendo","og_url":"https:\/\/instituciones.gtm.sld.cu\/cpscs\/?page_id=316","twitter_card":"summary_large_image","twitter_misc":{"Tiempo de lectura":"2 minutos"},"schema":{"@context":"https:\/\/schema.org","@graph":[{"@type":"WebPage","@id":"https:\/\/instituciones.gtm.sld.cu\/cpscs\/?page_id=316","url":"https:\/\/instituciones.gtm.sld.cu\/cpscs\/?page_id=316","name":"Cardiolog\u00eda -","isPartOf":{"@id":"https:\/\/instituciones.gtm.sld.cu\/cpscs\/#website"},"datePublished":"2017-09-27T08:53:46+00:00","dateModified":"2017-09-27T08:53:46+00:00","breadcrumb":{"@id":"https:\/\/instituciones.gtm.sld.cu\/cpscs\/?page_id=316#breadcrumb"},"inLanguage":"es","potentialAction":[{"@type":"ReadAction","target":["https:\/\/instituciones.gtm.sld.cu\/cpscs\/?page_id=316"]}]},{"@type":"BreadcrumbList","@id":"https:\/\/instituciones.gtm.sld.cu\/cpscs\/?page_id=316#breadcrumb","itemListElement":[{"@type":"ListItem","position":1,"name":"Portada","item":"https:\/\/instituciones.gtm.sld.cu\/cpscs"},{"@type":"ListItem","position":2,"name":"Cardiolog\u00eda"}]},{"@type":"WebSite","@id":"https:\/\/instituciones.gtm.sld.cu\/cpscs\/#website","url":"https:\/\/instituciones.gtm.sld.cu\/cpscs\/","name":"","description":"","potentialAction":[{"@type":"SearchAction","target":{"@type":"EntryPoint","urlTemplate":"https:\/\/instituciones.gtm.sld.cu\/cpscs\/?s={search_term_string}"},"query-input":"required name=search_term_string"}],"inLanguage":"es"}]}},"_links":{"self":[{"href":"https:\/\/instituciones.gtm.sld.cu\/cpscs\/index.php?rest_route=\/wp\/v2\/pages\/316"}],"collection":[{"href":"https:\/\/instituciones.gtm.sld.cu\/cpscs\/index.php?rest_route=\/wp\/v2\/pages"}],"about":[{"href":"https:\/\/instituciones.gtm.sld.cu\/cpscs\/index.php?rest_route=\/wp\/v2\/types\/page"}],"author":[{"embeddable":true,"href":"https:\/\/instituciones.gtm.sld.cu\/cpscs\/index.php?rest_route=\/wp\/v2\/users\/26"}],"replies":[{"embeddable":true,"href":"https:\/\/instituciones.gtm.sld.cu\/cpscs\/index.php?rest_route=%2Fwp%2Fv2%2Fcomments&post=316"}],"version-history":[{"count":0,"href":"https:\/\/instituciones.gtm.sld.cu\/cpscs\/index.php?rest_route=\/wp\/v2\/pages\/316\/revisions"}],"wp:featuredmedia":[{"embeddable":true,"href":"https:\/\/instituciones.gtm.sld.cu\/cpscs\/index.php?rest_route=\/"}],"wp:attachment":[{"href":"https:\/\/instituciones.gtm.sld.cu\/cpscs\/index.php?rest_route=%2Fwp%2Fv2%2Fmedia&parent=316"}],"curies":[{"name":"wp","href":"https:\/\/api.w.org\/{rel}","templated":true}]}}