{"id":373,"date":"2017-09-29T08:42:47","date_gmt":"2017-09-29T08:42:47","guid":{"rendered":"http:\/\/localhost\/SitioCPSCS-Guantanamo\/?page_id=373"},"modified":"2017-09-29T08:42:47","modified_gmt":"2017-09-29T08:42:47","slug":"ciencias-farmaceuticas","status":"publish","type":"page","link":"https:\/\/instituciones.gtm.sld.cu\/cpscs\/?page_id=373","title":{"rendered":"Ciencias Farmac\u00e9uticas"},"content":{"rendered":"<p style=\"text-align: justify\">\u00c1rea de las ciencias de la salud, que estudia la procedencia, naturaleza, propiedades y t\u00e9cnicas de preparaci\u00f3n de medicamentos para su correcto aprovechamiento terap\u00e9utico as\u00ed como el efecto de los medicamentos sobre el organismo.<\/p>\n<h4 style=\"text-align: justify\"><strong><span id=\"Origen\" class=\"mw-headline\">Origen<\/span><\/strong><\/h4>\n<p style=\"text-align: justify\">Antes del siglo XX y principios del mismo, la formulaci\u00f3n y preparaci\u00f3n de medicamentos se hac\u00eda por un solo farmac\u00e9utico o con el maestro farmac\u00e9utico. A partir del siglo XX, la elaboraci\u00f3n de los medicamentos corre a cargo de la moderna industria farmac\u00e9utica, si bien siguen siendo farmac\u00e9uticos los que coordinan e investigan la formulaci\u00f3n y preparaci\u00f3n de medicamentos en las grandes empresas farmac\u00e9uticas. Es decir, si antes todo farmac\u00e9utico era gal\u00e9nico, actualmente ya no es as\u00ed. Hoy en d\u00eda, la farmacia es un \u00e1rea de las ciencias de la salud, que estudia la procedencia, naturaleza, propiedades y t\u00e9cnicas de preparaci\u00f3n de medicamentos para su correcto aprovechamiento terap\u00e9utico as\u00ed como el efecto de los medicamentos sobre el organismo (es decir tiene una triple componente, qu\u00edmica-biol\u00f3gica-cl\u00ednica). Recientemente se considera tambi\u00e9n pr\u00e1ctica de la farmacia aconsejar al paciente en lo que se refiere a su medicaci\u00f3n y asesorar a los m\u00e9dicos u otros profesionales sobre los medicamentos y su utilizaci\u00f3n (farmacia cl\u00ednica y atenci\u00f3n farmac\u00e9utica). Los farmac\u00e9uticos colaboran con los qu\u00edmicos, los bioqu\u00edmicos y los farmac\u00f3logos para descubrir y desarrollar compuestos qu\u00edmicos (y biol\u00f3gicos) con valor terap\u00e9utico. Adem\u00e1s, cada vez con m\u00e1s frecuencia se solicita consejo a la comunidad de farmac\u00e9uticos en materia de higiene y salud p\u00fablica.<\/p>\n<h4 style=\"text-align: justify\"><strong><span id=\"Historia_de_la_Farmacia\" class=\"mw-headline\">Historia de la Farmacia<\/span><\/strong><\/h4>\n<p style=\"text-align: justify\">La historia de la <a class=\"mw-redirect\" title=\"Farmacia\" href=\"https:\/\/www.ecured.cu\/Farmacia\">farmacia<\/a> como ciencia independiente es relativamente joven. Los or\u00edgenes de la historiograf\u00eda farmac\u00e9utica se remontan al primer tercio del s. XIX que es cuando aparecen las primeras historiograf\u00edas que si bien no toca todos los aspectos de la historia farmac\u00e9utica son el punto de partida para el definitivo arranque de esta ciencia.<br \/>\nHasta el nacimiento de la farmacia como ciencia independiente, existe una evoluci\u00f3n hist\u00f3rica, desde la antig\u00fcedad cl\u00e1sica hasta los d\u00edas de hoy, que marca el curso de esta ciencia, siempre relacionada con la medicina.<br \/>\nDisciplinas de la Farmacia<br \/>\nLa Farmacia se ha desarrollado a partir de varias ciencias como la Qu\u00edmica Org\u00e1nica, la Bioqu\u00edmica, la Fisiolog\u00eda, la Bot\u00e1nica, la Biolog\u00eda Celular y la Biolog\u00eda Molecular. En sus or\u00edgenes la pr\u00e1ctica m\u00e9dica y la farmac\u00e9utica estaban fusionadas. Luego se separaron y divergieron. Actualmente son complementarias, no se entiende una Medicina sin Farmacia y no tiene sentido una Farmacia sin Medicina. As\u00ed, la Farmacia es, en verdad, una reuni\u00f3n de m\u00faltiples disciplinas de la ciencia, y se puede dividir en dos ramas principales: Ciencias Farmac\u00e9uticas y Pr\u00e1ctica Farmac\u00e9utica.<\/p>\n<h4 style=\"text-align: justify\"><span id=\"Ciencias_Farmac.C3.A9uticas\" class=\"mw-headline\"><strong>Ciencias Farmac\u00e9uticas<\/strong><br \/>\n<\/span><\/h4>\n<ul style=\"text-align: justify\">\n<li><a title=\"Farmacolog\u00eda\" href=\"https:\/\/www.ecured.cu\/Farmacolog%C3%ADa\">Farmacolog\u00eda<\/a><\/li>\n<\/ul>\n<p style=\"text-align: justify\">&#8211; Farmacodinamia<br \/>\n&#8211; Farmacocin\u00e9tica<br \/>\n&#8211; Farmacometr\u00eda<\/p>\n<ul style=\"text-align: justify\">\n<li>Farmacogen\u00e9tica y Farmacogen\u00f3mica<\/li>\n<li>Toxicolog\u00eda<\/li>\n<li>Qu\u00edmica Farmac\u00e9utica<\/li>\n<\/ul>\n<p style=\"text-align: justify\">&#8211; Dise\u00f1o molecular de f\u00e1rmacos<br \/>\n&#8211; S\u00edntesis qu\u00edmica de f\u00e1rmacos<br \/>\n&#8211; An\u00e1lisis farmac\u00e9utico<\/p>\n<ul style=\"text-align: justify\">\n<li>Farmacognosia<\/li>\n<\/ul>\n<p style=\"text-align: justify\">&#8211; Fitoqu\u00edmica<br \/>\n&#8211; Etnofarmacolog\u00eda|Etnobot\u00e1nica farmac\u00e9utica o Etnofarmacolog\u00eda<\/p>\n<ul style=\"text-align: justify\">\n<li>Farmacia Gal\u00e9nica<\/li>\n<\/ul>\n<p style=\"text-align: justify\">&#8211; Tecnolog\u00eda Farmac\u00e9utica o Farmacotecnia<br \/>\n&#8211; Biofarmacia y Farmacocin\u00e9tica<\/p>\n<p style=\"text-align: justify\"><a href=\"http:\/\/localhost\/SitioCPSCS-Guantanamo\/wp-content\/uploads\/2017\/09\/220px-Havana_-_Cuba_-_0503.jpg\"><img decoding=\"async\" loading=\"lazy\" class=\"aligncenter size-full wp-image-457\" src=\"http:\/\/localhost\/SitioCPSCS-Guantanamo\/wp-content\/uploads\/2017\/09\/220px-Havana_-_Cuba_-_0503.jpg\" alt=\"220px-Havana_-_Cuba_-_0503\" width=\"220\" height=\"147\" \/><\/a><\/p>\n<h4 style=\"text-align: justify\"><strong><span id=\"Antecedentes_en_Cuba\" class=\"mw-headline\">Antecedentes en Cuba<\/span><\/strong><\/h4>\n<p style=\"text-align: justify\">En 1842, ciento catorce a\u00f1os despu\u00e9s de la fundaci\u00f3n de la primera universidad en Cuba, se cre\u00f3 la carrera de Farmacia. Anteriormente la preparaci\u00f3n de boticarios y farmac\u00e9uticos hab\u00eda estado a cargo de entidades oficiales establecidas por la corona espa\u00f1ola, pero ajenas a la universidad, en las cuales los estudios de Farmacia fueron evolucionando paulatinamente. Al surgir como carrera universitaria en 1842, la ense\u00f1anza de la Farmacia qued\u00f3 bajo la direcci\u00f3n de la Facultad de Medicina a la cual se mantuvo integrada hasta que por Real Decreto de 15 de julio de 1863 se estableci\u00f3 un nuevo plan de estudios universitarios. Por virtud de ese decreto, fueron segregados de la Universidad todos los estudios que no correspond\u00edan a los de Facultad y surgi\u00f3 con vida propia la primera Facultad de Farmacia en la universidad cubana.<\/p>\n<p style=\"text-align: justify\">Durante la \u00e9poca pseudorepublicana, los hechos no fueron notablemente mejor para los estudios de esta profesi\u00f3n, que en su manifestaci\u00f3n en la etapa colonial. Los planes de estudio no vinculaban el ejercicio docente con las formas did\u00e1cticas de la ense\u00f1anza pr\u00e1ctica como elemento fundamental de la educaci\u00f3n universitaria. La introducci\u00f3n de novedosas tem\u00e1ticas y disciplinas, diferenciadas o especializadas, no se abordaban en los diferentes planes de estudio propuestos y ensayados.<\/p>\n<p style=\"text-align: justify\">La base cient\u00edfica, necesaria para desarrollar un profesional con habilidades e inquietudes creadoras, no constitu\u00edan el centro estructural de los estudios farmac\u00e9uticos en el pa\u00eds. De hecho, la investigaci\u00f3n farmac\u00e9utica no exist\u00eda, y el egresado universitario respond\u00eda a una formaci\u00f3n acorde con las escasas posibilidades socio-profesionales de la \u00e9poca. La ense\u00f1anza farmac\u00e9utica, conformada en 1958 por un esquem\u00e1tico plan de estudios de 17 asignaturas semestre, no respond\u00eda ni a las corrientes m\u00e1s avanzadas de otras \u00e1reas de la propia Universidad de La Habana. El contexto social para el profesional farmac\u00e9utico, se caracterizaba por una pobre vinculaci\u00f3n al trabajo creador, la profesi\u00f3n respond\u00eda cada d\u00eda m\u00e1s a los intereses comerciales y las oportunidades de empleo se hac\u00edan m\u00ednimas. Estos aspectos pasados, superados hoy d\u00eda por la sociedad, a\u00fan persisten en la realidad de muchos egresados de las universidades de Latinoam\u00e9rica;19 entre ellos los que se orientan al perfil farmac\u00e9utico.<br \/>\nPero una nueva etapa social se inici\u00f3 en Cuba en el a\u00f1o 1959, sociedad y universidad, se someter\u00edan a las leyes dial\u00e9cticas, y de esa unidad sist\u00e9mica, surgir\u00eda otro pensamiento creador, nuevas metas se ir\u00edan planteando, y mejor aun, nuevas realidades devendr\u00edan un hecho posterior.<\/p>\n","protected":false},"excerpt":{"rendered":"<p>\u00c1rea de las ciencias de la salud, que estudia la procedencia, naturaleza, propiedades y t\u00e9cnicas de preparaci\u00f3n de medicamentos para su correcto aprovechamiento terap\u00e9utico as\u00ed como el efecto de los medicamentos sobre el organismo. Origen Antes del siglo XX y principios del mismo, la formulaci\u00f3n y preparaci\u00f3n de medicamentos se hac\u00eda por un solo farmac\u00e9utico &hellip; <\/p>\n<p><a class=\"more-link btn\" href=\"https:\/\/instituciones.gtm.sld.cu\/cpscs\/?page_id=373\">Seguir leyendo<\/a><\/p>\n","protected":false},"author":26,"featured_media":456,"parent":0,"menu_order":0,"comment_status":"closed","ping_status":"closed","template":"","meta":{"ngg_post_thumbnail":0,"_mc_calendar":[]},"yoast_head":"<!-- This site is optimized with the Yoast SEO plugin v21.8 - https:\/\/yoast.com\/wordpress\/plugins\/seo\/ -->\n<title>Ciencias Farmac\u00e9uticas -<\/title>\n<meta name=\"robots\" content=\"index, follow, max-snippet:-1, max-image-preview:large, max-video-preview:-1\" \/>\n<link rel=\"canonical\" href=\"https:\/\/instituciones.gtm.sld.cu\/cpscs\/?page_id=373\" \/>\n<meta property=\"og:locale\" content=\"es_ES\" \/>\n<meta property=\"og:type\" content=\"article\" \/>\n<meta property=\"og:title\" content=\"Ciencias Farmac\u00e9uticas -\" \/>\n<meta property=\"og:description\" content=\"\u00c1rea de las ciencias de la salud, que estudia la procedencia, naturaleza, propiedades y t\u00e9cnicas de preparaci\u00f3n de medicamentos para su correcto aprovechamiento terap\u00e9utico as\u00ed como el efecto de los medicamentos sobre el organismo. Origen Antes del siglo XX y principios del mismo, la formulaci\u00f3n y preparaci\u00f3n de medicamentos se hac\u00eda por un solo farmac\u00e9utico &hellip; Seguir leyendo\" \/>\n<meta property=\"og:url\" content=\"https:\/\/instituciones.gtm.sld.cu\/cpscs\/?page_id=373\" \/>\n<meta name=\"twitter:card\" content=\"summary_large_image\" \/>\n<meta name=\"twitter:label1\" content=\"Tiempo de lectura\" \/>\n\t<meta name=\"twitter:data1\" content=\"5 minutos\" \/>\n<script type=\"application\/ld+json\" class=\"yoast-schema-graph\">{\"@context\":\"https:\/\/schema.org\",\"@graph\":[{\"@type\":\"WebPage\",\"@id\":\"https:\/\/instituciones.gtm.sld.cu\/cpscs\/?page_id=373\",\"url\":\"https:\/\/instituciones.gtm.sld.cu\/cpscs\/?page_id=373\",\"name\":\"Ciencias Farmac\u00e9uticas -\",\"isPartOf\":{\"@id\":\"https:\/\/instituciones.gtm.sld.cu\/cpscs\/#website\"},\"datePublished\":\"2017-09-29T08:42:47+00:00\",\"dateModified\":\"2017-09-29T08:42:47+00:00\",\"breadcrumb\":{\"@id\":\"https:\/\/instituciones.gtm.sld.cu\/cpscs\/?page_id=373#breadcrumb\"},\"inLanguage\":\"es\",\"potentialAction\":[{\"@type\":\"ReadAction\",\"target\":[\"https:\/\/instituciones.gtm.sld.cu\/cpscs\/?page_id=373\"]}]},{\"@type\":\"BreadcrumbList\",\"@id\":\"https:\/\/instituciones.gtm.sld.cu\/cpscs\/?page_id=373#breadcrumb\",\"itemListElement\":[{\"@type\":\"ListItem\",\"position\":1,\"name\":\"Portada\",\"item\":\"https:\/\/instituciones.gtm.sld.cu\/cpscs\"},{\"@type\":\"ListItem\",\"position\":2,\"name\":\"Ciencias Farmac\u00e9uticas\"}]},{\"@type\":\"WebSite\",\"@id\":\"https:\/\/instituciones.gtm.sld.cu\/cpscs\/#website\",\"url\":\"https:\/\/instituciones.gtm.sld.cu\/cpscs\/\",\"name\":\"\",\"description\":\"\",\"potentialAction\":[{\"@type\":\"SearchAction\",\"target\":{\"@type\":\"EntryPoint\",\"urlTemplate\":\"https:\/\/instituciones.gtm.sld.cu\/cpscs\/?s={search_term_string}\"},\"query-input\":\"required name=search_term_string\"}],\"inLanguage\":\"es\"}]}<\/script>\n<!-- \/ Yoast SEO plugin. -->","yoast_head_json":{"title":"Ciencias Farmac\u00e9uticas -","robots":{"index":"index","follow":"follow","max-snippet":"max-snippet:-1","max-image-preview":"max-image-preview:large","max-video-preview":"max-video-preview:-1"},"canonical":"https:\/\/instituciones.gtm.sld.cu\/cpscs\/?page_id=373","og_locale":"es_ES","og_type":"article","og_title":"Ciencias Farmac\u00e9uticas -","og_description":"\u00c1rea de las ciencias de la salud, que estudia la procedencia, naturaleza, propiedades y t\u00e9cnicas de preparaci\u00f3n de medicamentos para su correcto aprovechamiento terap\u00e9utico as\u00ed como el efecto de los medicamentos sobre el organismo. Origen Antes del siglo XX y principios del mismo, la formulaci\u00f3n y preparaci\u00f3n de medicamentos se hac\u00eda por un solo farmac\u00e9utico &hellip; Seguir leyendo","og_url":"https:\/\/instituciones.gtm.sld.cu\/cpscs\/?page_id=373","twitter_card":"summary_large_image","twitter_misc":{"Tiempo de lectura":"5 minutos"},"schema":{"@context":"https:\/\/schema.org","@graph":[{"@type":"WebPage","@id":"https:\/\/instituciones.gtm.sld.cu\/cpscs\/?page_id=373","url":"https:\/\/instituciones.gtm.sld.cu\/cpscs\/?page_id=373","name":"Ciencias Farmac\u00e9uticas -","isPartOf":{"@id":"https:\/\/instituciones.gtm.sld.cu\/cpscs\/#website"},"datePublished":"2017-09-29T08:42:47+00:00","dateModified":"2017-09-29T08:42:47+00:00","breadcrumb":{"@id":"https:\/\/instituciones.gtm.sld.cu\/cpscs\/?page_id=373#breadcrumb"},"inLanguage":"es","potentialAction":[{"@type":"ReadAction","target":["https:\/\/instituciones.gtm.sld.cu\/cpscs\/?page_id=373"]}]},{"@type":"BreadcrumbList","@id":"https:\/\/instituciones.gtm.sld.cu\/cpscs\/?page_id=373#breadcrumb","itemListElement":[{"@type":"ListItem","position":1,"name":"Portada","item":"https:\/\/instituciones.gtm.sld.cu\/cpscs"},{"@type":"ListItem","position":2,"name":"Ciencias Farmac\u00e9uticas"}]},{"@type":"WebSite","@id":"https:\/\/instituciones.gtm.sld.cu\/cpscs\/#website","url":"https:\/\/instituciones.gtm.sld.cu\/cpscs\/","name":"","description":"","potentialAction":[{"@type":"SearchAction","target":{"@type":"EntryPoint","urlTemplate":"https:\/\/instituciones.gtm.sld.cu\/cpscs\/?s={search_term_string}"},"query-input":"required name=search_term_string"}],"inLanguage":"es"}]}},"_links":{"self":[{"href":"https:\/\/instituciones.gtm.sld.cu\/cpscs\/index.php?rest_route=\/wp\/v2\/pages\/373"}],"collection":[{"href":"https:\/\/instituciones.gtm.sld.cu\/cpscs\/index.php?rest_route=\/wp\/v2\/pages"}],"about":[{"href":"https:\/\/instituciones.gtm.sld.cu\/cpscs\/index.php?rest_route=\/wp\/v2\/types\/page"}],"author":[{"embeddable":true,"href":"https:\/\/instituciones.gtm.sld.cu\/cpscs\/index.php?rest_route=\/wp\/v2\/users\/26"}],"replies":[{"embeddable":true,"href":"https:\/\/instituciones.gtm.sld.cu\/cpscs\/index.php?rest_route=%2Fwp%2Fv2%2Fcomments&post=373"}],"version-history":[{"count":0,"href":"https:\/\/instituciones.gtm.sld.cu\/cpscs\/index.php?rest_route=\/wp\/v2\/pages\/373\/revisions"}],"wp:featuredmedia":[{"embeddable":true,"href":"https:\/\/instituciones.gtm.sld.cu\/cpscs\/index.php?rest_route=\/"}],"wp:attachment":[{"href":"https:\/\/instituciones.gtm.sld.cu\/cpscs\/index.php?rest_route=%2Fwp%2Fv2%2Fmedia&parent=373"}],"curies":[{"name":"wp","href":"https:\/\/api.w.org\/{rel}","templated":true}]}}