{"id":798,"date":"2018-01-25T15:33:15","date_gmt":"2018-01-25T15:33:15","guid":{"rendered":"http:\/\/localhost\/SitioCPSCS-Guantanamo\/?page_id=798"},"modified":"2018-01-25T15:33:15","modified_gmt":"2018-01-25T15:33:15","slug":"2015-2","status":"publish","type":"page","link":"https:\/\/instituciones.gtm.sld.cu\/cpscs\/?page_id=798","title":{"rendered":"2015"},"content":{"rendered":"<h2 style=\"text-align: center\">A\u00f1o 2015 &#8211; Premios<\/h2>\n<table style=\"height: 447px\" width=\"788\">\n<tbody>\n<tr>\n<td width=\"307\"><strong>Nombre<\/strong><\/td>\n<td width=\"324\"><strong>Categor\u00eda<\/strong><\/td>\n<td width=\"324\"><strong>Titulo del Trabajo<\/strong><\/td>\n<\/tr>\n<tr>\n<td style=\"text-align: justify\" width=\"307\"><strong>Dra. Dixiana del C. Planche Rodr\u00edguez<\/strong><\/td>\n<td style=\"text-align: justify\" width=\"324\"><strong>Tesis de Especialidad <\/strong><\/td>\n<td style=\"text-align: justify\" width=\"324\"><strong>Intervenci\u00f3n educativa para minimizar conductas violentas en relaciones de pareja. Comunidad Sur-Isleta. Guant\u00e1namo<\/strong><\/td>\n<\/tr>\n<tr>\n<td style=\"text-align: justify\" width=\"307\"><strong>Lic. Fidel Robinson Jay<\/strong><\/td>\n<td style=\"text-align: justify\" width=\"324\"><strong>Educaci\u00f3n m\u00e9dica<\/strong><\/td>\n<td style=\"text-align: justify\" width=\"324\"><strong>Entorno Virtual de desarrollo Socio human\u00edstico para profesionales de la salud<\/strong><\/td>\n<\/tr>\n<tr>\n<td style=\"text-align: justify\" width=\"307\"><strong>Lic. Yaima Navarro Rodriguez<\/strong><\/td>\n<td style=\"text-align: justify\" width=\"324\"><strong>Tesis de Maestria<\/strong><\/td>\n<td style=\"text-align: justify\" width=\"324\"><strong>\u201cEstrategia para la reducci\u00f3n del dolor pelviano en adolescentes. Hospital Dr. Agostinho Neto\u201d, enero-diciembre 2013<\/strong><\/td>\n<\/tr>\n<tr>\n<td style=\"text-align: justify\" width=\"307\"><strong>Dra. Maritza Fern\u00e1ndez Ortega<\/strong><\/td>\n<td style=\"text-align: justify\" width=\"324\"><strong>Publicaci\u00f3n Cient\u00edfica<\/strong><\/td>\n<td style=\"text-align: justify\" width=\"324\"><strong>Integraci\u00f3n de las estrategias curriculares y la proyecci\u00f3n comunitaria en segundo a\u00f1o de la carrera de Medicina<\/strong><\/td>\n<\/tr>\n<\/tbody>\n<\/table>\n<h2 style=\"text-align: center\">A\u00f1o 2015 &#8211; Menciones<\/h2>\n<table style=\"height: 779px\" width=\"785\">\n<tbody>\n<tr>\n<td width=\"307\"><strong>Nombre<\/strong><\/td>\n<td width=\"324\"><strong>Categor\u00eda<\/strong><\/td>\n<td width=\"324\"><strong>Titulo del Trabajo<\/strong><\/td>\n<\/tr>\n<tr>\n<td style=\"text-align: justify\" width=\"307\"><strong>Dra. Mercedes Bruz\u00f3n Bardaj\u00ed<\/strong><\/td>\n<td style=\"text-align: justify\" width=\"324\"><strong>Tesis de Especialidad<\/strong><\/td>\n<td style=\"text-align: justify\" width=\"324\"><strong>Flujograma para el tratamiento oportuno de los ni\u00f1os roncadores con adenoamigdalitis cr\u00f3nica<\/strong><\/td>\n<\/tr>\n<tr>\n<td style=\"text-align: justify\" width=\"307\"><strong>Lic. Ayler Ferret Utset<\/strong><\/td>\n<td style=\"text-align: justify\" width=\"324\"><strong>Educaci\u00f3n m\u00e9dica<\/strong><\/td>\n<td style=\"text-align: justify\" width=\"324\"><strong>Programa de curso b\u00e1sico de ingl\u00e9s apoyado de Software educativo para profesionales de salud<\/strong><\/td>\n<\/tr>\n<\/tbody>\n<\/table>\n","protected":false},"excerpt":{"rendered":"<p>A\u00f1o 2015 &#8211; Premios Nombre Categor\u00eda Titulo del Trabajo Dra. Dixiana del C. Planche Rodr\u00edguez Tesis de Especialidad Intervenci\u00f3n educativa para minimizar conductas violentas en relaciones de pareja. Comunidad Sur-Isleta. Guant\u00e1namo Lic. Fidel Robinson Jay Educaci\u00f3n m\u00e9dica Entorno Virtual de desarrollo Socio human\u00edstico para profesionales de la salud Lic. Yaima Navarro Rodriguez Tesis de Maestria &hellip; <\/p>\n<p><a class=\"more-link btn\" href=\"https:\/\/instituciones.gtm.sld.cu\/cpscs\/?page_id=798\">Seguir leyendo<\/a><\/p>\n","protected":false},"author":26,"featured_media":0,"parent":0,"menu_order":0,"comment_status":"closed","ping_status":"closed","template":"","meta":{"ngg_post_thumbnail":0,"_mc_calendar":[]},"yoast_head":"<!-- This site is optimized with the Yoast SEO plugin v21.8 - https:\/\/yoast.com\/wordpress\/plugins\/seo\/ -->\n<title>2015 -<\/title>\n<meta name=\"robots\" content=\"index, follow, max-snippet:-1, max-image-preview:large, max-video-preview:-1\" \/>\n<link rel=\"canonical\" href=\"https:\/\/instituciones.gtm.sld.cu\/cpscs\/?page_id=798\" \/>\n<meta property=\"og:locale\" content=\"es_ES\" \/>\n<meta property=\"og:type\" content=\"article\" \/>\n<meta property=\"og:title\" content=\"2015 -\" \/>\n<meta property=\"og:description\" content=\"A\u00f1o 2015 &#8211; Premios Nombre Categor\u00eda Titulo del Trabajo Dra. Dixiana del C. Planche Rodr\u00edguez Tesis de Especialidad Intervenci\u00f3n educativa para minimizar conductas violentas en relaciones de pareja. Comunidad Sur-Isleta. Guant\u00e1namo Lic. Fidel Robinson Jay Educaci\u00f3n m\u00e9dica Entorno Virtual de desarrollo Socio human\u00edstico para profesionales de la salud Lic. Yaima Navarro Rodriguez Tesis de Maestria &hellip; Seguir leyendo\" \/>\n<meta property=\"og:url\" content=\"https:\/\/instituciones.gtm.sld.cu\/cpscs\/?page_id=798\" \/>\n<meta name=\"twitter:card\" content=\"summary_large_image\" \/>\n<meta name=\"twitter:label1\" content=\"Tiempo de lectura\" \/>\n\t<meta name=\"twitter:data1\" content=\"1 minuto\" \/>\n<script type=\"application\/ld+json\" class=\"yoast-schema-graph\">{\"@context\":\"https:\/\/schema.org\",\"@graph\":[{\"@type\":\"WebPage\",\"@id\":\"https:\/\/instituciones.gtm.sld.cu\/cpscs\/?page_id=798\",\"url\":\"https:\/\/instituciones.gtm.sld.cu\/cpscs\/?page_id=798\",\"name\":\"2015 -\",\"isPartOf\":{\"@id\":\"https:\/\/instituciones.gtm.sld.cu\/cpscs\/#website\"},\"datePublished\":\"2018-01-25T15:33:15+00:00\",\"dateModified\":\"2018-01-25T15:33:15+00:00\",\"breadcrumb\":{\"@id\":\"https:\/\/instituciones.gtm.sld.cu\/cpscs\/?page_id=798#breadcrumb\"},\"inLanguage\":\"es\",\"potentialAction\":[{\"@type\":\"ReadAction\",\"target\":[\"https:\/\/instituciones.gtm.sld.cu\/cpscs\/?page_id=798\"]}]},{\"@type\":\"BreadcrumbList\",\"@id\":\"https:\/\/instituciones.gtm.sld.cu\/cpscs\/?page_id=798#breadcrumb\",\"itemListElement\":[{\"@type\":\"ListItem\",\"position\":1,\"name\":\"Portada\",\"item\":\"https:\/\/instituciones.gtm.sld.cu\/cpscs\"},{\"@type\":\"ListItem\",\"position\":2,\"name\":\"2015\"}]},{\"@type\":\"WebSite\",\"@id\":\"https:\/\/instituciones.gtm.sld.cu\/cpscs\/#website\",\"url\":\"https:\/\/instituciones.gtm.sld.cu\/cpscs\/\",\"name\":\"\",\"description\":\"\",\"potentialAction\":[{\"@type\":\"SearchAction\",\"target\":{\"@type\":\"EntryPoint\",\"urlTemplate\":\"https:\/\/instituciones.gtm.sld.cu\/cpscs\/?s={search_term_string}\"},\"query-input\":\"required name=search_term_string\"}],\"inLanguage\":\"es\"}]}<\/script>\n<!-- \/ Yoast SEO plugin. -->","yoast_head_json":{"title":"2015 -","robots":{"index":"index","follow":"follow","max-snippet":"max-snippet:-1","max-image-preview":"max-image-preview:large","max-video-preview":"max-video-preview:-1"},"canonical":"https:\/\/instituciones.gtm.sld.cu\/cpscs\/?page_id=798","og_locale":"es_ES","og_type":"article","og_title":"2015 -","og_description":"A\u00f1o 2015 &#8211; Premios Nombre Categor\u00eda Titulo del Trabajo Dra. Dixiana del C. Planche Rodr\u00edguez Tesis de Especialidad Intervenci\u00f3n educativa para minimizar conductas violentas en relaciones de pareja. Comunidad Sur-Isleta. Guant\u00e1namo Lic. Fidel Robinson Jay Educaci\u00f3n m\u00e9dica Entorno Virtual de desarrollo Socio human\u00edstico para profesionales de la salud Lic. Yaima Navarro Rodriguez Tesis de Maestria &hellip; Seguir leyendo","og_url":"https:\/\/instituciones.gtm.sld.cu\/cpscs\/?page_id=798","twitter_card":"summary_large_image","twitter_misc":{"Tiempo de lectura":"1 minuto"},"schema":{"@context":"https:\/\/schema.org","@graph":[{"@type":"WebPage","@id":"https:\/\/instituciones.gtm.sld.cu\/cpscs\/?page_id=798","url":"https:\/\/instituciones.gtm.sld.cu\/cpscs\/?page_id=798","name":"2015 -","isPartOf":{"@id":"https:\/\/instituciones.gtm.sld.cu\/cpscs\/#website"},"datePublished":"2018-01-25T15:33:15+00:00","dateModified":"2018-01-25T15:33:15+00:00","breadcrumb":{"@id":"https:\/\/instituciones.gtm.sld.cu\/cpscs\/?page_id=798#breadcrumb"},"inLanguage":"es","potentialAction":[{"@type":"ReadAction","target":["https:\/\/instituciones.gtm.sld.cu\/cpscs\/?page_id=798"]}]},{"@type":"BreadcrumbList","@id":"https:\/\/instituciones.gtm.sld.cu\/cpscs\/?page_id=798#breadcrumb","itemListElement":[{"@type":"ListItem","position":1,"name":"Portada","item":"https:\/\/instituciones.gtm.sld.cu\/cpscs"},{"@type":"ListItem","position":2,"name":"2015"}]},{"@type":"WebSite","@id":"https:\/\/instituciones.gtm.sld.cu\/cpscs\/#website","url":"https:\/\/instituciones.gtm.sld.cu\/cpscs\/","name":"","description":"","potentialAction":[{"@type":"SearchAction","target":{"@type":"EntryPoint","urlTemplate":"https:\/\/instituciones.gtm.sld.cu\/cpscs\/?s={search_term_string}"},"query-input":"required name=search_term_string"}],"inLanguage":"es"}]}},"_links":{"self":[{"href":"https:\/\/instituciones.gtm.sld.cu\/cpscs\/index.php?rest_route=\/wp\/v2\/pages\/798"}],"collection":[{"href":"https:\/\/instituciones.gtm.sld.cu\/cpscs\/index.php?rest_route=\/wp\/v2\/pages"}],"about":[{"href":"https:\/\/instituciones.gtm.sld.cu\/cpscs\/index.php?rest_route=\/wp\/v2\/types\/page"}],"author":[{"embeddable":true,"href":"https:\/\/instituciones.gtm.sld.cu\/cpscs\/index.php?rest_route=\/wp\/v2\/users\/26"}],"replies":[{"embeddable":true,"href":"https:\/\/instituciones.gtm.sld.cu\/cpscs\/index.php?rest_route=%2Fwp%2Fv2%2Fcomments&post=798"}],"version-history":[{"count":0,"href":"https:\/\/instituciones.gtm.sld.cu\/cpscs\/index.php?rest_route=\/wp\/v2\/pages\/798\/revisions"}],"wp:attachment":[{"href":"https:\/\/instituciones.gtm.sld.cu\/cpscs\/index.php?rest_route=%2Fwp%2Fv2%2Fmedia&parent=798"}],"curies":[{"name":"wp","href":"https:\/\/api.w.org\/{rel}","templated":true}]}}