{"id":222,"date":"2019-04-08T16:28:20","date_gmt":"2019-04-08T20:28:20","guid":{"rendered":"http:\/\/instituciones.gtm.sld.cu\/dmsims\/?page_id=222"},"modified":"2024-03-28T15:42:51","modified_gmt":"2024-03-28T19:42:51","slug":"informatica","status":"publish","type":"page","link":"https:\/\/instituciones.gtm.sld.cu\/dmsims\/informatica\/","title":{"rendered":"Departamento de Inform\u00e1tica y Comunicaciones"},"content":{"rendered":"\n<p><strong>Misi\u00f3n:<\/strong><\/p>\n\n\n\n<p>Contribuir al desarrollo sostenible y fortalecimiento\ndel Sistema de Salud cubano a trav\u00e9s del uso intensivo de las Tecnolog\u00edas de la\nInformaci\u00f3n y las Comunicaciones,donde se responda a las condiciones y\nnecesidades del proceso de informatizaci\u00f3n del pa\u00eds, el desarrollo de redes de\napoyo e investigaci\u00f3n que favorezcan las prestaciones en todos los niveles de\natenci\u00f3n y coadyuve a garantizar la salud de la poblaci\u00f3n. <\/p>\n\n\n\n<p><strong>Visi\u00f3n<\/strong><\/p>\n\n\n\n<p>Garantizar un elevado nivel de informatizaci\u00f3n de los procesos de atenci\u00f3n a la salud, de manera que estas redunden en un incremento del nivel cient\u00edfico de los recursos humanos,calidad,efectividad y eficiencia de los servicios que se prestan a la poblaci\u00f3n contribuyendo al logro de la santificaci\u00f3n de los prestadores y usuarios del Sistema Nacional de Salud.<\/p>\n\n\n\n<p><strong>FUNCIONES ESPEC\u00cdFICAS:<\/strong><\/p>\n\n\n\n<ol>\n<li>Organizar, dirigir y controlar el proceso de informatizaci\u00f3n en el Sistema de Salud del Municipio Imias.<\/li>\n\n\n\n<li>Dirigir, integrar de manera arm\u00f3nica y controlar metodol\u00f3gicamente las actividades y acciones de informatizaci\u00f3n en la entidad de salud del municipio.<\/li>\n\n\n\n<li>Fomentar y controlar el cumplimiento de las regulaciones establecidas en materia de inform\u00e1tica.<\/li>\n\n\n\n<li>Coordinar y controlar el programa de formaci\u00f3n integral de inform\u00e1tica a cumplir misi\u00f3n internacionalista.<\/li>\n\n\n\n<li>Promover y dirigir el dise\u00f1o creativo de soluciones inform\u00e1ticas para todos los procesos del Sistema de Salud del territorio.<\/li>\n\n\n\n<li>Fomentar el desarrollo de los proyectos inform\u00e1ticos.<\/li>\n\n\n\n<li>Controlar y mantener el sistema de radiocomunicaciones del municipio.<\/li>\n<\/ol>\n","protected":false},"excerpt":{"rendered":"<p>Misi\u00f3n: Contribuir al desarrollo sostenible y fortalecimiento del Sistema de Salud cubano a trav\u00e9s del uso intensivo de las Tecnolog\u00edas de la Informaci\u00f3n y las Comunicaciones,donde se responda a las condiciones y necesidades del proceso de informatizaci\u00f3n del pa\u00eds, el desarrollo de redes de apoyo e investigaci\u00f3n que favorezcan las prestaciones en todos los niveles &hellip; <\/p>\n<p><a class=\"more-link btn\" href=\"https:\/\/instituciones.gtm.sld.cu\/dmsims\/informatica\/\">Seguir leyendo<\/a><\/p>\n","protected":false},"author":17,"featured_media":0,"parent":0,"menu_order":0,"comment_status":"closed","ping_status":"closed","template":"","meta":{"ngg_post_thumbnail":0,"_mc_calendar":[]},"yoast_head":"<!-- This site is optimized with the Yoast SEO plugin v21.8 - https:\/\/yoast.com\/wordpress\/plugins\/seo\/ -->\n<title>Departamento de Inform\u00e1tica y Comunicaciones - Policl\u00ednico &quot;Ciro Fr\u00edas Cabrera&quot;<\/title>\n<meta name=\"robots\" content=\"index, follow, max-snippet:-1, max-image-preview:large, max-video-preview:-1\" \/>\n<link rel=\"canonical\" href=\"https:\/\/instituciones.gtm.sld.cu\/dmsims\/informatica\/\" \/>\n<meta property=\"og:locale\" content=\"es_ES\" \/>\n<meta property=\"og:type\" content=\"article\" \/>\n<meta property=\"og:title\" content=\"Departamento de Inform\u00e1tica y Comunicaciones - Policl\u00ednico &quot;Ciro Fr\u00edas Cabrera&quot;\" \/>\n<meta property=\"og:description\" content=\"Misi\u00f3n: Contribuir al desarrollo sostenible y fortalecimiento del Sistema de Salud cubano a trav\u00e9s del uso intensivo de las Tecnolog\u00edas de la Informaci\u00f3n y las Comunicaciones,donde se responda a las condiciones y necesidades del proceso de informatizaci\u00f3n del pa\u00eds, el desarrollo de redes de apoyo e investigaci\u00f3n que favorezcan las prestaciones en todos los niveles &hellip; Seguir leyendo\" \/>\n<meta property=\"og:url\" content=\"https:\/\/instituciones.gtm.sld.cu\/dmsims\/informatica\/\" \/>\n<meta property=\"og:site_name\" content=\"Policl\u00ednico &quot;Ciro Fr\u00edas Cabrera&quot;\" \/>\n<meta property=\"article:modified_time\" content=\"2024-03-28T19:42:51+00:00\" \/>\n<meta name=\"twitter:card\" content=\"summary_large_image\" \/>\n<meta name=\"twitter:label1\" content=\"Tiempo de lectura\" \/>\n\t<meta name=\"twitter:data1\" content=\"2 minutos\" \/>\n<script type=\"application\/ld+json\" class=\"yoast-schema-graph\">{\"@context\":\"https:\/\/schema.org\",\"@graph\":[{\"@type\":\"WebPage\",\"@id\":\"https:\/\/instituciones.gtm.sld.cu\/dmsims\/informatica\/\",\"url\":\"https:\/\/instituciones.gtm.sld.cu\/dmsims\/informatica\/\",\"name\":\"Departamento de Inform\u00e1tica y Comunicaciones - Policl\u00ednico &quot;Ciro Fr\u00edas Cabrera&quot;\",\"isPartOf\":{\"@id\":\"https:\/\/instituciones.gtm.sld.cu\/dmsims\/#website\"},\"datePublished\":\"2019-04-08T20:28:20+00:00\",\"dateModified\":\"2024-03-28T19:42:51+00:00\",\"breadcrumb\":{\"@id\":\"https:\/\/instituciones.gtm.sld.cu\/dmsims\/informatica\/#breadcrumb\"},\"inLanguage\":\"es\",\"potentialAction\":[{\"@type\":\"ReadAction\",\"target\":[\"https:\/\/instituciones.gtm.sld.cu\/dmsims\/informatica\/\"]}]},{\"@type\":\"BreadcrumbList\",\"@id\":\"https:\/\/instituciones.gtm.sld.cu\/dmsims\/informatica\/#breadcrumb\",\"itemListElement\":[{\"@type\":\"ListItem\",\"position\":1,\"name\":\"Portada\",\"item\":\"https:\/\/instituciones.gtm.sld.cu\/dmsims\/\"},{\"@type\":\"ListItem\",\"position\":2,\"name\":\"Departamento de Inform\u00e1tica y Comunicaciones\"}]},{\"@type\":\"WebSite\",\"@id\":\"https:\/\/instituciones.gtm.sld.cu\/dmsims\/#website\",\"url\":\"https:\/\/instituciones.gtm.sld.cu\/dmsims\/\",\"name\":\"Policl\u00ednico &quot;Ciro Fr\u00edas Cabrera&quot;\",\"description\":\"Policl\u00ednico &quot;Ciro Fr\u00edas Cabrera&quot;\",\"potentialAction\":[{\"@type\":\"SearchAction\",\"target\":{\"@type\":\"EntryPoint\",\"urlTemplate\":\"https:\/\/instituciones.gtm.sld.cu\/dmsims\/?s={search_term_string}\"},\"query-input\":\"required name=search_term_string\"}],\"inLanguage\":\"es\"}]}<\/script>\n<!-- \/ Yoast SEO plugin. -->","yoast_head_json":{"title":"Departamento de Inform\u00e1tica y Comunicaciones - Policl\u00ednico &quot;Ciro Fr\u00edas Cabrera&quot;","robots":{"index":"index","follow":"follow","max-snippet":"max-snippet:-1","max-image-preview":"max-image-preview:large","max-video-preview":"max-video-preview:-1"},"canonical":"https:\/\/instituciones.gtm.sld.cu\/dmsims\/informatica\/","og_locale":"es_ES","og_type":"article","og_title":"Departamento de Inform\u00e1tica y Comunicaciones - Policl\u00ednico &quot;Ciro Fr\u00edas Cabrera&quot;","og_description":"Misi\u00f3n: Contribuir al desarrollo sostenible y fortalecimiento del Sistema de Salud cubano a trav\u00e9s del uso intensivo de las Tecnolog\u00edas de la Informaci\u00f3n y las Comunicaciones,donde se responda a las condiciones y necesidades del proceso de informatizaci\u00f3n del pa\u00eds, el desarrollo de redes de apoyo e investigaci\u00f3n que favorezcan las prestaciones en todos los niveles &hellip; Seguir leyendo","og_url":"https:\/\/instituciones.gtm.sld.cu\/dmsims\/informatica\/","og_site_name":"Policl\u00ednico &quot;Ciro Fr\u00edas Cabrera&quot;","article_modified_time":"2024-03-28T19:42:51+00:00","twitter_card":"summary_large_image","twitter_misc":{"Tiempo de lectura":"2 minutos"},"schema":{"@context":"https:\/\/schema.org","@graph":[{"@type":"WebPage","@id":"https:\/\/instituciones.gtm.sld.cu\/dmsims\/informatica\/","url":"https:\/\/instituciones.gtm.sld.cu\/dmsims\/informatica\/","name":"Departamento de Inform\u00e1tica y Comunicaciones - Policl\u00ednico &quot;Ciro Fr\u00edas Cabrera&quot;","isPartOf":{"@id":"https:\/\/instituciones.gtm.sld.cu\/dmsims\/#website"},"datePublished":"2019-04-08T20:28:20+00:00","dateModified":"2024-03-28T19:42:51+00:00","breadcrumb":{"@id":"https:\/\/instituciones.gtm.sld.cu\/dmsims\/informatica\/#breadcrumb"},"inLanguage":"es","potentialAction":[{"@type":"ReadAction","target":["https:\/\/instituciones.gtm.sld.cu\/dmsims\/informatica\/"]}]},{"@type":"BreadcrumbList","@id":"https:\/\/instituciones.gtm.sld.cu\/dmsims\/informatica\/#breadcrumb","itemListElement":[{"@type":"ListItem","position":1,"name":"Portada","item":"https:\/\/instituciones.gtm.sld.cu\/dmsims\/"},{"@type":"ListItem","position":2,"name":"Departamento de Inform\u00e1tica y Comunicaciones"}]},{"@type":"WebSite","@id":"https:\/\/instituciones.gtm.sld.cu\/dmsims\/#website","url":"https:\/\/instituciones.gtm.sld.cu\/dmsims\/","name":"Policl\u00ednico &quot;Ciro Fr\u00edas Cabrera&quot;","description":"Policl\u00ednico &quot;Ciro Fr\u00edas Cabrera&quot;","potentialAction":[{"@type":"SearchAction","target":{"@type":"EntryPoint","urlTemplate":"https:\/\/instituciones.gtm.sld.cu\/dmsims\/?s={search_term_string}"},"query-input":"required name=search_term_string"}],"inLanguage":"es"}]}},"_links":{"self":[{"href":"https:\/\/instituciones.gtm.sld.cu\/dmsims\/wp-json\/wp\/v2\/pages\/222"}],"collection":[{"href":"https:\/\/instituciones.gtm.sld.cu\/dmsims\/wp-json\/wp\/v2\/pages"}],"about":[{"href":"https:\/\/instituciones.gtm.sld.cu\/dmsims\/wp-json\/wp\/v2\/types\/page"}],"author":[{"embeddable":true,"href":"https:\/\/instituciones.gtm.sld.cu\/dmsims\/wp-json\/wp\/v2\/users\/17"}],"replies":[{"embeddable":true,"href":"https:\/\/instituciones.gtm.sld.cu\/dmsims\/wp-json\/wp\/v2\/comments?post=222"}],"version-history":[{"count":1,"href":"https:\/\/instituciones.gtm.sld.cu\/dmsims\/wp-json\/wp\/v2\/pages\/222\/revisions"}],"predecessor-version":[{"id":2238,"href":"https:\/\/instituciones.gtm.sld.cu\/dmsims\/wp-json\/wp\/v2\/pages\/222\/revisions\/2238"}],"wp:attachment":[{"href":"https:\/\/instituciones.gtm.sld.cu\/dmsims\/wp-json\/wp\/v2\/media?parent=222"}],"curies":[{"name":"wp","href":"https:\/\/api.w.org\/{rel}","templated":true}]}}

Departamento de Informática y Comunicaciones

<p><strong>Misión:</strong></p>



<p>Contribuir al desarrollo sostenible y fortalecimiento
del Sistema de Salud cubano a través del uso intensivo de las Tecnologías de la
Información y las Comunicaciones,donde se responda a las condiciones y
necesidades del proceso de informatización del país, el desarrollo de redes de
apoyo e investigación que favorezcan las prestaciones en todos los niveles de
atención y coadyuve a garantizar la salud de la población. </p>



<p><strong>Visión</strong></p>



<p>Garantizar un elevado nivel de informatización de los procesos de atención a la salud, de manera que estas redunden en un incremento del nivel científico de los recursos humanos,calidad,efectividad y eficiencia de los servicios que se prestan a la población contribuyendo al logro de la santificación de los prestadores y usuarios del Sistema Nacional de Salud.</p>



<p><strong>FUNCIONES ESPECÍFICAS:</strong></p>



<ol>
<li>Organizar, dirigir y controlar el proceso de informatización en el Sistema de Salud del Municipio Imias.</li>



<li>Dirigir, integrar de manera armónica y controlar metodológicamente las actividades y acciones de informatización en la entidad de salud del municipio.</li>



<li>Fomentar y controlar el cumplimiento de las regulaciones establecidas en materia de informática.</li>



<li>Coordinar y controlar el programa de formación integral de informática a cumplir misión internacionalista.</li>



<li>Promover y dirigir el diseño creativo de soluciones informáticas para todos los procesos del Sistema de Salud del territorio.</li>



<li>Fomentar el desarrollo de los proyectos informáticos.</li>



<li>Controlar y mantener el sistema de radiocomunicaciones del municipio.</li>
</ol>

<p>Misión: Contribuir al desarrollo sostenible y fortalecimiento del Sistema de Salud cubano a través del uso intensivo de las Tecnologías de la Información y las Comunicaciones,donde se responda a las condiciones y necesidades del proceso de informatización del país, el desarrollo de redes de apoyo e investigación que favorezcan las prestaciones en todos los niveles &hellip; </p>
<p><a class="more-link btn" href="https://instituciones.gtm.sld.cu/dmsims/informatica/">Seguir leyendo</a></p>

<!-- This site is optimized with the Yoast SEO plugin v21.8 - https://yoast.com/wordpress/plugins/seo/ -->
<title>Departamento de Informática y Comunicaciones - Policlínico &quot;Ciro Frías Cabrera&quot;</title>
<meta name="robots" content="index, follow, max-snippet:-1, max-image-preview:large, max-video-preview:-1" />
<link rel="canonical" href="https://instituciones.gtm.sld.cu/dmsims/informatica/" />
<meta property="og:locale" content="es_ES" />
<meta property="og:type" content="article" />
<meta property="og:title" content="Departamento de Informática y Comunicaciones - Policlínico &quot;Ciro Frías Cabrera&quot;" />
<meta property="og:description" content="Misión: Contribuir al desarrollo sostenible y fortalecimiento del Sistema de Salud cubano a través del uso intensivo de las Tecnologías de la Información y las Comunicaciones,donde se responda a las condiciones y necesidades del proceso de informatización del país, el desarrollo de redes de apoyo e investigación que favorezcan las prestaciones en todos los niveles &hellip; Seguir leyendo" />
<meta property="og:url" content="https://instituciones.gtm.sld.cu/dmsims/informatica/" />
<meta property="og:site_name" content="Policlínico &quot;Ciro Frías Cabrera&quot;" />
<meta property="article:modified_time" content="2024-03-28T19:42:51+00:00" />
<meta name="twitter:card" content="summary_large_image" />
<meta name="twitter:label1" content="Tiempo de lectura" />
	<meta name="twitter:data1" content="2 minutos" />
<script type="application/ld+json" class="yoast-schema-graph">{"@context":"https://schema.org","@graph":[{"@type":"WebPage","@id":"https://instituciones.gtm.sld.cu/dmsims/informatica/","url":"https://instituciones.gtm.sld.cu/dmsims/informatica/","name":"Departamento de Informática y Comunicaciones - Policlínico &quot;Ciro Frías Cabrera&quot;","isPartOf":{"@id":"https://instituciones.gtm.sld.cu/dmsims/#website"},"datePublished":"2019-04-08T20:28:20+00:00","dateModified":"2024-03-28T19:42:51+00:00","breadcrumb":{"@id":"https://instituciones.gtm.sld.cu/dmsims/informatica/#breadcrumb"},"inLanguage":"es","potentialAction":[{"@type":"ReadAction","target":["https://instituciones.gtm.sld.cu/dmsims/informatica/"]}]},{"@type":"BreadcrumbList","@id":"https://instituciones.gtm.sld.cu/dmsims/informatica/#breadcrumb","itemListElement":[{"@type":"ListItem","position":1,"name":"Portada","item":"https://instituciones.gtm.sld.cu/dmsims/"},{"@type":"ListItem","position":2,"name":"Departamento de Informática y Comunicaciones"}]},{"@type":"WebSite","@id":"https://instituciones.gtm.sld.cu/dmsims/#website","url":"https://instituciones.gtm.sld.cu/dmsims/","name":"Policlínico &quot;Ciro Frías Cabrera&quot;","description":"Policlínico &quot;Ciro Frías Cabrera&quot;","potentialAction":[{"@type":"SearchAction","target":{"@type":"EntryPoint","urlTemplate":"https://instituciones.gtm.sld.cu/dmsims/?s={search_term_string}"},"query-input":"required name=search_term_string"}],"inLanguage":"es"}]}</script>
<!-- / Yoast SEO plugin. -->

Departamento de Informática y Comunicaciones - Policlínico &quot;Ciro Frías Cabrera&quot;

Misión: Contribuir al desarrollo sostenible y fortalecimiento del Sistema de Salud cubano a través del uso intensivo de las Tecnologías de la Información y las Comunicaciones,donde se responda a las condiciones y necesidades del proceso de informatización del país, el desarrollo de redes de apoyo e investigación que favorezcan las prestaciones en todos los niveles &hellip; Seguir leyendo

Policlínico &quot;Ciro Frías Cabrera&quot;
