{"id":224,"date":"2019-04-08T16:29:08","date_gmt":"2019-04-08T20:29:08","guid":{"rendered":"http:\/\/instituciones.gtm.sld.cu\/dmsims\/?page_id=224"},"modified":"2019-04-30T09:31:41","modified_gmt":"2019-04-30T13:31:41","slug":"dpto-economico","status":"publish","type":"page","link":"https:\/\/instituciones.gtm.sld.cu\/dmsims\/dpto-economico\/","title":{"rendered":"Dpto Econ\u00f3mico"},"content":{"rendered":"\n<p><strong>Misi\u00f3n<\/strong><\/p>\n\n\n\n<p>El Departamento de Econom\u00eda tiene como misi\u00f3n hacer\ncumplir todas las disposiciones legales vigentes que aseguren financiera y\nmaterialmente el desarrollo de las actividades fundamentales en un ambiente de\nelevada eficiencia y eficacia en el uso de los &nbsp;recursos<\/p>\n\n\n\n<p>Tiene como objetivo planificar, controlar hacer\ncumplir y cumplir con todas las regulaciones vigentes del sistema nacional de\neconom\u00eda, de los recursos humanos, planificaci\u00f3n, contabilidad, transporte y\nservicios.<\/p>\n\n\n\n<p>El Departamento de Econom\u00eda &nbsp;es el encargado de\nvelar por el aprovechamiento al m\u00e1ximo de los recursos materiales, financieros\ny humanos de la entidad, capacitar y asesorar al personal subordinado, velar\npor que se cumpla adecuada mente con el presupuesto del a\u00f1o.<\/p>\n\n\n\n<p><strong>&nbsp;Visi\u00f3n<\/strong><\/p>\n\n\n\n<ul><li>Se\n     cuenta con una infraestructura adecuada que garantiza la calidad de la\n     gesti\u00f3n econ\u00f3mico financiera<\/li><li>Es\n     utilizada la informaci\u00f3n cient\u00edfica por v\u00eda de intra e Internet que\n     garantiza el acceso de los trabajadores del \u00e1rea al conocimiento m\u00e1s\n     avanzado en la ciencia y la tecnolog\u00eda en el mundo.<\/li><li>Est\u00e1\n     consolidada la formaci\u00f3n de los trabajadores del \u00e1rea.<\/li><li>Est\u00e1\n     consolidado el trabajo del \u00e1rea econ\u00f3mica<\/li><li>Contamos\n     con la base material m\u00ednima indispensable para garantizar la calidad del\n     trabajo del \u00e1rea<\/li><li>El \u00e1rea\n     econ\u00f3mica cuenta con buena gesti\u00f3n de los Recursos Humanos y financieros.<\/li><li>Se\n     consolida la estabilidad de trabajadores del \u00e1rea<\/li><li>Mantenemos\n     la contabilidad certificada<\/li><li>Se\n     aprueban todas las evaluaciones externas realizadas al \u00e1rea<\/li><\/ul>\n","protected":false},"excerpt":{"rendered":"<p>Misi\u00f3n El Departamento de Econom\u00eda tiene como misi\u00f3n hacer cumplir todas las disposiciones legales vigentes que aseguren financiera y materialmente el desarrollo de las actividades fundamentales en un ambiente de elevada eficiencia y eficacia en el uso de los &nbsp;recursos Tiene como objetivo planificar, controlar hacer cumplir y cumplir con todas las regulaciones vigentes del &hellip; <\/p>\n<p><a class=\"more-link btn\" href=\"https:\/\/instituciones.gtm.sld.cu\/dmsims\/dpto-economico\/\">Seguir leyendo<\/a><\/p>\n","protected":false},"author":17,"featured_media":0,"parent":0,"menu_order":0,"comment_status":"closed","ping_status":"closed","template":"","meta":{"ngg_post_thumbnail":0,"_mc_calendar":[]},"yoast_head":"<!-- This site is optimized with the Yoast SEO plugin v21.8 - https:\/\/yoast.com\/wordpress\/plugins\/seo\/ -->\n<title>Dpto Econ\u00f3mico - Policl\u00ednico &quot;Ciro Fr\u00edas Cabrera&quot;<\/title>\n<meta name=\"robots\" content=\"index, follow, max-snippet:-1, max-image-preview:large, max-video-preview:-1\" \/>\n<link rel=\"canonical\" href=\"https:\/\/instituciones.gtm.sld.cu\/dmsims\/dpto-economico\/\" \/>\n<meta property=\"og:locale\" content=\"es_ES\" \/>\n<meta property=\"og:type\" content=\"article\" \/>\n<meta property=\"og:title\" content=\"Dpto Econ\u00f3mico - Policl\u00ednico &quot;Ciro Fr\u00edas Cabrera&quot;\" \/>\n<meta property=\"og:description\" content=\"Misi\u00f3n El Departamento de Econom\u00eda tiene como misi\u00f3n hacer cumplir todas las disposiciones legales vigentes que aseguren financiera y materialmente el desarrollo de las actividades fundamentales en un ambiente de elevada eficiencia y eficacia en el uso de los &nbsp;recursos Tiene como objetivo planificar, controlar hacer cumplir y cumplir con todas las regulaciones vigentes del &hellip; Seguir leyendo\" \/>\n<meta property=\"og:url\" content=\"https:\/\/instituciones.gtm.sld.cu\/dmsims\/dpto-economico\/\" \/>\n<meta property=\"og:site_name\" content=\"Policl\u00ednico &quot;Ciro Fr\u00edas Cabrera&quot;\" \/>\n<meta property=\"article:modified_time\" content=\"2019-04-30T13:31:41+00:00\" \/>\n<meta name=\"twitter:card\" content=\"summary_large_image\" \/>\n<meta name=\"twitter:label1\" content=\"Tiempo de lectura\" \/>\n\t<meta name=\"twitter:data1\" content=\"1 minuto\" \/>\n<script type=\"application\/ld+json\" class=\"yoast-schema-graph\">{\"@context\":\"https:\/\/schema.org\",\"@graph\":[{\"@type\":\"WebPage\",\"@id\":\"https:\/\/instituciones.gtm.sld.cu\/dmsims\/dpto-economico\/\",\"url\":\"https:\/\/instituciones.gtm.sld.cu\/dmsims\/dpto-economico\/\",\"name\":\"Dpto Econ\u00f3mico - Policl\u00ednico &quot;Ciro Fr\u00edas Cabrera&quot;\",\"isPartOf\":{\"@id\":\"https:\/\/instituciones.gtm.sld.cu\/dmsims\/#website\"},\"datePublished\":\"2019-04-08T20:29:08+00:00\",\"dateModified\":\"2019-04-30T13:31:41+00:00\",\"breadcrumb\":{\"@id\":\"https:\/\/instituciones.gtm.sld.cu\/dmsims\/dpto-economico\/#breadcrumb\"},\"inLanguage\":\"es\",\"potentialAction\":[{\"@type\":\"ReadAction\",\"target\":[\"https:\/\/instituciones.gtm.sld.cu\/dmsims\/dpto-economico\/\"]}]},{\"@type\":\"BreadcrumbList\",\"@id\":\"https:\/\/instituciones.gtm.sld.cu\/dmsims\/dpto-economico\/#breadcrumb\",\"itemListElement\":[{\"@type\":\"ListItem\",\"position\":1,\"name\":\"Portada\",\"item\":\"https:\/\/instituciones.gtm.sld.cu\/dmsims\/\"},{\"@type\":\"ListItem\",\"position\":2,\"name\":\"Dpto Econ\u00f3mico\"}]},{\"@type\":\"WebSite\",\"@id\":\"https:\/\/instituciones.gtm.sld.cu\/dmsims\/#website\",\"url\":\"https:\/\/instituciones.gtm.sld.cu\/dmsims\/\",\"name\":\"Policl\u00ednico &quot;Ciro Fr\u00edas Cabrera&quot;\",\"description\":\"Policl\u00ednico &quot;Ciro Fr\u00edas Cabrera&quot;\",\"potentialAction\":[{\"@type\":\"SearchAction\",\"target\":{\"@type\":\"EntryPoint\",\"urlTemplate\":\"https:\/\/instituciones.gtm.sld.cu\/dmsims\/?s={search_term_string}\"},\"query-input\":\"required name=search_term_string\"}],\"inLanguage\":\"es\"}]}<\/script>\n<!-- \/ Yoast SEO plugin. -->","yoast_head_json":{"title":"Dpto Econ\u00f3mico - Policl\u00ednico &quot;Ciro Fr\u00edas Cabrera&quot;","robots":{"index":"index","follow":"follow","max-snippet":"max-snippet:-1","max-image-preview":"max-image-preview:large","max-video-preview":"max-video-preview:-1"},"canonical":"https:\/\/instituciones.gtm.sld.cu\/dmsims\/dpto-economico\/","og_locale":"es_ES","og_type":"article","og_title":"Dpto Econ\u00f3mico - Policl\u00ednico &quot;Ciro Fr\u00edas Cabrera&quot;","og_description":"Misi\u00f3n El Departamento de Econom\u00eda tiene como misi\u00f3n hacer cumplir todas las disposiciones legales vigentes que aseguren financiera y materialmente el desarrollo de las actividades fundamentales en un ambiente de elevada eficiencia y eficacia en el uso de los &nbsp;recursos Tiene como objetivo planificar, controlar hacer cumplir y cumplir con todas las regulaciones vigentes del &hellip; Seguir leyendo","og_url":"https:\/\/instituciones.gtm.sld.cu\/dmsims\/dpto-economico\/","og_site_name":"Policl\u00ednico &quot;Ciro Fr\u00edas Cabrera&quot;","article_modified_time":"2019-04-30T13:31:41+00:00","twitter_card":"summary_large_image","twitter_misc":{"Tiempo de lectura":"1 minuto"},"schema":{"@context":"https:\/\/schema.org","@graph":[{"@type":"WebPage","@id":"https:\/\/instituciones.gtm.sld.cu\/dmsims\/dpto-economico\/","url":"https:\/\/instituciones.gtm.sld.cu\/dmsims\/dpto-economico\/","name":"Dpto Econ\u00f3mico - Policl\u00ednico &quot;Ciro Fr\u00edas Cabrera&quot;","isPartOf":{"@id":"https:\/\/instituciones.gtm.sld.cu\/dmsims\/#website"},"datePublished":"2019-04-08T20:29:08+00:00","dateModified":"2019-04-30T13:31:41+00:00","breadcrumb":{"@id":"https:\/\/instituciones.gtm.sld.cu\/dmsims\/dpto-economico\/#breadcrumb"},"inLanguage":"es","potentialAction":[{"@type":"ReadAction","target":["https:\/\/instituciones.gtm.sld.cu\/dmsims\/dpto-economico\/"]}]},{"@type":"BreadcrumbList","@id":"https:\/\/instituciones.gtm.sld.cu\/dmsims\/dpto-economico\/#breadcrumb","itemListElement":[{"@type":"ListItem","position":1,"name":"Portada","item":"https:\/\/instituciones.gtm.sld.cu\/dmsims\/"},{"@type":"ListItem","position":2,"name":"Dpto Econ\u00f3mico"}]},{"@type":"WebSite","@id":"https:\/\/instituciones.gtm.sld.cu\/dmsims\/#website","url":"https:\/\/instituciones.gtm.sld.cu\/dmsims\/","name":"Policl\u00ednico &quot;Ciro Fr\u00edas Cabrera&quot;","description":"Policl\u00ednico &quot;Ciro Fr\u00edas Cabrera&quot;","potentialAction":[{"@type":"SearchAction","target":{"@type":"EntryPoint","urlTemplate":"https:\/\/instituciones.gtm.sld.cu\/dmsims\/?s={search_term_string}"},"query-input":"required name=search_term_string"}],"inLanguage":"es"}]}},"_links":{"self":[{"href":"https:\/\/instituciones.gtm.sld.cu\/dmsims\/wp-json\/wp\/v2\/pages\/224"}],"collection":[{"href":"https:\/\/instituciones.gtm.sld.cu\/dmsims\/wp-json\/wp\/v2\/pages"}],"about":[{"href":"https:\/\/instituciones.gtm.sld.cu\/dmsims\/wp-json\/wp\/v2\/types\/page"}],"author":[{"embeddable":true,"href":"https:\/\/instituciones.gtm.sld.cu\/dmsims\/wp-json\/wp\/v2\/users\/17"}],"replies":[{"embeddable":true,"href":"https:\/\/instituciones.gtm.sld.cu\/dmsims\/wp-json\/wp\/v2\/comments?post=224"}],"version-history":[{"count":0,"href":"https:\/\/instituciones.gtm.sld.cu\/dmsims\/wp-json\/wp\/v2\/pages\/224\/revisions"}],"wp:attachment":[{"href":"https:\/\/instituciones.gtm.sld.cu\/dmsims\/wp-json\/wp\/v2\/media?parent=224"}],"curies":[{"name":"wp","href":"https:\/\/api.w.org\/{rel}","templated":true}]}}