{"id":231,"date":"2019-04-08T16:33:26","date_gmt":"2019-04-08T20:33:26","guid":{"rendered":"http:\/\/instituciones.gtm.sld.cu\/dmsims\/?page_id=231"},"modified":"2019-05-03T16:01:35","modified_gmt":"2019-05-03T20:01:35","slug":"tecnico-de-proteccion","status":"publish","type":"page","link":"https:\/\/instituciones.gtm.sld.cu\/dmsims\/tecnico-de-proteccion\/","title":{"rendered":"T\u00e9cnico de protecci\u00f3n"},"content":{"rendered":"\n<p>El sistema de seguridad y protecci\u00f3n f\u00edsica ,es el conjunto de medidas organizativas y de control,personal y medios de seguridad y protecci\u00f3n,destinados a garantizar la integridad y custodia de las personas,bienes y recursos ante posible amenazas de diversas \u00edndole.<\/p>\n\n\n\n<p><strong>MISI\u00d3N:<\/strong><\/p>\n\n\n\n<ul><li>Comunicar\n     a los \u00f3rganos del Ministerio del Interior; como parte de sus funciones y\n     en ocasi\u00f3n de la prestaci\u00f3n del servicio, las informaciones de car\u00e1cter\n     relevante para la preservaci\u00f3n, el mantenimiento o restablecimiento del\n     orden interior y la tranquilidad ciudadana incluyendo los hechos\n     delictivos que tengan lugar en el objeto de su protecci\u00f3n;<\/li><li>&nbsp;Sustentar\n     su actuaci\u00f3n en los principios del respeto a la integridad&nbsp; y&nbsp;\n     dignidad de las personas, racionalidad&nbsp; y&nbsp; profesionalidad en el\n     uso de sus facultades y en el empleo de los medios a su disposici\u00f3n.<\/li><li>Garantizar\n     la custodia del armamento, la documentaci\u00f3n, medios&nbsp; y&nbsp;\n     aditamentos destinados para ello evitando el deterioro, extrav\u00edo, robo o\n     sustracci\u00f3n de los mismos informando de inmediato&nbsp; a&nbsp; su Jefe,\n     si tales hechos se produjeran.<\/li><li>Ejercer\n     sus funciones con la debida discreci\u00f3n&nbsp; y&nbsp; compartimentaci\u00f3n en\n     lo referente a las misiones asignadas, ubicaci\u00f3n y caracter\u00edsticas de los\n     medios de seguridad&nbsp; y&nbsp; otras informaciones inherentes a la\n     seguridad del objeto de su protecci\u00f3n.<\/li><\/ul>\n","protected":false},"excerpt":{"rendered":"<p>El sistema de seguridad y protecci\u00f3n f\u00edsica ,es el conjunto de medidas organizativas y de control,personal y medios de seguridad y protecci\u00f3n,destinados a garantizar la integridad y custodia de las personas,bienes y recursos ante posible amenazas de diversas \u00edndole. MISI\u00d3N: Comunicar a los \u00f3rganos del Ministerio del Interior; como parte de sus funciones y en &hellip; <\/p>\n<p><a class=\"more-link btn\" href=\"https:\/\/instituciones.gtm.sld.cu\/dmsims\/tecnico-de-proteccion\/\">Seguir leyendo<\/a><\/p>\n","protected":false},"author":17,"featured_media":0,"parent":0,"menu_order":0,"comment_status":"closed","ping_status":"closed","template":"","meta":{"ngg_post_thumbnail":0,"_mc_calendar":[]},"yoast_head":"<!-- This site is optimized with the Yoast SEO plugin v21.8 - https:\/\/yoast.com\/wordpress\/plugins\/seo\/ -->\n<title>T\u00e9cnico de protecci\u00f3n - Policl\u00ednico &quot;Ciro Fr\u00edas Cabrera&quot;<\/title>\n<meta name=\"robots\" content=\"index, follow, max-snippet:-1, max-image-preview:large, max-video-preview:-1\" \/>\n<link rel=\"canonical\" href=\"https:\/\/instituciones.gtm.sld.cu\/dmsims\/tecnico-de-proteccion\/\" \/>\n<meta property=\"og:locale\" content=\"es_ES\" \/>\n<meta property=\"og:type\" content=\"article\" \/>\n<meta property=\"og:title\" content=\"T\u00e9cnico de protecci\u00f3n - Policl\u00ednico &quot;Ciro Fr\u00edas Cabrera&quot;\" \/>\n<meta property=\"og:description\" content=\"El sistema de seguridad y protecci\u00f3n f\u00edsica ,es el conjunto de medidas organizativas y de control,personal y medios de seguridad y protecci\u00f3n,destinados a garantizar la integridad y custodia de las personas,bienes y recursos ante posible amenazas de diversas \u00edndole. MISI\u00d3N: Comunicar a los \u00f3rganos del Ministerio del Interior; como parte de sus funciones y en &hellip; Seguir leyendo\" \/>\n<meta property=\"og:url\" content=\"https:\/\/instituciones.gtm.sld.cu\/dmsims\/tecnico-de-proteccion\/\" \/>\n<meta property=\"og:site_name\" content=\"Policl\u00ednico &quot;Ciro Fr\u00edas Cabrera&quot;\" \/>\n<meta property=\"article:modified_time\" content=\"2019-05-03T20:01:35+00:00\" \/>\n<meta name=\"twitter:card\" content=\"summary_large_image\" \/>\n<meta name=\"twitter:label1\" content=\"Tiempo de lectura\" \/>\n\t<meta name=\"twitter:data1\" content=\"1 minuto\" \/>\n<script type=\"application\/ld+json\" class=\"yoast-schema-graph\">{\"@context\":\"https:\/\/schema.org\",\"@graph\":[{\"@type\":\"WebPage\",\"@id\":\"https:\/\/instituciones.gtm.sld.cu\/dmsims\/tecnico-de-proteccion\/\",\"url\":\"https:\/\/instituciones.gtm.sld.cu\/dmsims\/tecnico-de-proteccion\/\",\"name\":\"T\u00e9cnico de protecci\u00f3n - Policl\u00ednico &quot;Ciro Fr\u00edas Cabrera&quot;\",\"isPartOf\":{\"@id\":\"https:\/\/instituciones.gtm.sld.cu\/dmsims\/#website\"},\"datePublished\":\"2019-04-08T20:33:26+00:00\",\"dateModified\":\"2019-05-03T20:01:35+00:00\",\"breadcrumb\":{\"@id\":\"https:\/\/instituciones.gtm.sld.cu\/dmsims\/tecnico-de-proteccion\/#breadcrumb\"},\"inLanguage\":\"es\",\"potentialAction\":[{\"@type\":\"ReadAction\",\"target\":[\"https:\/\/instituciones.gtm.sld.cu\/dmsims\/tecnico-de-proteccion\/\"]}]},{\"@type\":\"BreadcrumbList\",\"@id\":\"https:\/\/instituciones.gtm.sld.cu\/dmsims\/tecnico-de-proteccion\/#breadcrumb\",\"itemListElement\":[{\"@type\":\"ListItem\",\"position\":1,\"name\":\"Portada\",\"item\":\"https:\/\/instituciones.gtm.sld.cu\/dmsims\/\"},{\"@type\":\"ListItem\",\"position\":2,\"name\":\"T\u00e9cnico de protecci\u00f3n\"}]},{\"@type\":\"WebSite\",\"@id\":\"https:\/\/instituciones.gtm.sld.cu\/dmsims\/#website\",\"url\":\"https:\/\/instituciones.gtm.sld.cu\/dmsims\/\",\"name\":\"Policl\u00ednico &quot;Ciro Fr\u00edas Cabrera&quot;\",\"description\":\"Policl\u00ednico &quot;Ciro Fr\u00edas Cabrera&quot;\",\"potentialAction\":[{\"@type\":\"SearchAction\",\"target\":{\"@type\":\"EntryPoint\",\"urlTemplate\":\"https:\/\/instituciones.gtm.sld.cu\/dmsims\/?s={search_term_string}\"},\"query-input\":\"required name=search_term_string\"}],\"inLanguage\":\"es\"}]}<\/script>\n<!-- \/ Yoast SEO plugin. -->","yoast_head_json":{"title":"T\u00e9cnico de protecci\u00f3n - Policl\u00ednico &quot;Ciro Fr\u00edas Cabrera&quot;","robots":{"index":"index","follow":"follow","max-snippet":"max-snippet:-1","max-image-preview":"max-image-preview:large","max-video-preview":"max-video-preview:-1"},"canonical":"https:\/\/instituciones.gtm.sld.cu\/dmsims\/tecnico-de-proteccion\/","og_locale":"es_ES","og_type":"article","og_title":"T\u00e9cnico de protecci\u00f3n - Policl\u00ednico &quot;Ciro Fr\u00edas Cabrera&quot;","og_description":"El sistema de seguridad y protecci\u00f3n f\u00edsica ,es el conjunto de medidas organizativas y de control,personal y medios de seguridad y protecci\u00f3n,destinados a garantizar la integridad y custodia de las personas,bienes y recursos ante posible amenazas de diversas \u00edndole. MISI\u00d3N: Comunicar a los \u00f3rganos del Ministerio del Interior; como parte de sus funciones y en &hellip; Seguir leyendo","og_url":"https:\/\/instituciones.gtm.sld.cu\/dmsims\/tecnico-de-proteccion\/","og_site_name":"Policl\u00ednico &quot;Ciro Fr\u00edas Cabrera&quot;","article_modified_time":"2019-05-03T20:01:35+00:00","twitter_card":"summary_large_image","twitter_misc":{"Tiempo de lectura":"1 minuto"},"schema":{"@context":"https:\/\/schema.org","@graph":[{"@type":"WebPage","@id":"https:\/\/instituciones.gtm.sld.cu\/dmsims\/tecnico-de-proteccion\/","url":"https:\/\/instituciones.gtm.sld.cu\/dmsims\/tecnico-de-proteccion\/","name":"T\u00e9cnico de protecci\u00f3n - Policl\u00ednico &quot;Ciro Fr\u00edas Cabrera&quot;","isPartOf":{"@id":"https:\/\/instituciones.gtm.sld.cu\/dmsims\/#website"},"datePublished":"2019-04-08T20:33:26+00:00","dateModified":"2019-05-03T20:01:35+00:00","breadcrumb":{"@id":"https:\/\/instituciones.gtm.sld.cu\/dmsims\/tecnico-de-proteccion\/#breadcrumb"},"inLanguage":"es","potentialAction":[{"@type":"ReadAction","target":["https:\/\/instituciones.gtm.sld.cu\/dmsims\/tecnico-de-proteccion\/"]}]},{"@type":"BreadcrumbList","@id":"https:\/\/instituciones.gtm.sld.cu\/dmsims\/tecnico-de-proteccion\/#breadcrumb","itemListElement":[{"@type":"ListItem","position":1,"name":"Portada","item":"https:\/\/instituciones.gtm.sld.cu\/dmsims\/"},{"@type":"ListItem","position":2,"name":"T\u00e9cnico de protecci\u00f3n"}]},{"@type":"WebSite","@id":"https:\/\/instituciones.gtm.sld.cu\/dmsims\/#website","url":"https:\/\/instituciones.gtm.sld.cu\/dmsims\/","name":"Policl\u00ednico &quot;Ciro Fr\u00edas Cabrera&quot;","description":"Policl\u00ednico &quot;Ciro Fr\u00edas Cabrera&quot;","potentialAction":[{"@type":"SearchAction","target":{"@type":"EntryPoint","urlTemplate":"https:\/\/instituciones.gtm.sld.cu\/dmsims\/?s={search_term_string}"},"query-input":"required name=search_term_string"}],"inLanguage":"es"}]}},"_links":{"self":[{"href":"https:\/\/instituciones.gtm.sld.cu\/dmsims\/wp-json\/wp\/v2\/pages\/231"}],"collection":[{"href":"https:\/\/instituciones.gtm.sld.cu\/dmsims\/wp-json\/wp\/v2\/pages"}],"about":[{"href":"https:\/\/instituciones.gtm.sld.cu\/dmsims\/wp-json\/wp\/v2\/types\/page"}],"author":[{"embeddable":true,"href":"https:\/\/instituciones.gtm.sld.cu\/dmsims\/wp-json\/wp\/v2\/users\/17"}],"replies":[{"embeddable":true,"href":"https:\/\/instituciones.gtm.sld.cu\/dmsims\/wp-json\/wp\/v2\/comments?post=231"}],"version-history":[{"count":0,"href":"https:\/\/instituciones.gtm.sld.cu\/dmsims\/wp-json\/wp\/v2\/pages\/231\/revisions"}],"wp:attachment":[{"href":"https:\/\/instituciones.gtm.sld.cu\/dmsims\/wp-json\/wp\/v2\/media?parent=231"}],"curies":[{"name":"wp","href":"https:\/\/api.w.org\/{rel}","templated":true}]}}