{"id":291,"date":"2019-04-08T17:11:36","date_gmt":"2019-04-08T21:11:36","guid":{"rendered":"http:\/\/instituciones.gtm.sld.cu\/dmsims\/?page_id=291"},"modified":"2019-04-26T10:29:20","modified_gmt":"2019-04-26T14:29:20","slug":"subdireccion-higiene","status":"publish","type":"page","link":"https:\/\/instituciones.gtm.sld.cu\/dmsims\/subdireccion-higiene\/","title":{"rendered":"Subdirecci\u00f3n Higiene"},"content":{"rendered":"\n<figure class=\"wp-block-image is-resized\"><img decoding=\"async\" loading=\"lazy\" src=\"http:\/\/instituciones.gtm.sld.cu\/dmsims\/wp-content\/uploads\/sites\/16\/2019\/04\/higiene.jpg\" alt=\"\" class=\"wp-image-435\" width=\"583\" height=\"512\" srcset=\"https:\/\/instituciones.gtm.sld.cu\/dmsims\/wp-content\/uploads\/sites\/34\/2019\/04\/higiene.jpg 750w, https:\/\/instituciones.gtm.sld.cu\/dmsims\/wp-content\/uploads\/sites\/34\/2019\/04\/higiene-300x263.jpg 300w\" sizes=\"(max-width: 583px) 100vw, 583px\" \/><\/figure>\n\n\n\n<p><strong>Naturaleza\ndel trabajo:<\/strong><\/p>\n\n\n\n<p>Es el responsable en el policl\u00ednico de\nla planificaci\u00f3n, organizaci\u00f3n, control y ejecuci\u00f3n de las acciones de higiene,\nepidemiolog\u00eda y microbiolog\u00eda del \u00e1rea de salud.<\/p>\n\n\n\n<p><strong>Funciones:<\/strong><\/p>\n\n\n\n<ul><li>Dirigir\nla ejecuci\u00f3n de las acciones de promoci\u00f3n de salud, prevenci\u00f3n de enfermedades,\nvigilancia y control de las enfermedades transmisibles,\nno transmisibles, escolares y ocupacionales, en grupos de riesgo y hacia otros da\u00f1os a la salud. <\/li><li>Garantizar la realizaci\u00f3n de las\nacciones para el control del medio ambiente comunitario,\nescolar, laboral y el higi\u00e9nico-epidemiol\u00f3gico institucional. <\/li><li>Coordinar\nla realizaci\u00f3n de la vigilancia en salud que permita, mediante la\nidentificaci\u00f3n oportuna de los da\u00f1os y riesgos a la salud una respuesta\noportuna y adem\u00e1s participa en la evaluaci\u00f3n&nbsp;\ndel impacto de las intervenciones. <\/li><li>Desarrollar las actividades de la Inspecci\u00f3n Sanitaria\nEstatal, la Vigilancia\ny Lucha Antivectorial y coordinar las acciones de Control Sanitario\nInternacional.<\/li><li>Coordinar\ncon la Unidad\no Centro Municipal de Higiene, Epidemiolog\u00eda y Microbiolog\u00eda las acciones que\ncorrespondan ser jerarquizadas a este nivel.<\/li><li>Es\nmiembro del Consejo de Direcci\u00f3n del policl\u00ednico.<\/li><li>Participar\nen la evaluaci\u00f3n sistem\u00e1tica del cuadro de salud del \u00e1rea. <\/li><li>Realizar peri\u00f3dicamente evaluaciones de servicios,\ntecnolog\u00edas, calidad de atenci\u00f3n de pacientes con ENT tanto en los servicios de\nurgencia del policl\u00ednico como en los consultorios.<\/li><li>Participar\ny\/o realizar peri\u00f3dicamente el an\u00e1lisis de la mortalidad de las Enfermedades no\nTransmisibles, la realizaci\u00f3n de las discusi\u00f3n de fallecidos del Asma\nBronquial, Infarto Agudo del Miocardio, Diabetes Mellitus.<\/li><li>Realizar peri\u00f3dicamente evaluaciones del\ncumplimiento de la\n Resoluci\u00f3n 360\/2005 por parte de los trabajadores&nbsp; de su instituci\u00f3n.<\/li><li>Conformar e implementar conjuntamente con los\nmiembros del Consejo de Direcci\u00f3n del Policl\u00ednico y otros sectores fuera del\nsector la estrategia de intervenci\u00f3n para sus modificar sus principales causas\nde muerte y factores de riesgos.<\/li><\/ul>\n\n\n\n<p><\/p>\n\n\n<p><!--EndFragment--><\/p>\n<p><\/p>","protected":false},"excerpt":{"rendered":"<p>Naturaleza del trabajo: Es el responsable en el policl\u00ednico de la planificaci\u00f3n, organizaci\u00f3n, control y ejecuci\u00f3n de las acciones de higiene, epidemiolog\u00eda y microbiolog\u00eda del \u00e1rea de salud. Funciones: Dirigir la ejecuci\u00f3n de las acciones de promoci\u00f3n de salud, prevenci\u00f3n de enfermedades, vigilancia y control de las enfermedades transmisibles, no transmisibles, escolares y ocupacionales, en &hellip; <\/p>\n<p><a class=\"more-link btn\" href=\"https:\/\/instituciones.gtm.sld.cu\/dmsims\/subdireccion-higiene\/\">Seguir leyendo<\/a><\/p>\n","protected":false},"author":17,"featured_media":0,"parent":0,"menu_order":0,"comment_status":"closed","ping_status":"closed","template":"","meta":{"ngg_post_thumbnail":0,"_mc_calendar":[]},"yoast_head":"<!-- This site is optimized with the Yoast SEO plugin v21.8 - https:\/\/yoast.com\/wordpress\/plugins\/seo\/ -->\n<title>Subdirecci\u00f3n Higiene - Policl\u00ednico &quot;Ciro Fr\u00edas Cabrera&quot;<\/title>\n<meta name=\"robots\" content=\"index, follow, max-snippet:-1, max-image-preview:large, max-video-preview:-1\" \/>\n<link rel=\"canonical\" href=\"https:\/\/instituciones.gtm.sld.cu\/dmsims\/subdireccion-higiene\/\" \/>\n<meta property=\"og:locale\" content=\"es_ES\" \/>\n<meta property=\"og:type\" content=\"article\" \/>\n<meta property=\"og:title\" content=\"Subdirecci\u00f3n Higiene - Policl\u00ednico &quot;Ciro Fr\u00edas Cabrera&quot;\" \/>\n<meta property=\"og:description\" content=\"Naturaleza del trabajo: Es el responsable en el policl\u00ednico de la planificaci\u00f3n, organizaci\u00f3n, control y ejecuci\u00f3n de las acciones de higiene, epidemiolog\u00eda y microbiolog\u00eda del \u00e1rea de salud. Funciones: Dirigir la ejecuci\u00f3n de las acciones de promoci\u00f3n de salud, prevenci\u00f3n de enfermedades, vigilancia y control de las enfermedades transmisibles, no transmisibles, escolares y ocupacionales, en &hellip; Seguir leyendo\" \/>\n<meta property=\"og:url\" content=\"https:\/\/instituciones.gtm.sld.cu\/dmsims\/subdireccion-higiene\/\" \/>\n<meta property=\"og:site_name\" content=\"Policl\u00ednico &quot;Ciro Fr\u00edas Cabrera&quot;\" \/>\n<meta property=\"article:modified_time\" content=\"2019-04-26T14:29:20+00:00\" \/>\n<meta property=\"og:image\" content=\"http:\/\/instituciones.gtm.sld.cu\/dmsims\/wp-content\/uploads\/sites\/16\/2019\/04\/higiene.jpg\" \/>\n<meta name=\"twitter:card\" content=\"summary_large_image\" \/>\n<meta name=\"twitter:label1\" content=\"Tiempo de lectura\" \/>\n\t<meta name=\"twitter:data1\" content=\"2 minutos\" \/>\n<script type=\"application\/ld+json\" class=\"yoast-schema-graph\">{\"@context\":\"https:\/\/schema.org\",\"@graph\":[{\"@type\":\"WebPage\",\"@id\":\"https:\/\/instituciones.gtm.sld.cu\/dmsims\/subdireccion-higiene\/\",\"url\":\"https:\/\/instituciones.gtm.sld.cu\/dmsims\/subdireccion-higiene\/\",\"name\":\"Subdirecci\u00f3n Higiene - Policl\u00ednico &quot;Ciro Fr\u00edas Cabrera&quot;\",\"isPartOf\":{\"@id\":\"https:\/\/instituciones.gtm.sld.cu\/dmsims\/#website\"},\"datePublished\":\"2019-04-08T21:11:36+00:00\",\"dateModified\":\"2019-04-26T14:29:20+00:00\",\"breadcrumb\":{\"@id\":\"https:\/\/instituciones.gtm.sld.cu\/dmsims\/subdireccion-higiene\/#breadcrumb\"},\"inLanguage\":\"es\",\"potentialAction\":[{\"@type\":\"ReadAction\",\"target\":[\"https:\/\/instituciones.gtm.sld.cu\/dmsims\/subdireccion-higiene\/\"]}]},{\"@type\":\"BreadcrumbList\",\"@id\":\"https:\/\/instituciones.gtm.sld.cu\/dmsims\/subdireccion-higiene\/#breadcrumb\",\"itemListElement\":[{\"@type\":\"ListItem\",\"position\":1,\"name\":\"Portada\",\"item\":\"https:\/\/instituciones.gtm.sld.cu\/dmsims\/\"},{\"@type\":\"ListItem\",\"position\":2,\"name\":\"Subdirecci\u00f3n Higiene\"}]},{\"@type\":\"WebSite\",\"@id\":\"https:\/\/instituciones.gtm.sld.cu\/dmsims\/#website\",\"url\":\"https:\/\/instituciones.gtm.sld.cu\/dmsims\/\",\"name\":\"Policl\u00ednico &quot;Ciro Fr\u00edas Cabrera&quot;\",\"description\":\"Policl\u00ednico &quot;Ciro Fr\u00edas Cabrera&quot;\",\"potentialAction\":[{\"@type\":\"SearchAction\",\"target\":{\"@type\":\"EntryPoint\",\"urlTemplate\":\"https:\/\/instituciones.gtm.sld.cu\/dmsims\/?s={search_term_string}\"},\"query-input\":\"required name=search_term_string\"}],\"inLanguage\":\"es\"}]}<\/script>\n<!-- \/ Yoast SEO plugin. -->","yoast_head_json":{"title":"Subdirecci\u00f3n Higiene - Policl\u00ednico &quot;Ciro Fr\u00edas Cabrera&quot;","robots":{"index":"index","follow":"follow","max-snippet":"max-snippet:-1","max-image-preview":"max-image-preview:large","max-video-preview":"max-video-preview:-1"},"canonical":"https:\/\/instituciones.gtm.sld.cu\/dmsims\/subdireccion-higiene\/","og_locale":"es_ES","og_type":"article","og_title":"Subdirecci\u00f3n Higiene - Policl\u00ednico &quot;Ciro Fr\u00edas Cabrera&quot;","og_description":"Naturaleza del trabajo: Es el responsable en el policl\u00ednico de la planificaci\u00f3n, organizaci\u00f3n, control y ejecuci\u00f3n de las acciones de higiene, epidemiolog\u00eda y microbiolog\u00eda del \u00e1rea de salud. Funciones: Dirigir la ejecuci\u00f3n de las acciones de promoci\u00f3n de salud, prevenci\u00f3n de enfermedades, vigilancia y control de las enfermedades transmisibles, no transmisibles, escolares y ocupacionales, en &hellip; Seguir leyendo","og_url":"https:\/\/instituciones.gtm.sld.cu\/dmsims\/subdireccion-higiene\/","og_site_name":"Policl\u00ednico &quot;Ciro Fr\u00edas Cabrera&quot;","article_modified_time":"2019-04-26T14:29:20+00:00","og_image":[{"url":"http:\/\/instituciones.gtm.sld.cu\/dmsims\/wp-content\/uploads\/sites\/16\/2019\/04\/higiene.jpg"}],"twitter_card":"summary_large_image","twitter_misc":{"Tiempo de lectura":"2 minutos"},"schema":{"@context":"https:\/\/schema.org","@graph":[{"@type":"WebPage","@id":"https:\/\/instituciones.gtm.sld.cu\/dmsims\/subdireccion-higiene\/","url":"https:\/\/instituciones.gtm.sld.cu\/dmsims\/subdireccion-higiene\/","name":"Subdirecci\u00f3n Higiene - Policl\u00ednico &quot;Ciro Fr\u00edas Cabrera&quot;","isPartOf":{"@id":"https:\/\/instituciones.gtm.sld.cu\/dmsims\/#website"},"datePublished":"2019-04-08T21:11:36+00:00","dateModified":"2019-04-26T14:29:20+00:00","breadcrumb":{"@id":"https:\/\/instituciones.gtm.sld.cu\/dmsims\/subdireccion-higiene\/#breadcrumb"},"inLanguage":"es","potentialAction":[{"@type":"ReadAction","target":["https:\/\/instituciones.gtm.sld.cu\/dmsims\/subdireccion-higiene\/"]}]},{"@type":"BreadcrumbList","@id":"https:\/\/instituciones.gtm.sld.cu\/dmsims\/subdireccion-higiene\/#breadcrumb","itemListElement":[{"@type":"ListItem","position":1,"name":"Portada","item":"https:\/\/instituciones.gtm.sld.cu\/dmsims\/"},{"@type":"ListItem","position":2,"name":"Subdirecci\u00f3n Higiene"}]},{"@type":"WebSite","@id":"https:\/\/instituciones.gtm.sld.cu\/dmsims\/#website","url":"https:\/\/instituciones.gtm.sld.cu\/dmsims\/","name":"Policl\u00ednico &quot;Ciro Fr\u00edas Cabrera&quot;","description":"Policl\u00ednico &quot;Ciro Fr\u00edas Cabrera&quot;","potentialAction":[{"@type":"SearchAction","target":{"@type":"EntryPoint","urlTemplate":"https:\/\/instituciones.gtm.sld.cu\/dmsims\/?s={search_term_string}"},"query-input":"required name=search_term_string"}],"inLanguage":"es"}]}},"_links":{"self":[{"href":"https:\/\/instituciones.gtm.sld.cu\/dmsims\/wp-json\/wp\/v2\/pages\/291"}],"collection":[{"href":"https:\/\/instituciones.gtm.sld.cu\/dmsims\/wp-json\/wp\/v2\/pages"}],"about":[{"href":"https:\/\/instituciones.gtm.sld.cu\/dmsims\/wp-json\/wp\/v2\/types\/page"}],"author":[{"embeddable":true,"href":"https:\/\/instituciones.gtm.sld.cu\/dmsims\/wp-json\/wp\/v2\/users\/17"}],"replies":[{"embeddable":true,"href":"https:\/\/instituciones.gtm.sld.cu\/dmsims\/wp-json\/wp\/v2\/comments?post=291"}],"version-history":[{"count":0,"href":"https:\/\/instituciones.gtm.sld.cu\/dmsims\/wp-json\/wp\/v2\/pages\/291\/revisions"}],"wp:attachment":[{"href":"https:\/\/instituciones.gtm.sld.cu\/dmsims\/wp-json\/wp\/v2\/media?parent=291"}],"curies":[{"name":"wp","href":"https:\/\/api.w.org\/{rel}","templated":true}]}}