{"id":1205,"date":"2019-07-10T15:09:05","date_gmt":"2019-07-10T15:09:05","guid":{"rendered":"http:\/\/instituciones2.gtm.sld.cu\/dmsmta\/?page_id=1205"},"modified":"2019-07-10T15:09:05","modified_gmt":"2019-07-10T15:09:05","slug":"mision","status":"publish","type":"page","link":"https:\/\/instituciones.gtm.sld.cu\/dmsmta\/acerca-de\/mision\/","title":{"rendered":"Misi\u00f3n"},"content":{"rendered":"<p>La Direcci\u00f3n Municipal de Salud Manuel Tames tiene como misi\u00f3n la de dirigir, ejecutar y controlar la aplicaci\u00f3n de la pol\u00edtica del Estad y el Gobierno en cuanto a la Salud P\u00fablica y el desarrollo de las ciencias m\u00e9dicas en este territorio. Cumplir las indicaciones que en este sentido emita la Diercci\u00f3n Provincial de de Salud P\u00fablica, la direcci\u00f3n del Partido y del Gobierno en el municipio.<\/p>\n","protected":false},"excerpt":{"rendered":"<p>La Direcci\u00f3n Municipal de Salud Manuel Tames tiene como misi\u00f3n la de dirigir, ejecutar y controlar la aplicaci\u00f3n de la pol\u00edtica del Estad y el Gobierno en cuanto a la Salud P\u00fablica y el desarrollo de las ciencias m\u00e9dicas en este territorio. Cumplir las indicaciones que en este sentido emita la Diercci\u00f3n Provincial de de &hellip; <\/p>\n<p><a class=\"more-link btn\" href=\"https:\/\/instituciones.gtm.sld.cu\/dmsmta\/acerca-de\/mision\/\">Seguir leyendo<\/a><\/p>\n","protected":false},"author":79,"featured_media":0,"parent":27,"menu_order":1,"comment_status":"closed","ping_status":"closed","template":"","meta":{"ngg_post_thumbnail":0,"_mc_calendar":[]},"yoast_head":"<!-- This site is optimized with the Yoast SEO plugin v21.8 - https:\/\/yoast.com\/wordpress\/plugins\/seo\/ -->\n<title>Misi\u00f3n - Direcci\u00f3n General de Salud<\/title>\n<meta name=\"robots\" content=\"index, follow, max-snippet:-1, max-image-preview:large, max-video-preview:-1\" \/>\n<link rel=\"canonical\" href=\"https:\/\/instituciones.gtm.sld.cu\/dmsmta\/acerca-de\/mision\/\" \/>\n<meta property=\"og:locale\" content=\"es_ES\" \/>\n<meta property=\"og:type\" content=\"article\" \/>\n<meta property=\"og:title\" content=\"Misi\u00f3n - Direcci\u00f3n General de Salud\" \/>\n<meta property=\"og:description\" content=\"La Direcci\u00f3n Municipal de Salud Manuel Tames tiene como misi\u00f3n la de dirigir, ejecutar y controlar la aplicaci\u00f3n de la pol\u00edtica del Estad y el Gobierno en cuanto a la Salud P\u00fablica y el desarrollo de las ciencias m\u00e9dicas en este territorio. Cumplir las indicaciones que en este sentido emita la Diercci\u00f3n Provincial de de &hellip; Seguir leyendo\" \/>\n<meta property=\"og:url\" content=\"https:\/\/instituciones.gtm.sld.cu\/dmsmta\/acerca-de\/mision\/\" \/>\n<meta property=\"og:site_name\" content=\"Direcci\u00f3n General de Salud\" \/>\n<meta name=\"twitter:card\" content=\"summary_large_image\" \/>\n<script type=\"application\/ld+json\" class=\"yoast-schema-graph\">{\"@context\":\"https:\/\/schema.org\",\"@graph\":[{\"@type\":\"WebPage\",\"@id\":\"https:\/\/instituciones.gtm.sld.cu\/dmsmta\/acerca-de\/mision\/\",\"url\":\"https:\/\/instituciones.gtm.sld.cu\/dmsmta\/acerca-de\/mision\/\",\"name\":\"Misi\u00f3n - Direcci\u00f3n General de Salud\",\"isPartOf\":{\"@id\":\"https:\/\/instituciones.gtm.sld.cu\/dmsmta\/#website\"},\"datePublished\":\"2019-07-10T15:09:05+00:00\",\"dateModified\":\"2019-07-10T15:09:05+00:00\",\"breadcrumb\":{\"@id\":\"https:\/\/instituciones.gtm.sld.cu\/dmsmta\/acerca-de\/mision\/#breadcrumb\"},\"inLanguage\":\"es\",\"potentialAction\":[{\"@type\":\"ReadAction\",\"target\":[\"https:\/\/instituciones.gtm.sld.cu\/dmsmta\/acerca-de\/mision\/\"]}]},{\"@type\":\"BreadcrumbList\",\"@id\":\"https:\/\/instituciones.gtm.sld.cu\/dmsmta\/acerca-de\/mision\/#breadcrumb\",\"itemListElement\":[{\"@type\":\"ListItem\",\"position\":1,\"name\":\"Portada\",\"item\":\"https:\/\/instituciones.gtm.sld.cu\/dmsmta\/\"},{\"@type\":\"ListItem\",\"position\":2,\"name\":\"Acerca De\",\"item\":\"https:\/\/instituciones.gtm.sld.cu\/dmsmta\/acerca-de\/\"},{\"@type\":\"ListItem\",\"position\":3,\"name\":\"Misi\u00f3n\"}]},{\"@type\":\"WebSite\",\"@id\":\"https:\/\/instituciones.gtm.sld.cu\/dmsmta\/#website\",\"url\":\"https:\/\/instituciones.gtm.sld.cu\/dmsmta\/\",\"name\":\"Direcci\u00f3n General de Salud\",\"description\":\"Manuel Tames\",\"potentialAction\":[{\"@type\":\"SearchAction\",\"target\":{\"@type\":\"EntryPoint\",\"urlTemplate\":\"https:\/\/instituciones.gtm.sld.cu\/dmsmta\/?s={search_term_string}\"},\"query-input\":\"required name=search_term_string\"}],\"inLanguage\":\"es\"}]}<\/script>\n<!-- \/ Yoast SEO plugin. -->","yoast_head_json":{"title":"Misi\u00f3n - Direcci\u00f3n General de Salud","robots":{"index":"index","follow":"follow","max-snippet":"max-snippet:-1","max-image-preview":"max-image-preview:large","max-video-preview":"max-video-preview:-1"},"canonical":"https:\/\/instituciones.gtm.sld.cu\/dmsmta\/acerca-de\/mision\/","og_locale":"es_ES","og_type":"article","og_title":"Misi\u00f3n - Direcci\u00f3n General de Salud","og_description":"La Direcci\u00f3n Municipal de Salud Manuel Tames tiene como misi\u00f3n la de dirigir, ejecutar y controlar la aplicaci\u00f3n de la pol\u00edtica del Estad y el Gobierno en cuanto a la Salud P\u00fablica y el desarrollo de las ciencias m\u00e9dicas en este territorio. Cumplir las indicaciones que en este sentido emita la Diercci\u00f3n Provincial de de &hellip; Seguir leyendo","og_url":"https:\/\/instituciones.gtm.sld.cu\/dmsmta\/acerca-de\/mision\/","og_site_name":"Direcci\u00f3n General de Salud","twitter_card":"summary_large_image","schema":{"@context":"https:\/\/schema.org","@graph":[{"@type":"WebPage","@id":"https:\/\/instituciones.gtm.sld.cu\/dmsmta\/acerca-de\/mision\/","url":"https:\/\/instituciones.gtm.sld.cu\/dmsmta\/acerca-de\/mision\/","name":"Misi\u00f3n - Direcci\u00f3n General de Salud","isPartOf":{"@id":"https:\/\/instituciones.gtm.sld.cu\/dmsmta\/#website"},"datePublished":"2019-07-10T15:09:05+00:00","dateModified":"2019-07-10T15:09:05+00:00","breadcrumb":{"@id":"https:\/\/instituciones.gtm.sld.cu\/dmsmta\/acerca-de\/mision\/#breadcrumb"},"inLanguage":"es","potentialAction":[{"@type":"ReadAction","target":["https:\/\/instituciones.gtm.sld.cu\/dmsmta\/acerca-de\/mision\/"]}]},{"@type":"BreadcrumbList","@id":"https:\/\/instituciones.gtm.sld.cu\/dmsmta\/acerca-de\/mision\/#breadcrumb","itemListElement":[{"@type":"ListItem","position":1,"name":"Portada","item":"https:\/\/instituciones.gtm.sld.cu\/dmsmta\/"},{"@type":"ListItem","position":2,"name":"Acerca De","item":"https:\/\/instituciones.gtm.sld.cu\/dmsmta\/acerca-de\/"},{"@type":"ListItem","position":3,"name":"Misi\u00f3n"}]},{"@type":"WebSite","@id":"https:\/\/instituciones.gtm.sld.cu\/dmsmta\/#website","url":"https:\/\/instituciones.gtm.sld.cu\/dmsmta\/","name":"Direcci\u00f3n General de Salud","description":"Manuel Tames","potentialAction":[{"@type":"SearchAction","target":{"@type":"EntryPoint","urlTemplate":"https:\/\/instituciones.gtm.sld.cu\/dmsmta\/?s={search_term_string}"},"query-input":"required name=search_term_string"}],"inLanguage":"es"}]}},"_links":{"self":[{"href":"https:\/\/instituciones.gtm.sld.cu\/dmsmta\/wp-json\/wp\/v2\/pages\/1205"}],"collection":[{"href":"https:\/\/instituciones.gtm.sld.cu\/dmsmta\/wp-json\/wp\/v2\/pages"}],"about":[{"href":"https:\/\/instituciones.gtm.sld.cu\/dmsmta\/wp-json\/wp\/v2\/types\/page"}],"author":[{"embeddable":true,"href":"https:\/\/instituciones.gtm.sld.cu\/dmsmta\/wp-json\/wp\/v2\/users\/79"}],"replies":[{"embeddable":true,"href":"https:\/\/instituciones.gtm.sld.cu\/dmsmta\/wp-json\/wp\/v2\/comments?post=1205"}],"version-history":[{"count":0,"href":"https:\/\/instituciones.gtm.sld.cu\/dmsmta\/wp-json\/wp\/v2\/pages\/1205\/revisions"}],"up":[{"embeddable":true,"href":"https:\/\/instituciones.gtm.sld.cu\/dmsmta\/wp-json\/wp\/v2\/pages\/27"}],"wp:attachment":[{"href":"https:\/\/instituciones.gtm.sld.cu\/dmsmta\/wp-json\/wp\/v2\/media?parent=1205"}],"curies":[{"name":"wp","href":"https:\/\/api.w.org\/{rel}","templated":true}]}}