{"id":551,"date":"2019-03-16T12:38:28","date_gmt":"2019-03-16T12:38:28","guid":{"rendered":"http:\/\/instituciones2.gtm.sld.cu\/dmsmta\/?page_id=551"},"modified":"2019-03-16T12:38:28","modified_gmt":"2019-03-16T12:38:28","slug":"puesto-de-mando","status":"publish","type":"page","link":"https:\/\/instituciones.gtm.sld.cu\/dmsmta\/departamentos\/direccion\/puesto-de-mando\/","title":{"rendered":"Puesto de Mando"},"content":{"rendered":"\n<p><strong>Defensa <\/strong><\/p>\n\n\n\n<p>Misiones.<\/p>\n\n\n\n<p>Asesorar&nbsp;Metodol\u00f3gicamente al \u00d3rgano de Direcci\u00f3n,&nbsp;orienta y supervisa&nbsp;&nbsp; la confecci\u00f3n de\nlos planes.<\/p>\n\n\n\n<p>Planifica, orienta y\ncontrola los entrenamientos, concentrados, ejercicios y eventos sobre la\npreparaci\u00f3n integral para la defensa y para la preparaci\u00f3n de los cuadros\ndirigentes y&nbsp;funcionarios para el cumplimiento de las misiones en tiempo\nde guerra y para la defensa civil.<\/p>\n\n\n\n<p><strong>Atribuciones y Obligaciones<\/strong><\/p>\n\n\n\n<ul><li>Dise\u00f1a, organiza y controla el Plan\nde Actividades Principales de Preparaci\u00f3n para la Defensa.<\/li><li>Dise\u00f1a las\nmisiones, decisiones, indicaciones y la documentaci\u00f3n para el Paso a Tiempo de\nGuerra y su&nbsp;&nbsp;&nbsp;&nbsp;&nbsp; implementaci\u00f3n en las unidades&nbsp;de\nsubordinaci\u00f3n. <\/li><li>En coordinaci\u00f3n con el Sector\nMilitar, planifica, controla y supervisa las actividades en inter\u00e9s de la\ndefensa.<\/li><li>Orienta, supervisa, asesora y\ncontrola el trabajo con el Registro Militar y para la defensa del personal,\nmedios y equipos, las reservas y recursos para Tiempo de Guerra y para la\ndefensa civil, as\u00ed como la&nbsp;planificaci\u00f3n, c\u00e1lculos, conciliaci\u00f3n y solicitud&nbsp;de\nlas demandas para tiempo de guerra y para la defensa civil.<\/li><li>Planifica, orienta y controla los\nentrenamientos, concentrados, ejercicios y eventos sobre la preparaci\u00f3n\nintegral para la defensa y para la preparaci\u00f3n de los cuadros dirigentes y&nbsp;funcionarios\npara el cumplimiento de las misiones en tiempo de guerra y para la defensa\ncivil.<\/li><li>Orienta, supervisa y asesora la\nelaboraci\u00f3n, cumplimiento y registro de la preparaci\u00f3n&nbsp;para la defensa&nbsp;de\nlos \u00d3rganos de Direcci\u00f3n&nbsp;y de las estructuras y plantillas para tiempo de\nguerra y para&nbsp;dar respuestas a los desastres.<\/li><li>Organiza, orienta y dirige los\nprincipales ejercicios, entrenamientos y eventos de\npreparaci\u00f3n&nbsp;&nbsp;&nbsp; integral para la defensa. As\u00ed como la realizaci\u00f3n\nde los d\u00edas territoriales y nacionales de la defensa.<\/li><li>Organiza, orienta y controla los\nSistemas de Medidas de la Defensa Civil en las estructuras subordinadas.<\/li><li>Orienta,\nsupervisa, controla y asesora las tareas de prevenci\u00f3n y reducci\u00f3n de\nvulnerabilidades para la reducci\u00f3n de desastres, la preparaci\u00f3n para la defensa\ny la compatibilizaci\u00f3n de las inversiones con los intereses de la defensa.<\/li><li>Organiza, orienta, supervisa y\ncontrola la organizaci\u00f3n y funcionabilidad de los puntos de direcci\u00f3n y su\ncompletamiento con el equipo y medios de comunicaciones para la&nbsp;direcci\u00f3n&nbsp;estable\nen tiempo de guerra y reducci\u00f3n de desastres.<\/li><li>Organiza, asesora y controla la\npreparaci\u00f3n y aplicaci\u00f3n del sistema de informaci\u00f3n para la defensa y defensa\ncivil.<\/li><li>Ejecuta, orienta Y controla las\nactividades de interrelaci\u00f3n de trabajo y cooperaci\u00f3n con los dem\u00e1s subgrupos\nde trabajo del Grupo&nbsp;&nbsp; Econ\u00f3mico Social del Consejo de Defensa\nmunicipal, las Fuerzas Armadas Revolucionarias y el Ministerio del Interior y\nel cumplimiento de tareas, misiones y objetivos de trabajo para la Defensa y la\nDefensa Civil.<\/li><li>Orienta,\nsupervisa y controla la preparaci\u00f3n Movilizativas para asegurar el Paso&nbsp;a\nTiempo de Guerra y la&nbsp;reducci\u00f3n de desastres, investiga, orienta e\nimplanta metodolog\u00edas, procesos tecnol\u00f3gicos de trabajo para la evacuaci\u00f3n de\nlas fuerzas, medios y equipos, recursos y reservas, as\u00ed como el despliegue\nMovilizativo para la Puesta en Completa Disposici\u00f3n para la Defensa.<\/li><li>Orienta, controla y asesora a los\nt\u00e9cnicos de menor calificaci\u00f3n y nivel en el desarrollo de su trabajo.<\/li><li>Implementa (perfecciona) las\nIndicaciones Metodol\u00f3gicas del A\u00f1o de Preparaci\u00f3n para la Defensa, y su\nentrega&nbsp;&nbsp;&nbsp; a las unidades de salud.<\/li><li>Puntualiza las\nIndicaciones Complementarias del Ministro de Salud y del Director Provincial\npara la Reducci\u00f3n de Desastres. y su entrega a las unidades.<\/li><li>Confecciona las Indicaciones del\nDirector Municipal para la realizaci\u00f3n del Ejercicio Meteoro. Semana de\nReducci\u00f3n de Desastres y su entrega a las unidades.<\/li><li>Confecciona el Programa de\nPreparaci\u00f3n y Plan de Actividades a cumplir durante el Ejercicio Meteoro.\nEntrega a las unidades.<\/li><li>Asesora Metodol\u00f3gicamente al \u00d3rgano\nde Direcci\u00f3n, orienta y supervisa&nbsp;&nbsp; la confecci\u00f3n de los planes:<ul><li>Plan de\nReducci\u00f3n de Desastres.<\/li><\/ul><ul><li>Plan Asonada.<\/li><\/ul><ul><li>Plan Baragua<\/li><\/ul><ul><li>Plan del Paso\nal Estado de Guerra.<\/li><\/ul><ul><li>Plantilla del\nSubgrupo de Salud.<\/li><\/ul><ul><li>Plantilla del\n\u00d3rgano de Direcci\u00f3n, entre otros.<\/li><\/ul><ul><li>Plan de Aseguramiento M\u00e9dico (Tiempo\nde Guerra)<\/li><\/ul><\/li><li>Participar&nbsp;en\nlos talleres y reuniones que se llevan a cabo por la direcci\u00f3n Provincial de\nsalud de la especialidad.<\/li><li>Participar la\nreuni\u00f3n de an\u00e1lisis del presupuesto.<\/li><li>Confeccionar las Indicaciones del Director\nMunicipal para la realizaci\u00f3n de&nbsp;Ejercicios&nbsp;y los documentos anexos.<\/li><li>Realizar\ndespacho y entrega de documentaci\u00f3n y documentos a las instancias que le\ncompeten.<\/li><li>Rinde cuenta en el Consejo de\nDirecci\u00f3n sobre su nivel de actividad cundo se le solicite<\/li><li>Confeccionar el Plan de trabajo individual de cada mes.<\/li><li>Asesorar el equipo de control de las Reservas Movilizativas.<\/li><li>Realizar visitas de trabajo, control y ayuda a las unidades.<\/li><li>Participar en las reuniones de\ncoordinaci\u00f3n de tareas semanal. (Mensual) seg\u00fan fecha convenidos.<\/li><li>Participar en las actividades que\nplanifican la secci\u00f3n sindical, el partido y la UJC. <\/li><li>Dar respuestas a los acuerdos que se deriven&nbsp;de&nbsp;las\nreuniones&nbsp;seg\u00fan prioridad y fecha de cumplimiento.<\/li><\/ul>\n\n\n\n<p>Fuente: Departamento de puesto de mando y Defensa<\/p>\n","protected":false},"excerpt":{"rendered":"<p>Defensa Misiones. Asesorar&nbsp;Metodol\u00f3gicamente al \u00d3rgano de Direcci\u00f3n,&nbsp;orienta y supervisa&nbsp;&nbsp; la confecci\u00f3n de los planes. Planifica, orienta y controla los entrenamientos, concentrados, ejercicios y eventos sobre la preparaci\u00f3n integral para la defensa y para la preparaci\u00f3n de los cuadros dirigentes y&nbsp;funcionarios para el cumplimiento de las misiones en tiempo de guerra y para la defensa civil. &hellip; <\/p>\n<p><a class=\"more-link btn\" href=\"https:\/\/instituciones.gtm.sld.cu\/dmsmta\/departamentos\/direccion\/puesto-de-mando\/\">Seguir leyendo<\/a><\/p>\n","protected":false},"author":79,"featured_media":0,"parent":536,"menu_order":7,"comment_status":"closed","ping_status":"closed","template":"","meta":{"ngg_post_thumbnail":0,"_mc_calendar":[]},"yoast_head":"<!-- This site is optimized with the Yoast SEO plugin v21.8 - https:\/\/yoast.com\/wordpress\/plugins\/seo\/ -->\n<title>Puesto de Mando - Direcci\u00f3n General de Salud<\/title>\n<meta name=\"robots\" content=\"index, follow, max-snippet:-1, max-image-preview:large, max-video-preview:-1\" \/>\n<link rel=\"canonical\" href=\"https:\/\/instituciones.gtm.sld.cu\/dmsmta\/departamentos\/direccion\/puesto-de-mando\/\" \/>\n<meta property=\"og:locale\" content=\"es_ES\" \/>\n<meta property=\"og:type\" content=\"article\" \/>\n<meta property=\"og:title\" content=\"Puesto de Mando - Direcci\u00f3n General de Salud\" \/>\n<meta property=\"og:description\" content=\"Defensa Misiones. Asesorar&nbsp;Metodol\u00f3gicamente al \u00d3rgano de Direcci\u00f3n,&nbsp;orienta y supervisa&nbsp;&nbsp; la confecci\u00f3n de los planes. Planifica, orienta y controla los entrenamientos, concentrados, ejercicios y eventos sobre la preparaci\u00f3n integral para la defensa y para la preparaci\u00f3n de los cuadros dirigentes y&nbsp;funcionarios para el cumplimiento de las misiones en tiempo de guerra y para la defensa civil. &hellip; Seguir leyendo\" \/>\n<meta property=\"og:url\" content=\"https:\/\/instituciones.gtm.sld.cu\/dmsmta\/departamentos\/direccion\/puesto-de-mando\/\" \/>\n<meta property=\"og:site_name\" content=\"Direcci\u00f3n General de Salud\" \/>\n<meta name=\"twitter:card\" content=\"summary_large_image\" \/>\n<meta name=\"twitter:label1\" content=\"Tiempo de lectura\" \/>\n\t<meta name=\"twitter:data1\" content=\"5 minutos\" \/>\n<script type=\"application\/ld+json\" class=\"yoast-schema-graph\">{\"@context\":\"https:\/\/schema.org\",\"@graph\":[{\"@type\":\"WebPage\",\"@id\":\"https:\/\/instituciones.gtm.sld.cu\/dmsmta\/departamentos\/direccion\/puesto-de-mando\/\",\"url\":\"https:\/\/instituciones.gtm.sld.cu\/dmsmta\/departamentos\/direccion\/puesto-de-mando\/\",\"name\":\"Puesto de Mando - Direcci\u00f3n General de Salud\",\"isPartOf\":{\"@id\":\"https:\/\/instituciones.gtm.sld.cu\/dmsmta\/#website\"},\"datePublished\":\"2019-03-16T12:38:28+00:00\",\"dateModified\":\"2019-03-16T12:38:28+00:00\",\"breadcrumb\":{\"@id\":\"https:\/\/instituciones.gtm.sld.cu\/dmsmta\/departamentos\/direccion\/puesto-de-mando\/#breadcrumb\"},\"inLanguage\":\"es\",\"potentialAction\":[{\"@type\":\"ReadAction\",\"target\":[\"https:\/\/instituciones.gtm.sld.cu\/dmsmta\/departamentos\/direccion\/puesto-de-mando\/\"]}]},{\"@type\":\"BreadcrumbList\",\"@id\":\"https:\/\/instituciones.gtm.sld.cu\/dmsmta\/departamentos\/direccion\/puesto-de-mando\/#breadcrumb\",\"itemListElement\":[{\"@type\":\"ListItem\",\"position\":1,\"name\":\"Portada\",\"item\":\"https:\/\/instituciones.gtm.sld.cu\/dmsmta\/\"},{\"@type\":\"ListItem\",\"position\":2,\"name\":\"Director General\",\"item\":\"https:\/\/instituciones.gtm.sld.cu\/dmsmta\/departamentos\/\"},{\"@type\":\"ListItem\",\"position\":3,\"name\":\"Departamento de la Direcci\u00f3n\",\"item\":\"https:\/\/instituciones.gtm.sld.cu\/dmsmta\/departamentos\/direccion\/\"},{\"@type\":\"ListItem\",\"position\":4,\"name\":\"Puesto de Mando\"}]},{\"@type\":\"WebSite\",\"@id\":\"https:\/\/instituciones.gtm.sld.cu\/dmsmta\/#website\",\"url\":\"https:\/\/instituciones.gtm.sld.cu\/dmsmta\/\",\"name\":\"Direcci\u00f3n General de Salud\",\"description\":\"Manuel Tames\",\"potentialAction\":[{\"@type\":\"SearchAction\",\"target\":{\"@type\":\"EntryPoint\",\"urlTemplate\":\"https:\/\/instituciones.gtm.sld.cu\/dmsmta\/?s={search_term_string}\"},\"query-input\":\"required name=search_term_string\"}],\"inLanguage\":\"es\"}]}<\/script>\n<!-- \/ Yoast SEO plugin. -->","yoast_head_json":{"title":"Puesto de Mando - Direcci\u00f3n General de Salud","robots":{"index":"index","follow":"follow","max-snippet":"max-snippet:-1","max-image-preview":"max-image-preview:large","max-video-preview":"max-video-preview:-1"},"canonical":"https:\/\/instituciones.gtm.sld.cu\/dmsmta\/departamentos\/direccion\/puesto-de-mando\/","og_locale":"es_ES","og_type":"article","og_title":"Puesto de Mando - Direcci\u00f3n General de Salud","og_description":"Defensa Misiones. Asesorar&nbsp;Metodol\u00f3gicamente al \u00d3rgano de Direcci\u00f3n,&nbsp;orienta y supervisa&nbsp;&nbsp; la confecci\u00f3n de los planes. Planifica, orienta y controla los entrenamientos, concentrados, ejercicios y eventos sobre la preparaci\u00f3n integral para la defensa y para la preparaci\u00f3n de los cuadros dirigentes y&nbsp;funcionarios para el cumplimiento de las misiones en tiempo de guerra y para la defensa civil. &hellip; Seguir leyendo","og_url":"https:\/\/instituciones.gtm.sld.cu\/dmsmta\/departamentos\/direccion\/puesto-de-mando\/","og_site_name":"Direcci\u00f3n General de Salud","twitter_card":"summary_large_image","twitter_misc":{"Tiempo de lectura":"5 minutos"},"schema":{"@context":"https:\/\/schema.org","@graph":[{"@type":"WebPage","@id":"https:\/\/instituciones.gtm.sld.cu\/dmsmta\/departamentos\/direccion\/puesto-de-mando\/","url":"https:\/\/instituciones.gtm.sld.cu\/dmsmta\/departamentos\/direccion\/puesto-de-mando\/","name":"Puesto de Mando - Direcci\u00f3n General de Salud","isPartOf":{"@id":"https:\/\/instituciones.gtm.sld.cu\/dmsmta\/#website"},"datePublished":"2019-03-16T12:38:28+00:00","dateModified":"2019-03-16T12:38:28+00:00","breadcrumb":{"@id":"https:\/\/instituciones.gtm.sld.cu\/dmsmta\/departamentos\/direccion\/puesto-de-mando\/#breadcrumb"},"inLanguage":"es","potentialAction":[{"@type":"ReadAction","target":["https:\/\/instituciones.gtm.sld.cu\/dmsmta\/departamentos\/direccion\/puesto-de-mando\/"]}]},{"@type":"BreadcrumbList","@id":"https:\/\/instituciones.gtm.sld.cu\/dmsmta\/departamentos\/direccion\/puesto-de-mando\/#breadcrumb","itemListElement":[{"@type":"ListItem","position":1,"name":"Portada","item":"https:\/\/instituciones.gtm.sld.cu\/dmsmta\/"},{"@type":"ListItem","position":2,"name":"Director General","item":"https:\/\/instituciones.gtm.sld.cu\/dmsmta\/departamentos\/"},{"@type":"ListItem","position":3,"name":"Departamento de la Direcci\u00f3n","item":"https:\/\/instituciones.gtm.sld.cu\/dmsmta\/departamentos\/direccion\/"},{"@type":"ListItem","position":4,"name":"Puesto de Mando"}]},{"@type":"WebSite","@id":"https:\/\/instituciones.gtm.sld.cu\/dmsmta\/#website","url":"https:\/\/instituciones.gtm.sld.cu\/dmsmta\/","name":"Direcci\u00f3n General de Salud","description":"Manuel Tames","potentialAction":[{"@type":"SearchAction","target":{"@type":"EntryPoint","urlTemplate":"https:\/\/instituciones.gtm.sld.cu\/dmsmta\/?s={search_term_string}"},"query-input":"required name=search_term_string"}],"inLanguage":"es"}]}},"_links":{"self":[{"href":"https:\/\/instituciones.gtm.sld.cu\/dmsmta\/wp-json\/wp\/v2\/pages\/551"}],"collection":[{"href":"https:\/\/instituciones.gtm.sld.cu\/dmsmta\/wp-json\/wp\/v2\/pages"}],"about":[{"href":"https:\/\/instituciones.gtm.sld.cu\/dmsmta\/wp-json\/wp\/v2\/types\/page"}],"author":[{"embeddable":true,"href":"https:\/\/instituciones.gtm.sld.cu\/dmsmta\/wp-json\/wp\/v2\/users\/79"}],"replies":[{"embeddable":true,"href":"https:\/\/instituciones.gtm.sld.cu\/dmsmta\/wp-json\/wp\/v2\/comments?post=551"}],"version-history":[{"count":0,"href":"https:\/\/instituciones.gtm.sld.cu\/dmsmta\/wp-json\/wp\/v2\/pages\/551\/revisions"}],"up":[{"embeddable":true,"href":"https:\/\/instituciones.gtm.sld.cu\/dmsmta\/wp-json\/wp\/v2\/pages\/536"}],"wp:attachment":[{"href":"https:\/\/instituciones.gtm.sld.cu\/dmsmta\/wp-json\/wp\/v2\/media?parent=551"}],"curies":[{"name":"wp","href":"https:\/\/api.w.org\/{rel}","templated":true}]}}