{"id":558,"date":"2019-03-16T12:44:41","date_gmt":"2019-03-16T12:44:41","guid":{"rendered":"http:\/\/instituciones2.gtm.sld.cu\/dmsmta\/?page_id=558"},"modified":"2019-03-16T12:44:41","modified_gmt":"2019-03-16T12:44:41","slug":"servicios-basicos","status":"publish","type":"page","link":"https:\/\/instituciones.gtm.sld.cu\/dmsmta\/departamentos\/servicios-basicos\/","title":{"rendered":"Servici\u00f3s B\u00e1sicos"},"content":{"rendered":"\n<p><strong>MISI\u00d3N<\/strong><\/p>\n\n\n\n<p>Contribuir\nal desarrollo de la promoci\u00f3n, prevenci\u00f3n, atenci\u00f3n, asistencia y\nrehabilitaci\u00f3n, con un enfoque cl\u00ednico desde el punto de vista nutricional,\nasegurando servicios de alimentaci\u00f3n que cubran las recomendaciones\nnutricionales para la poblaci\u00f3n, el manejo dietoterape\u00fatico y las normas\nhigi\u00e9nico \u2013 sanitarias. Garantizar eficientemente en nuestras instituciones la\natenci\u00f3n m\u00e9dica, manteniendo un alto nivel de higiene, seguridad y comodidad\npara los pacientes, acompa\u00f1antes, visitantes y trabajadores, para generar el\nbienestar de la poblaci\u00f3n, incrementar su estado de salud y su satisfacci\u00f3n con\nla calidad de los servicios.<\/p>\n\n\n\n<p><strong>VISI\u00d3N<\/strong><\/p>\n\n\n\n<p>Lograr a trav\u00e9s de la actuaci\u00f3n de la estructura de direcci\u00f3n del \u00e1rea la prestaci\u00f3n de un servicio de excelencia para contribuir as\u00ed a elevar la calidad de vida de la poblaci\u00f3n tamense.<\/p>\n\n\n\n<p><strong>Fuente<\/strong>: Departamento administrativo de la DMS. \n\n<\/p>\n","protected":false},"excerpt":{"rendered":"<p>MISI\u00d3N Contribuir al desarrollo de la promoci\u00f3n, prevenci\u00f3n, atenci\u00f3n, asistencia y rehabilitaci\u00f3n, con un enfoque cl\u00ednico desde el punto de vista nutricional, asegurando servicios de alimentaci\u00f3n que cubran las recomendaciones nutricionales para la poblaci\u00f3n, el manejo dietoterape\u00fatico y las normas higi\u00e9nico \u2013 sanitarias. Garantizar eficientemente en nuestras instituciones la atenci\u00f3n m\u00e9dica, manteniendo un alto nivel &hellip; <\/p>\n<p><a class=\"more-link btn\" href=\"https:\/\/instituciones.gtm.sld.cu\/dmsmta\/departamentos\/servicios-basicos\/\">Seguir leyendo<\/a><\/p>\n","protected":false},"author":79,"featured_media":0,"parent":188,"menu_order":1,"comment_status":"closed","ping_status":"closed","template":"","meta":{"ngg_post_thumbnail":0,"_mc_calendar":[]},"yoast_head":"<!-- This site is optimized with the Yoast SEO plugin v21.8 - https:\/\/yoast.com\/wordpress\/plugins\/seo\/ -->\n<title>Servici\u00f3s B\u00e1sicos - Direcci\u00f3n General de Salud<\/title>\n<meta name=\"robots\" content=\"index, follow, max-snippet:-1, max-image-preview:large, max-video-preview:-1\" \/>\n<link rel=\"canonical\" href=\"https:\/\/instituciones.gtm.sld.cu\/dmsmta\/departamentos\/administrativo__trashed\/servicios-basicos\/\" \/>\n<meta property=\"og:locale\" content=\"es_ES\" \/>\n<meta property=\"og:type\" content=\"article\" \/>\n<meta property=\"og:title\" content=\"Servici\u00f3s B\u00e1sicos - Direcci\u00f3n General de Salud\" \/>\n<meta property=\"og:description\" content=\"MISI\u00d3N Contribuir al desarrollo de la promoci\u00f3n, prevenci\u00f3n, atenci\u00f3n, asistencia y rehabilitaci\u00f3n, con un enfoque cl\u00ednico desde el punto de vista nutricional, asegurando servicios de alimentaci\u00f3n que cubran las recomendaciones nutricionales para la poblaci\u00f3n, el manejo dietoterape\u00fatico y las normas higi\u00e9nico \u2013 sanitarias. Garantizar eficientemente en nuestras instituciones la atenci\u00f3n m\u00e9dica, manteniendo un alto nivel &hellip; Seguir leyendo\" \/>\n<meta property=\"og:url\" content=\"https:\/\/instituciones.gtm.sld.cu\/dmsmta\/departamentos\/administrativo__trashed\/servicios-basicos\/\" \/>\n<meta property=\"og:site_name\" content=\"Direcci\u00f3n General de Salud\" \/>\n<meta name=\"twitter:card\" content=\"summary_large_image\" \/>\n<meta name=\"twitter:label1\" content=\"Tiempo de lectura\" \/>\n\t<meta name=\"twitter:data1\" content=\"1 minuto\" \/>\n<script type=\"application\/ld+json\" class=\"yoast-schema-graph\">{\"@context\":\"https:\/\/schema.org\",\"@graph\":[{\"@type\":\"WebPage\",\"@id\":\"https:\/\/instituciones.gtm.sld.cu\/dmsmta\/departamentos\/administrativo__trashed\/servicios-basicos\/\",\"url\":\"https:\/\/instituciones.gtm.sld.cu\/dmsmta\/departamentos\/administrativo__trashed\/servicios-basicos\/\",\"name\":\"Servici\u00f3s B\u00e1sicos - Direcci\u00f3n General de Salud\",\"isPartOf\":{\"@id\":\"https:\/\/instituciones.gtm.sld.cu\/dmsmta\/#website\"},\"datePublished\":\"2019-03-16T12:44:41+00:00\",\"dateModified\":\"2019-03-16T12:44:41+00:00\",\"breadcrumb\":{\"@id\":\"https:\/\/instituciones.gtm.sld.cu\/dmsmta\/departamentos\/administrativo__trashed\/servicios-basicos\/#breadcrumb\"},\"inLanguage\":\"es\",\"potentialAction\":[{\"@type\":\"ReadAction\",\"target\":[\"https:\/\/instituciones.gtm.sld.cu\/dmsmta\/departamentos\/administrativo__trashed\/servicios-basicos\/\"]}]},{\"@type\":\"BreadcrumbList\",\"@id\":\"https:\/\/instituciones.gtm.sld.cu\/dmsmta\/departamentos\/administrativo__trashed\/servicios-basicos\/#breadcrumb\",\"itemListElement\":[{\"@type\":\"ListItem\",\"position\":1,\"name\":\"Portada\",\"item\":\"https:\/\/instituciones.gtm.sld.cu\/dmsmta\/\"},{\"@type\":\"ListItem\",\"position\":2,\"name\":\"Director General\",\"item\":\"https:\/\/instituciones.gtm.sld.cu\/dmsmta\/departamentos\/\"},{\"@type\":\"ListItem\",\"position\":3,\"name\":\"Servici\u00f3s B\u00e1sicos\"}]},{\"@type\":\"WebSite\",\"@id\":\"https:\/\/instituciones.gtm.sld.cu\/dmsmta\/#website\",\"url\":\"https:\/\/instituciones.gtm.sld.cu\/dmsmta\/\",\"name\":\"Direcci\u00f3n General de Salud\",\"description\":\"Manuel Tames\",\"potentialAction\":[{\"@type\":\"SearchAction\",\"target\":{\"@type\":\"EntryPoint\",\"urlTemplate\":\"https:\/\/instituciones.gtm.sld.cu\/dmsmta\/?s={search_term_string}\"},\"query-input\":\"required name=search_term_string\"}],\"inLanguage\":\"es\"}]}<\/script>\n<!-- \/ Yoast SEO plugin. -->","yoast_head_json":{"title":"Servici\u00f3s B\u00e1sicos - Direcci\u00f3n General de Salud","robots":{"index":"index","follow":"follow","max-snippet":"max-snippet:-1","max-image-preview":"max-image-preview:large","max-video-preview":"max-video-preview:-1"},"canonical":"https:\/\/instituciones.gtm.sld.cu\/dmsmta\/departamentos\/administrativo__trashed\/servicios-basicos\/","og_locale":"es_ES","og_type":"article","og_title":"Servici\u00f3s B\u00e1sicos - Direcci\u00f3n General de Salud","og_description":"MISI\u00d3N Contribuir al desarrollo de la promoci\u00f3n, prevenci\u00f3n, atenci\u00f3n, asistencia y rehabilitaci\u00f3n, con un enfoque cl\u00ednico desde el punto de vista nutricional, asegurando servicios de alimentaci\u00f3n que cubran las recomendaciones nutricionales para la poblaci\u00f3n, el manejo dietoterape\u00fatico y las normas higi\u00e9nico \u2013 sanitarias. Garantizar eficientemente en nuestras instituciones la atenci\u00f3n m\u00e9dica, manteniendo un alto nivel &hellip; Seguir leyendo","og_url":"https:\/\/instituciones.gtm.sld.cu\/dmsmta\/departamentos\/administrativo__trashed\/servicios-basicos\/","og_site_name":"Direcci\u00f3n General de Salud","twitter_card":"summary_large_image","twitter_misc":{"Tiempo de lectura":"1 minuto"},"schema":{"@context":"https:\/\/schema.org","@graph":[{"@type":"WebPage","@id":"https:\/\/instituciones.gtm.sld.cu\/dmsmta\/departamentos\/administrativo__trashed\/servicios-basicos\/","url":"https:\/\/instituciones.gtm.sld.cu\/dmsmta\/departamentos\/administrativo__trashed\/servicios-basicos\/","name":"Servici\u00f3s B\u00e1sicos - Direcci\u00f3n General de Salud","isPartOf":{"@id":"https:\/\/instituciones.gtm.sld.cu\/dmsmta\/#website"},"datePublished":"2019-03-16T12:44:41+00:00","dateModified":"2019-03-16T12:44:41+00:00","breadcrumb":{"@id":"https:\/\/instituciones.gtm.sld.cu\/dmsmta\/departamentos\/administrativo__trashed\/servicios-basicos\/#breadcrumb"},"inLanguage":"es","potentialAction":[{"@type":"ReadAction","target":["https:\/\/instituciones.gtm.sld.cu\/dmsmta\/departamentos\/administrativo__trashed\/servicios-basicos\/"]}]},{"@type":"BreadcrumbList","@id":"https:\/\/instituciones.gtm.sld.cu\/dmsmta\/departamentos\/administrativo__trashed\/servicios-basicos\/#breadcrumb","itemListElement":[{"@type":"ListItem","position":1,"name":"Portada","item":"https:\/\/instituciones.gtm.sld.cu\/dmsmta\/"},{"@type":"ListItem","position":2,"name":"Director General","item":"https:\/\/instituciones.gtm.sld.cu\/dmsmta\/departamentos\/"},{"@type":"ListItem","position":3,"name":"Servici\u00f3s B\u00e1sicos"}]},{"@type":"WebSite","@id":"https:\/\/instituciones.gtm.sld.cu\/dmsmta\/#website","url":"https:\/\/instituciones.gtm.sld.cu\/dmsmta\/","name":"Direcci\u00f3n General de Salud","description":"Manuel Tames","potentialAction":[{"@type":"SearchAction","target":{"@type":"EntryPoint","urlTemplate":"https:\/\/instituciones.gtm.sld.cu\/dmsmta\/?s={search_term_string}"},"query-input":"required name=search_term_string"}],"inLanguage":"es"}]}},"_links":{"self":[{"href":"https:\/\/instituciones.gtm.sld.cu\/dmsmta\/wp-json\/wp\/v2\/pages\/558"}],"collection":[{"href":"https:\/\/instituciones.gtm.sld.cu\/dmsmta\/wp-json\/wp\/v2\/pages"}],"about":[{"href":"https:\/\/instituciones.gtm.sld.cu\/dmsmta\/wp-json\/wp\/v2\/types\/page"}],"author":[{"embeddable":true,"href":"https:\/\/instituciones.gtm.sld.cu\/dmsmta\/wp-json\/wp\/v2\/users\/79"}],"replies":[{"embeddable":true,"href":"https:\/\/instituciones.gtm.sld.cu\/dmsmta\/wp-json\/wp\/v2\/comments?post=558"}],"version-history":[{"count":0,"href":"https:\/\/instituciones.gtm.sld.cu\/dmsmta\/wp-json\/wp\/v2\/pages\/558\/revisions"}],"up":[{"embeddable":true,"href":"https:\/\/instituciones.gtm.sld.cu\/dmsmta\/wp-json\/wp\/v2\/pages\/188"}],"wp:attachment":[{"href":"https:\/\/instituciones.gtm.sld.cu\/dmsmta\/wp-json\/wp\/v2\/media?parent=558"}],"curies":[{"name":"wp","href":"https:\/\/api.w.org\/{rel}","templated":true}]}}