{"id":2013,"date":"2019-03-13T13:49:05","date_gmt":"2019-03-13T17:49:05","guid":{"rendered":"http:\/\/instituciones.gtm.sld.cu\/electromedicina\/?page_id=2013"},"modified":"2022-02-03T09:02:27","modified_gmt":"2022-02-03T14:02:27","slug":"direccion","status":"publish","type":"page","link":"https:\/\/instituciones.gtm.sld.cu\/electromedicina\/departamentos\/dpto-administrativo\/direccion\/","title":{"rendered":"Direcci\u00f3n"},"content":{"rendered":"<p>El director del Centro Provincial de Electromedicina es el Ing. Miguel Angel Garz\u00f3n Quesada.<\/p>\n<p><strong><span style=\"color: #008000\">Objetivos de Trabajo para el 2022.<\/span><\/strong><\/p>\n\n<table id=\"tablepress-5\" class=\"tablepress tablepress-id-5\">\n<thead>\n<tr class=\"row-1\">\n\t<th class=\"column-1\">Objetivos de Trabajo para el 2022<\/th><th class=\"column-2\">Responsables de Ejecuci\u00f3n<\/th>\n<\/tr>\n<\/thead>\n<tbody class=\"row-striping row-hover\">\n<tr class=\"row-2\">\n\t<td class=\"column-1\">Objetivo No. 1. Incrementar el estado de salud de la poblaci\u00f3n y su satisfacci\u00f3n con los servicios (L-24, 98, 99, 108, 109, 116, 119, 126-132, 255, 269-272)<\/td><td class=\"column-2\">Director<\/td>\n<\/tr>\n<tr class=\"row-3\">\n\t<td class=\"column-1\">Criterios de Medidas<\/td><td class=\"column-2\"><\/td>\n<\/tr>\n<tr class=\"row-4\">\n\t<td class=\"column-1\">1.28 Cumplidos los requisitos establecidos para ocupar un cargo por los cuadros y reservas, en particular el tr\u00e1nsito por otros cargos del Sistema Nacional de Salud (L-255, 269, 270) Obj 1ra Conf. PCC 73, 74 y 82)<\/td><td class=\"column-2\">Director, Especialista de Cuadro<\/td>\n<\/tr>\n<tr class=\"row-5\">\n\t<td class=\"column-1\">Objetivo No. 4 Consolidar las estrategias de formaci\u00f3n, capacitaci\u00f3n e investigaci\u00f3n (L-98, 116, 126, 127, 130, 255, 270)<\/td><td class=\"column-2\">Director, Especialista de Cuadro<\/td>\n<\/tr>\n<tr class=\"row-6\">\n\t<td class=\"column-1\">Criterios de Medidas<\/td><td class=\"column-2\"><\/td>\n<\/tr>\n<tr class=\"row-7\">\n\t<td class=\"column-1\">4.7 Dise\u00f1ados y cumplidos los planes de preparaci\u00f3n y superaci\u00f3n de cuadros y reserva, en correspondencia con la estrategia nacional )L-255-270)<\/td><td class=\"column-2\">Director, Especialista de Cuadro<\/td>\n<\/tr>\n<tr class=\"row-8\">\n\t<td class=\"column-1\">4.8 Perfeccionados e implementados los planes de capacitaci\u00f3n dirigidos a las categor\u00edas de obreros (operarios), administrativos y t\u00e9cnicos formados y no formados en el sector.  (L-130)<\/td><td class=\"column-2\">Director, Especialista de Cuadro<\/td>\n<\/tr>\n<tr class=\"row-9\">\n\t<td class=\"column-1\">4.9 Cumplida la generalizaci\u00f3n de resultados cient\u00edficos en todas las instancias del Sistema Nacional de Salud.  (L-127)<\/td><td class=\"column-2\">Director, Especialista de Cuadro<\/td>\n<\/tr>\n<tr class=\"row-10\">\n\t<td class=\"column-1\">Objetivo No. 6. Incrementar la racionalidad y la eficiencia econ\u00f3mica en el sector (L-1, 7,14, 21, 23, 24, 26, 42, 53, 67-70, 72, 73, 74, 82, 84, 85, 88, 89, 90, 92, 101, 116, 118, 126-133, 204-207, 238, 244, 252, 255, 257, 258, 261, 271)<\/td><td class=\"column-2\">Director<\/td>\n<\/tr>\n<tr class=\"row-11\">\n\t<td class=\"column-1\">Criterios de Medidas<\/td><td class=\"column-2\"><\/td>\n<\/tr>\n<tr class=\"row-12\">\n\t<td class=\"column-1\">6.18. Lograda la efectividad del sistema de Seguridad y Protecci\u00f3n de los recursos a proteger disminuyendo las amenazas de riesgos y  manifestaciones de delito, corrupci\u00f3n e ilegalidades.<\/td><td class=\"column-2\">Director, Seguridad y Protecci\u00f3n<\/td>\n<\/tr>\n<\/tbody>\n<\/table>\n<!-- #tablepress-5 from cache -->\n<p>&nbsp;<\/p>\n","protected":false},"excerpt":{"rendered":"<p>El director del Centro Provincial de Electromedicina es el Ing. Miguel Angel Garz\u00f3n Quesada. Objetivos de Trabajo para el 2022. &nbsp;<\/p>\n","protected":false},"author":37,"featured_media":0,"parent":498,"menu_order":1,"comment_status":"closed","ping_status":"closed","template":"","meta":{"ngg_post_thumbnail":0,"_mc_calendar":[]},"yoast_head":"<!-- This site is optimized with the Yoast SEO plugin v21.8 - https:\/\/yoast.com\/wordpress\/plugins\/seo\/ -->\n<title>Direcci\u00f3n - Centro Provincial de Electromedicina<\/title>\n<meta name=\"robots\" content=\"index, follow, max-snippet:-1, max-image-preview:large, max-video-preview:-1\" \/>\n<link rel=\"canonical\" href=\"https:\/\/instituciones.gtm.sld.cu\/electromedicina\/departamentos\/dpto-administrativo\/direccion\/\" \/>\n<meta property=\"og:locale\" content=\"es_ES\" \/>\n<meta property=\"og:type\" content=\"article\" \/>\n<meta property=\"og:title\" content=\"Direcci\u00f3n - Centro Provincial de Electromedicina\" \/>\n<meta property=\"og:description\" content=\"El director del Centro Provincial de Electromedicina es el Ing. Miguel Angel Garz\u00f3n Quesada. Objetivos de Trabajo para el 2022. &nbsp;\" \/>\n<meta property=\"og:url\" content=\"https:\/\/instituciones.gtm.sld.cu\/electromedicina\/departamentos\/dpto-administrativo\/direccion\/\" \/>\n<meta property=\"og:site_name\" content=\"Centro Provincial de Electromedicina\" \/>\n<meta property=\"article:modified_time\" content=\"2022-02-03T14:02:27+00:00\" \/>\n<meta name=\"twitter:card\" content=\"summary_large_image\" \/>\n<script type=\"application\/ld+json\" class=\"yoast-schema-graph\">{\"@context\":\"https:\/\/schema.org\",\"@graph\":[{\"@type\":\"WebPage\",\"@id\":\"https:\/\/instituciones.gtm.sld.cu\/electromedicina\/departamentos\/dpto-administrativo\/direccion\/\",\"url\":\"https:\/\/instituciones.gtm.sld.cu\/electromedicina\/departamentos\/dpto-administrativo\/direccion\/\",\"name\":\"Direcci\u00f3n - Centro Provincial de Electromedicina\",\"isPartOf\":{\"@id\":\"https:\/\/instituciones.gtm.sld.cu\/electromedicina\/#website\"},\"datePublished\":\"2019-03-13T17:49:05+00:00\",\"dateModified\":\"2022-02-03T14:02:27+00:00\",\"breadcrumb\":{\"@id\":\"https:\/\/instituciones.gtm.sld.cu\/electromedicina\/departamentos\/dpto-administrativo\/direccion\/#breadcrumb\"},\"inLanguage\":\"es\",\"potentialAction\":[{\"@type\":\"ReadAction\",\"target\":[\"https:\/\/instituciones.gtm.sld.cu\/electromedicina\/departamentos\/dpto-administrativo\/direccion\/\"]}]},{\"@type\":\"BreadcrumbList\",\"@id\":\"https:\/\/instituciones.gtm.sld.cu\/electromedicina\/departamentos\/dpto-administrativo\/direccion\/#breadcrumb\",\"itemListElement\":[{\"@type\":\"ListItem\",\"position\":1,\"name\":\"Inicio\",\"item\":\"https:\/\/instituciones.gtm.sld.cu\/electromedicina\/\"},{\"@type\":\"ListItem\",\"position\":2,\"name\":\"Departamentos\",\"item\":\"https:\/\/instituciones.gtm.sld.cu\/electromedicina\/departamentos\/\"},{\"@type\":\"ListItem\",\"position\":3,\"name\":\"Dpto. Administrativo\",\"item\":\"https:\/\/instituciones.gtm.sld.cu\/electromedicina\/departamentos\/dpto-administrativo\/\"},{\"@type\":\"ListItem\",\"position\":4,\"name\":\"Direcci\u00f3n\"}]},{\"@type\":\"WebSite\",\"@id\":\"https:\/\/instituciones.gtm.sld.cu\/electromedicina\/#website\",\"url\":\"https:\/\/instituciones.gtm.sld.cu\/electromedicina\/\",\"name\":\"Centro Provincial de Electromedicina\",\"description\":\"Guant\u00e1namo\",\"potentialAction\":[{\"@type\":\"SearchAction\",\"target\":{\"@type\":\"EntryPoint\",\"urlTemplate\":\"https:\/\/instituciones.gtm.sld.cu\/electromedicina\/?s={search_term_string}\"},\"query-input\":\"required name=search_term_string\"}],\"inLanguage\":\"es\"}]}<\/script>\n<!-- \/ Yoast SEO plugin. -->","yoast_head_json":{"title":"Direcci\u00f3n - Centro Provincial de Electromedicina","robots":{"index":"index","follow":"follow","max-snippet":"max-snippet:-1","max-image-preview":"max-image-preview:large","max-video-preview":"max-video-preview:-1"},"canonical":"https:\/\/instituciones.gtm.sld.cu\/electromedicina\/departamentos\/dpto-administrativo\/direccion\/","og_locale":"es_ES","og_type":"article","og_title":"Direcci\u00f3n - Centro Provincial de Electromedicina","og_description":"El director del Centro Provincial de Electromedicina es el Ing. Miguel Angel Garz\u00f3n Quesada. Objetivos de Trabajo para el 2022. &nbsp;","og_url":"https:\/\/instituciones.gtm.sld.cu\/electromedicina\/departamentos\/dpto-administrativo\/direccion\/","og_site_name":"Centro Provincial de Electromedicina","article_modified_time":"2022-02-03T14:02:27+00:00","twitter_card":"summary_large_image","schema":{"@context":"https:\/\/schema.org","@graph":[{"@type":"WebPage","@id":"https:\/\/instituciones.gtm.sld.cu\/electromedicina\/departamentos\/dpto-administrativo\/direccion\/","url":"https:\/\/instituciones.gtm.sld.cu\/electromedicina\/departamentos\/dpto-administrativo\/direccion\/","name":"Direcci\u00f3n - Centro Provincial de Electromedicina","isPartOf":{"@id":"https:\/\/instituciones.gtm.sld.cu\/electromedicina\/#website"},"datePublished":"2019-03-13T17:49:05+00:00","dateModified":"2022-02-03T14:02:27+00:00","breadcrumb":{"@id":"https:\/\/instituciones.gtm.sld.cu\/electromedicina\/departamentos\/dpto-administrativo\/direccion\/#breadcrumb"},"inLanguage":"es","potentialAction":[{"@type":"ReadAction","target":["https:\/\/instituciones.gtm.sld.cu\/electromedicina\/departamentos\/dpto-administrativo\/direccion\/"]}]},{"@type":"BreadcrumbList","@id":"https:\/\/instituciones.gtm.sld.cu\/electromedicina\/departamentos\/dpto-administrativo\/direccion\/#breadcrumb","itemListElement":[{"@type":"ListItem","position":1,"name":"Inicio","item":"https:\/\/instituciones.gtm.sld.cu\/electromedicina\/"},{"@type":"ListItem","position":2,"name":"Departamentos","item":"https:\/\/instituciones.gtm.sld.cu\/electromedicina\/departamentos\/"},{"@type":"ListItem","position":3,"name":"Dpto. Administrativo","item":"https:\/\/instituciones.gtm.sld.cu\/electromedicina\/departamentos\/dpto-administrativo\/"},{"@type":"ListItem","position":4,"name":"Direcci\u00f3n"}]},{"@type":"WebSite","@id":"https:\/\/instituciones.gtm.sld.cu\/electromedicina\/#website","url":"https:\/\/instituciones.gtm.sld.cu\/electromedicina\/","name":"Centro Provincial de Electromedicina","description":"Guant\u00e1namo","potentialAction":[{"@type":"SearchAction","target":{"@type":"EntryPoint","urlTemplate":"https:\/\/instituciones.gtm.sld.cu\/electromedicina\/?s={search_term_string}"},"query-input":"required name=search_term_string"}],"inLanguage":"es"}]}},"_links":{"self":[{"href":"https:\/\/instituciones.gtm.sld.cu\/electromedicina\/wp-json\/wp\/v2\/pages\/2013"}],"collection":[{"href":"https:\/\/instituciones.gtm.sld.cu\/electromedicina\/wp-json\/wp\/v2\/pages"}],"about":[{"href":"https:\/\/instituciones.gtm.sld.cu\/electromedicina\/wp-json\/wp\/v2\/types\/page"}],"author":[{"embeddable":true,"href":"https:\/\/instituciones.gtm.sld.cu\/electromedicina\/wp-json\/wp\/v2\/users\/37"}],"replies":[{"embeddable":true,"href":"https:\/\/instituciones.gtm.sld.cu\/electromedicina\/wp-json\/wp\/v2\/comments?post=2013"}],"version-history":[{"count":1,"href":"https:\/\/instituciones.gtm.sld.cu\/electromedicina\/wp-json\/wp\/v2\/pages\/2013\/revisions"}],"predecessor-version":[{"id":2498,"href":"https:\/\/instituciones.gtm.sld.cu\/electromedicina\/wp-json\/wp\/v2\/pages\/2013\/revisions\/2498"}],"up":[{"embeddable":true,"href":"https:\/\/instituciones.gtm.sld.cu\/electromedicina\/wp-json\/wp\/v2\/pages\/498"}],"wp:attachment":[{"href":"https:\/\/instituciones.gtm.sld.cu\/electromedicina\/wp-json\/wp\/v2\/media?parent=2013"}],"curies":[{"name":"wp","href":"https:\/\/api.w.org\/{rel}","templated":true}]}}