{"id":486,"date":"2019-01-29T10:16:57","date_gmt":"2019-01-29T15:16:57","guid":{"rendered":"http:\/\/instituciones.gtm.sld.cu\/electromedicina\/?page_id=486"},"modified":"2023-11-08T10:34:37","modified_gmt":"2023-11-08T15:34:37","slug":"equipos-medicos","status":"publish","type":"page","link":"https:\/\/instituciones.gtm.sld.cu\/electromedicina\/departamentos\/equipos-medicos\/","title":{"rendered":"Equipos M\u00e9dicos"},"content":{"rendered":"<p style=\"text-align: justify\">El departamento de Equipos M\u00e9dicos es dirigido por el Ing. Ismel Prosper Castillo, est\u00e1 divido en las especialidades: Imagenolog\u00eda, Electr\u00f3nica M\u00e9dica, Soporte de Vida, Oftalmolog\u00eda y M\u00ednimo Acceso, Laboratorio y \u00d3ptica, Electromec\u00e1nica y \u00d3ptica Tecnol\u00f3gica, Esterilizaci\u00f3n, Gases Medicinales y Sal\u00f3n y Vac\u00edo, Estomatolog\u00eda, Vigilancia Tecnol\u00f3gica, Recuperaci\u00f3n y Equipos de la Campa\u00f1a. Los cuales se encargan de mantener el estado t\u00e9cnico del equipamiento m\u00e9dico de la provincia.<\/p>\n<p><strong><span style=\"color: #008000\">Objetivos de Trabajo para el a\u00f1o 2023.<\/span><\/strong><\/p>\n\n<table id=\"tablepress-3\" class=\"tablepress tablepress-id-3\">\n<thead>\n<tr class=\"row-1\">\n\t<th class=\"column-1\">Objetivos de Trabajo para el 2023<\/th><th class=\"column-2\">Responsables de la Ejecuci\u00f3n<\/th>\n<\/tr>\n<\/thead>\n<tbody class=\"row-striping row-hover\">\n<tr class=\"row-2\">\n\t<td class=\"column-1\">Objetivo No. 1. Incrementar el estado de salud de la poblaci\u00f3n y su satisfacci\u00f3n con los servicios (L-24, 98, 99, 108, 109, 116, 119, 126-132, 255, 269-272)<\/td><td class=\"column-2\">Jefe Dpto. equipos m\u00e9dicos <\/td>\n<\/tr>\n<tr class=\"row-3\">\n\t<td class=\"column-1\">Criterios de Medidas<\/td><td class=\"column-2\"><\/td>\n<\/tr>\n<tr class=\"row-4\">\n\t<td class=\"column-1\">1.3 Consolidado el funcionamiento de los servicios como parte del proceso de transformaciones en el sector.<\/td><td class=\"column-2\">Jefe Dpto. equipos m\u00e9dicos <\/td>\n<\/tr>\n<tr class=\"row-5\">\n\t<td class=\"column-1\">Objetivo No. 6. Incrementar la racionalidad y la eficiencia econ\u00f3mica en el sector (L-1, 7,14, 21, 23, 24, 26, 42, 53, 67-70, 72, 73, 74, 82, 84, 85, 88, 89, 90, 92, 101, 116, 118, 126-133, 204-207, 238, 244, 252, 255, 257, 258, 261, 271)<\/td><td class=\"column-2\">Jefe Dpto. equipos m\u00e9dicos <\/td>\n<\/tr>\n<tr class=\"row-6\">\n\t<td class=\"column-1\">Criterrios de Medidas<\/td><td class=\"column-2\"><\/td>\n<\/tr>\n<tr class=\"row-7\">\n\t<td class=\"column-1\">6.4 Implementado el Programa por el Empleo Eficiente y Racional de los Recursos (PEERR) en la toma de decisiones con la participaci\u00f3n de los colectivos laborales en las unidades del sector. <\/td><td class=\"column-2\">Jefe Dpto. equipos m\u00e9dicos <\/td>\n<\/tr>\n<\/tbody>\n<\/table>\n\n","protected":false},"excerpt":{"rendered":"<p>El departamento de Equipos M\u00e9dicos es dirigido por el Ing. Ismel Prosper Castillo, est\u00e1 divido en las especialidades: Imagenolog\u00eda, Electr\u00f3nica M\u00e9dica, Soporte de Vida, Oftalmolog\u00eda y M\u00ednimo Acceso, Laboratorio y \u00d3ptica, Electromec\u00e1nica y \u00d3ptica Tecnol\u00f3gica, Esterilizaci\u00f3n, Gases Medicinales y Sal\u00f3n y Vac\u00edo, Estomatolog\u00eda, Vigilancia Tecnol\u00f3gica, Recuperaci\u00f3n y Equipos de la Campa\u00f1a. Los cuales se encargan &hellip; <\/p>\n<p><a class=\"more-link btn\" href=\"https:\/\/instituciones.gtm.sld.cu\/electromedicina\/departamentos\/equipos-medicos\/\">Seguir leyendo<\/a><\/p>\n","protected":false},"author":37,"featured_media":0,"parent":311,"menu_order":0,"comment_status":"closed","ping_status":"closed","template":"","meta":{"ngg_post_thumbnail":0,"_mc_calendar":[]},"yoast_head":"<!-- This site is optimized with the Yoast SEO plugin v21.8 - https:\/\/yoast.com\/wordpress\/plugins\/seo\/ -->\n<title>Equipos M\u00e9dicos - Centro Provincial de Electromedicina<\/title>\n<meta name=\"robots\" content=\"index, follow, max-snippet:-1, max-image-preview:large, max-video-preview:-1\" \/>\n<link rel=\"canonical\" href=\"https:\/\/instituciones.gtm.sld.cu\/electromedicina\/departamentos\/equipos-medicos\/\" \/>\n<meta property=\"og:locale\" content=\"es_ES\" \/>\n<meta property=\"og:type\" content=\"article\" \/>\n<meta property=\"og:title\" content=\"Equipos M\u00e9dicos - Centro Provincial de Electromedicina\" \/>\n<meta property=\"og:description\" content=\"El departamento de Equipos M\u00e9dicos es dirigido por el Ing. Ismel Prosper Castillo, est\u00e1 divido en las especialidades: Imagenolog\u00eda, Electr\u00f3nica M\u00e9dica, Soporte de Vida, Oftalmolog\u00eda y M\u00ednimo Acceso, Laboratorio y \u00d3ptica, Electromec\u00e1nica y \u00d3ptica Tecnol\u00f3gica, Esterilizaci\u00f3n, Gases Medicinales y Sal\u00f3n y Vac\u00edo, Estomatolog\u00eda, Vigilancia Tecnol\u00f3gica, Recuperaci\u00f3n y Equipos de la Campa\u00f1a. Los cuales se encargan &hellip; Seguir leyendo\" \/>\n<meta property=\"og:url\" content=\"https:\/\/instituciones.gtm.sld.cu\/electromedicina\/departamentos\/equipos-medicos\/\" \/>\n<meta property=\"og:site_name\" content=\"Centro Provincial de Electromedicina\" \/>\n<meta property=\"article:modified_time\" content=\"2023-11-08T15:34:37+00:00\" \/>\n<meta name=\"twitter:card\" content=\"summary_large_image\" \/>\n<meta name=\"twitter:label1\" content=\"Tiempo de lectura\" \/>\n\t<meta name=\"twitter:data1\" content=\"1 minuto\" \/>\n<script type=\"application\/ld+json\" class=\"yoast-schema-graph\">{\"@context\":\"https:\/\/schema.org\",\"@graph\":[{\"@type\":\"WebPage\",\"@id\":\"https:\/\/instituciones.gtm.sld.cu\/electromedicina\/departamentos\/equipos-medicos\/\",\"url\":\"https:\/\/instituciones.gtm.sld.cu\/electromedicina\/departamentos\/equipos-medicos\/\",\"name\":\"Equipos M\u00e9dicos - Centro Provincial de Electromedicina\",\"isPartOf\":{\"@id\":\"https:\/\/instituciones.gtm.sld.cu\/electromedicina\/#website\"},\"datePublished\":\"2019-01-29T15:16:57+00:00\",\"dateModified\":\"2023-11-08T15:34:37+00:00\",\"breadcrumb\":{\"@id\":\"https:\/\/instituciones.gtm.sld.cu\/electromedicina\/departamentos\/equipos-medicos\/#breadcrumb\"},\"inLanguage\":\"es\",\"potentialAction\":[{\"@type\":\"ReadAction\",\"target\":[\"https:\/\/instituciones.gtm.sld.cu\/electromedicina\/departamentos\/equipos-medicos\/\"]}]},{\"@type\":\"BreadcrumbList\",\"@id\":\"https:\/\/instituciones.gtm.sld.cu\/electromedicina\/departamentos\/equipos-medicos\/#breadcrumb\",\"itemListElement\":[{\"@type\":\"ListItem\",\"position\":1,\"name\":\"Inicio\",\"item\":\"https:\/\/instituciones.gtm.sld.cu\/electromedicina\/\"},{\"@type\":\"ListItem\",\"position\":2,\"name\":\"Departamentos\",\"item\":\"https:\/\/instituciones.gtm.sld.cu\/electromedicina\/departamentos\/\"},{\"@type\":\"ListItem\",\"position\":3,\"name\":\"Equipos M\u00e9dicos\"}]},{\"@type\":\"WebSite\",\"@id\":\"https:\/\/instituciones.gtm.sld.cu\/electromedicina\/#website\",\"url\":\"https:\/\/instituciones.gtm.sld.cu\/electromedicina\/\",\"name\":\"Centro Provincial de Electromedicina\",\"description\":\"Guant\u00e1namo\",\"potentialAction\":[{\"@type\":\"SearchAction\",\"target\":{\"@type\":\"EntryPoint\",\"urlTemplate\":\"https:\/\/instituciones.gtm.sld.cu\/electromedicina\/?s={search_term_string}\"},\"query-input\":\"required name=search_term_string\"}],\"inLanguage\":\"es\"}]}<\/script>\n<!-- \/ Yoast SEO plugin. -->","yoast_head_json":{"title":"Equipos M\u00e9dicos - Centro Provincial de Electromedicina","robots":{"index":"index","follow":"follow","max-snippet":"max-snippet:-1","max-image-preview":"max-image-preview:large","max-video-preview":"max-video-preview:-1"},"canonical":"https:\/\/instituciones.gtm.sld.cu\/electromedicina\/departamentos\/equipos-medicos\/","og_locale":"es_ES","og_type":"article","og_title":"Equipos M\u00e9dicos - Centro Provincial de Electromedicina","og_description":"El departamento de Equipos M\u00e9dicos es dirigido por el Ing. Ismel Prosper Castillo, est\u00e1 divido en las especialidades: Imagenolog\u00eda, Electr\u00f3nica M\u00e9dica, Soporte de Vida, Oftalmolog\u00eda y M\u00ednimo Acceso, Laboratorio y \u00d3ptica, Electromec\u00e1nica y \u00d3ptica Tecnol\u00f3gica, Esterilizaci\u00f3n, Gases Medicinales y Sal\u00f3n y Vac\u00edo, Estomatolog\u00eda, Vigilancia Tecnol\u00f3gica, Recuperaci\u00f3n y Equipos de la Campa\u00f1a. Los cuales se encargan &hellip; Seguir leyendo","og_url":"https:\/\/instituciones.gtm.sld.cu\/electromedicina\/departamentos\/equipos-medicos\/","og_site_name":"Centro Provincial de Electromedicina","article_modified_time":"2023-11-08T15:34:37+00:00","twitter_card":"summary_large_image","twitter_misc":{"Tiempo de lectura":"1 minuto"},"schema":{"@context":"https:\/\/schema.org","@graph":[{"@type":"WebPage","@id":"https:\/\/instituciones.gtm.sld.cu\/electromedicina\/departamentos\/equipos-medicos\/","url":"https:\/\/instituciones.gtm.sld.cu\/electromedicina\/departamentos\/equipos-medicos\/","name":"Equipos M\u00e9dicos - Centro Provincial de Electromedicina","isPartOf":{"@id":"https:\/\/instituciones.gtm.sld.cu\/electromedicina\/#website"},"datePublished":"2019-01-29T15:16:57+00:00","dateModified":"2023-11-08T15:34:37+00:00","breadcrumb":{"@id":"https:\/\/instituciones.gtm.sld.cu\/electromedicina\/departamentos\/equipos-medicos\/#breadcrumb"},"inLanguage":"es","potentialAction":[{"@type":"ReadAction","target":["https:\/\/instituciones.gtm.sld.cu\/electromedicina\/departamentos\/equipos-medicos\/"]}]},{"@type":"BreadcrumbList","@id":"https:\/\/instituciones.gtm.sld.cu\/electromedicina\/departamentos\/equipos-medicos\/#breadcrumb","itemListElement":[{"@type":"ListItem","position":1,"name":"Inicio","item":"https:\/\/instituciones.gtm.sld.cu\/electromedicina\/"},{"@type":"ListItem","position":2,"name":"Departamentos","item":"https:\/\/instituciones.gtm.sld.cu\/electromedicina\/departamentos\/"},{"@type":"ListItem","position":3,"name":"Equipos M\u00e9dicos"}]},{"@type":"WebSite","@id":"https:\/\/instituciones.gtm.sld.cu\/electromedicina\/#website","url":"https:\/\/instituciones.gtm.sld.cu\/electromedicina\/","name":"Centro Provincial de Electromedicina","description":"Guant\u00e1namo","potentialAction":[{"@type":"SearchAction","target":{"@type":"EntryPoint","urlTemplate":"https:\/\/instituciones.gtm.sld.cu\/electromedicina\/?s={search_term_string}"},"query-input":"required name=search_term_string"}],"inLanguage":"es"}]}},"_links":{"self":[{"href":"https:\/\/instituciones.gtm.sld.cu\/electromedicina\/wp-json\/wp\/v2\/pages\/486"}],"collection":[{"href":"https:\/\/instituciones.gtm.sld.cu\/electromedicina\/wp-json\/wp\/v2\/pages"}],"about":[{"href":"https:\/\/instituciones.gtm.sld.cu\/electromedicina\/wp-json\/wp\/v2\/types\/page"}],"author":[{"embeddable":true,"href":"https:\/\/instituciones.gtm.sld.cu\/electromedicina\/wp-json\/wp\/v2\/users\/37"}],"replies":[{"embeddable":true,"href":"https:\/\/instituciones.gtm.sld.cu\/electromedicina\/wp-json\/wp\/v2\/comments?post=486"}],"version-history":[{"count":2,"href":"https:\/\/instituciones.gtm.sld.cu\/electromedicina\/wp-json\/wp\/v2\/pages\/486\/revisions"}],"predecessor-version":[{"id":2696,"href":"https:\/\/instituciones.gtm.sld.cu\/electromedicina\/wp-json\/wp\/v2\/pages\/486\/revisions\/2696"}],"up":[{"embeddable":true,"href":"https:\/\/instituciones.gtm.sld.cu\/electromedicina\/wp-json\/wp\/v2\/pages\/311"}],"wp:attachment":[{"href":"https:\/\/instituciones.gtm.sld.cu\/electromedicina\/wp-json\/wp\/v2\/media?parent=486"}],"curies":[{"name":"wp","href":"https:\/\/api.w.org\/{rel}","templated":true}]}}

Equipos Médicos

<p style="text-align: justify">El departamento de Equipos Médicos es dirigido por el Ing. Ismel Prosper Castillo, está divido en las especialidades: Imagenología, Electrónica Médica, Soporte de Vida, Oftalmología y Mínimo Acceso, Laboratorio y Óptica, Electromecánica y Óptica Tecnológica, Esterilización, Gases Medicinales y Salón y Vacío, Estomatología, Vigilancia Tecnológica, Recuperación y Equipos de la Campaña. Los cuales se encargan de mantener el estado técnico del equipamiento médico de la provincia.</p>
<p><strong><span style="color: #008000">Objetivos de Trabajo para el año 2023.</span></strong></p>

<table id="tablepress-3" class="tablepress tablepress-id-3">
<thead>
<tr class="row-1">
	<th class="column-1">Objetivos de Trabajo para el 2023</th><th class="column-2">Responsables de la Ejecución</th>
</tr>
</thead>
<tbody class="row-striping row-hover">
<tr class="row-2">
	<td class="column-1">Objetivo No. 1. Incrementar el estado de salud de la población y su satisfacción con los servicios (L-24, 98, 99, 108, 109, 116, 119, 126-132, 255, 269-272)</td><td class="column-2">Jefe Dpto. equipos médicos </td>
</tr>
<tr class="row-3">
	<td class="column-1">Criterios de Medidas</td><td class="column-2"></td>
</tr>
<tr class="row-4">
	<td class="column-1">1.3 Consolidado el funcionamiento de los servicios como parte del proceso de transformaciones en el sector.</td><td class="column-2">Jefe Dpto. equipos médicos </td>
</tr>
<tr class="row-5">
	<td class="column-1">Objetivo No. 6. Incrementar la racionalidad y la eficiencia económica en el sector (L-1, 7,14, 21, 23, 24, 26, 42, 53, 67-70, 72, 73, 74, 82, 84, 85, 88, 89, 90, 92, 101, 116, 118, 126-133, 204-207, 238, 244, 252, 255, 257, 258, 261, 271)</td><td class="column-2">Jefe Dpto. equipos médicos </td>
</tr>
<tr class="row-6">
	<td class="column-1">Criterrios de Medidas</td><td class="column-2"></td>
</tr>
<tr class="row-7">
	<td class="column-1">6.4 Implementado el Programa por el Empleo Eficiente y Racional de los Recursos (PEERR) en la toma de decisiones con la participación de los colectivos laborales en las unidades del sector. </td><td class="column-2">Jefe Dpto. equipos médicos </td>
</tr>
</tbody>
</table>

<p>El departamento de Equipos Médicos es dirigido por el Ing. Ismel Prosper Castillo, está divido en las especialidades: Imagenología, Electrónica Médica, Soporte de Vida, Oftalmología y Mínimo Acceso, Laboratorio y Óptica, Electromecánica y Óptica Tecnológica, Esterilización, Gases Medicinales y Salón y Vacío, Estomatología, Vigilancia Tecnológica, Recuperación y Equipos de la Campaña. Los cuales se encargan &hellip; </p>
<p><a class="more-link btn" href="https://instituciones.gtm.sld.cu/electromedicina/departamentos/equipos-medicos/">Seguir leyendo</a></p>

<!-- This site is optimized with the Yoast SEO plugin v21.8 - https://yoast.com/wordpress/plugins/seo/ -->
<title>Equipos Médicos - Centro Provincial de Electromedicina</title>
<meta name="robots" content="index, follow, max-snippet:-1, max-image-preview:large, max-video-preview:-1" />
<link rel="canonical" href="https://instituciones.gtm.sld.cu/electromedicina/departamentos/equipos-medicos/" />
<meta property="og:locale" content="es_ES" />
<meta property="og:type" content="article" />
<meta property="og:title" content="Equipos Médicos - Centro Provincial de Electromedicina" />
<meta property="og:description" content="El departamento de Equipos Médicos es dirigido por el Ing. Ismel Prosper Castillo, está divido en las especialidades: Imagenología, Electrónica Médica, Soporte de Vida, Oftalmología y Mínimo Acceso, Laboratorio y Óptica, Electromecánica y Óptica Tecnológica, Esterilización, Gases Medicinales y Salón y Vacío, Estomatología, Vigilancia Tecnológica, Recuperación y Equipos de la Campaña. Los cuales se encargan &hellip; Seguir leyendo" />
<meta property="og:url" content="https://instituciones.gtm.sld.cu/electromedicina/departamentos/equipos-medicos/" />
<meta property="og:site_name" content="Centro Provincial de Electromedicina" />
<meta property="article:modified_time" content="2023-11-08T15:34:37+00:00" />
<meta name="twitter:card" content="summary_large_image" />
<meta name="twitter:label1" content="Tiempo de lectura" />
	<meta name="twitter:data1" content="1 minuto" />
<script type="application/ld+json" class="yoast-schema-graph">{"@context":"https://schema.org","@graph":[{"@type":"WebPage","@id":"https://instituciones.gtm.sld.cu/electromedicina/departamentos/equipos-medicos/","url":"https://instituciones.gtm.sld.cu/electromedicina/departamentos/equipos-medicos/","name":"Equipos Médicos - Centro Provincial de Electromedicina","isPartOf":{"@id":"https://instituciones.gtm.sld.cu/electromedicina/#website"},"datePublished":"2019-01-29T15:16:57+00:00","dateModified":"2023-11-08T15:34:37+00:00","breadcrumb":{"@id":"https://instituciones.gtm.sld.cu/electromedicina/departamentos/equipos-medicos/#breadcrumb"},"inLanguage":"es","potentialAction":[{"@type":"ReadAction","target":["https://instituciones.gtm.sld.cu/electromedicina/departamentos/equipos-medicos/"]}]},{"@type":"BreadcrumbList","@id":"https://instituciones.gtm.sld.cu/electromedicina/departamentos/equipos-medicos/#breadcrumb","itemListElement":[{"@type":"ListItem","position":1,"name":"Inicio","item":"https://instituciones.gtm.sld.cu/electromedicina/"},{"@type":"ListItem","position":2,"name":"Departamentos","item":"https://instituciones.gtm.sld.cu/electromedicina/departamentos/"},{"@type":"ListItem","position":3,"name":"Equipos Médicos"}]},{"@type":"WebSite","@id":"https://instituciones.gtm.sld.cu/electromedicina/#website","url":"https://instituciones.gtm.sld.cu/electromedicina/","name":"Centro Provincial de Electromedicina","description":"Guantánamo","potentialAction":[{"@type":"SearchAction","target":{"@type":"EntryPoint","urlTemplate":"https://instituciones.gtm.sld.cu/electromedicina/?s={search_term_string}"},"query-input":"required name=search_term_string"}],"inLanguage":"es"}]}</script>
<!-- / Yoast SEO plugin. -->

Equipos Médicos - Centro Provincial de Electromedicina

El departamento de Equipos Médicos es dirigido por el Ing. Ismel Prosper Castillo, está divido en las especialidades: Imagenología, Electrónica Médica, Soporte de Vida, Oftalmología y Mínimo Acceso, Laboratorio y Óptica, Electromecánica y Óptica Tecnológica, Esterilización, Gases Medicinales y Salón y Vacío, Estomatología, Vigilancia Tecnológica, Recuperación y Equipos de la Campaña. Los cuales se encargan &hellip; Seguir leyendo

Guantánamo
