{"id":493,"date":"2019-01-29T10:19:13","date_gmt":"2019-01-29T15:19:13","guid":{"rendered":"http:\/\/instituciones.gtm.sld.cu\/electromedicina\/?page_id=493"},"modified":"2019-03-04T10:51:43","modified_gmt":"2019-03-04T15:51:43","slug":"protesis-y-calzado-ortopedico","status":"publish","type":"page","link":"https:\/\/instituciones.gtm.sld.cu\/electromedicina\/departamentos\/protesis-y-calzado-ortopedico\/","title":{"rendered":"Pr\u00f3tesis y calzado ortop\u00e9dico"},"content":{"rendered":"<p>El departamento de Pr\u00f3tesis y calzado ortop\u00e9dico es dirigido por el Lic. Eliexer&nbsp;Rodriguez Ru\u00edz, est\u00e1 divido en las especialidades: Ortesis, Pr\u00f3tesis, Bandaje y Calzado. Los cuales se encargan de desarrollar todos los aditamentos ortop\u00e9dicos para los pacientes.<\/p>\n","protected":false},"excerpt":{"rendered":"<p>El departamento de Pr\u00f3tesis y calzado ortop\u00e9dico es dirigido por el Lic. Eliexer&nbsp;Rodriguez Ru\u00edz, est\u00e1 divido en las especialidades: Ortesis, Pr\u00f3tesis, Bandaje y Calzado. Los cuales se encargan de desarrollar todos los aditamentos ortop\u00e9dicos para los pacientes.<\/p>\n","protected":false},"author":37,"featured_media":0,"parent":311,"menu_order":0,"comment_status":"closed","ping_status":"closed","template":"","meta":{"ngg_post_thumbnail":0,"_mc_calendar":[]},"yoast_head":"<!-- This site is optimized with the Yoast SEO plugin v21.8 - https:\/\/yoast.com\/wordpress\/plugins\/seo\/ -->\n<title>Pr\u00f3tesis y calzado ortop\u00e9dico - Centro Provincial de Electromedicina<\/title>\n<meta name=\"robots\" content=\"index, follow, max-snippet:-1, max-image-preview:large, max-video-preview:-1\" \/>\n<link rel=\"canonical\" href=\"https:\/\/instituciones.gtm.sld.cu\/electromedicina\/departamentos\/protesis-y-calzado-ortopedico\/\" \/>\n<meta property=\"og:locale\" content=\"es_ES\" \/>\n<meta property=\"og:type\" content=\"article\" \/>\n<meta property=\"og:title\" content=\"Pr\u00f3tesis y calzado ortop\u00e9dico - Centro Provincial de Electromedicina\" \/>\n<meta property=\"og:description\" content=\"El departamento de Pr\u00f3tesis y calzado ortop\u00e9dico es dirigido por el Lic. Eliexer&nbsp;Rodriguez Ru\u00edz, est\u00e1 divido en las especialidades: Ortesis, Pr\u00f3tesis, Bandaje y Calzado. Los cuales se encargan de desarrollar todos los aditamentos ortop\u00e9dicos para los pacientes.\" \/>\n<meta property=\"og:url\" content=\"https:\/\/instituciones.gtm.sld.cu\/electromedicina\/departamentos\/protesis-y-calzado-ortopedico\/\" \/>\n<meta property=\"og:site_name\" content=\"Centro Provincial de Electromedicina\" \/>\n<meta property=\"article:modified_time\" content=\"2019-03-04T15:51:43+00:00\" \/>\n<meta name=\"twitter:card\" content=\"summary_large_image\" \/>\n<script type=\"application\/ld+json\" class=\"yoast-schema-graph\">{\"@context\":\"https:\/\/schema.org\",\"@graph\":[{\"@type\":\"WebPage\",\"@id\":\"https:\/\/instituciones.gtm.sld.cu\/electromedicina\/departamentos\/protesis-y-calzado-ortopedico\/\",\"url\":\"https:\/\/instituciones.gtm.sld.cu\/electromedicina\/departamentos\/protesis-y-calzado-ortopedico\/\",\"name\":\"Pr\u00f3tesis y calzado ortop\u00e9dico - Centro Provincial de Electromedicina\",\"isPartOf\":{\"@id\":\"https:\/\/instituciones.gtm.sld.cu\/electromedicina\/#website\"},\"datePublished\":\"2019-01-29T15:19:13+00:00\",\"dateModified\":\"2019-03-04T15:51:43+00:00\",\"breadcrumb\":{\"@id\":\"https:\/\/instituciones.gtm.sld.cu\/electromedicina\/departamentos\/protesis-y-calzado-ortopedico\/#breadcrumb\"},\"inLanguage\":\"es\",\"potentialAction\":[{\"@type\":\"ReadAction\",\"target\":[\"https:\/\/instituciones.gtm.sld.cu\/electromedicina\/departamentos\/protesis-y-calzado-ortopedico\/\"]}]},{\"@type\":\"BreadcrumbList\",\"@id\":\"https:\/\/instituciones.gtm.sld.cu\/electromedicina\/departamentos\/protesis-y-calzado-ortopedico\/#breadcrumb\",\"itemListElement\":[{\"@type\":\"ListItem\",\"position\":1,\"name\":\"Inicio\",\"item\":\"https:\/\/instituciones.gtm.sld.cu\/electromedicina\/\"},{\"@type\":\"ListItem\",\"position\":2,\"name\":\"Departamentos\",\"item\":\"https:\/\/instituciones.gtm.sld.cu\/electromedicina\/departamentos\/\"},{\"@type\":\"ListItem\",\"position\":3,\"name\":\"Pr\u00f3tesis y calzado ortop\u00e9dico\"}]},{\"@type\":\"WebSite\",\"@id\":\"https:\/\/instituciones.gtm.sld.cu\/electromedicina\/#website\",\"url\":\"https:\/\/instituciones.gtm.sld.cu\/electromedicina\/\",\"name\":\"Centro Provincial de Electromedicina\",\"description\":\"Guant\u00e1namo\",\"potentialAction\":[{\"@type\":\"SearchAction\",\"target\":{\"@type\":\"EntryPoint\",\"urlTemplate\":\"https:\/\/instituciones.gtm.sld.cu\/electromedicina\/?s={search_term_string}\"},\"query-input\":\"required name=search_term_string\"}],\"inLanguage\":\"es\"}]}<\/script>\n<!-- \/ Yoast SEO plugin. -->","yoast_head_json":{"title":"Pr\u00f3tesis y calzado ortop\u00e9dico - Centro Provincial de Electromedicina","robots":{"index":"index","follow":"follow","max-snippet":"max-snippet:-1","max-image-preview":"max-image-preview:large","max-video-preview":"max-video-preview:-1"},"canonical":"https:\/\/instituciones.gtm.sld.cu\/electromedicina\/departamentos\/protesis-y-calzado-ortopedico\/","og_locale":"es_ES","og_type":"article","og_title":"Pr\u00f3tesis y calzado ortop\u00e9dico - Centro Provincial de Electromedicina","og_description":"El departamento de Pr\u00f3tesis y calzado ortop\u00e9dico es dirigido por el Lic. Eliexer&nbsp;Rodriguez Ru\u00edz, est\u00e1 divido en las especialidades: Ortesis, Pr\u00f3tesis, Bandaje y Calzado. Los cuales se encargan de desarrollar todos los aditamentos ortop\u00e9dicos para los pacientes.","og_url":"https:\/\/instituciones.gtm.sld.cu\/electromedicina\/departamentos\/protesis-y-calzado-ortopedico\/","og_site_name":"Centro Provincial de Electromedicina","article_modified_time":"2019-03-04T15:51:43+00:00","twitter_card":"summary_large_image","schema":{"@context":"https:\/\/schema.org","@graph":[{"@type":"WebPage","@id":"https:\/\/instituciones.gtm.sld.cu\/electromedicina\/departamentos\/protesis-y-calzado-ortopedico\/","url":"https:\/\/instituciones.gtm.sld.cu\/electromedicina\/departamentos\/protesis-y-calzado-ortopedico\/","name":"Pr\u00f3tesis y calzado ortop\u00e9dico - Centro Provincial de Electromedicina","isPartOf":{"@id":"https:\/\/instituciones.gtm.sld.cu\/electromedicina\/#website"},"datePublished":"2019-01-29T15:19:13+00:00","dateModified":"2019-03-04T15:51:43+00:00","breadcrumb":{"@id":"https:\/\/instituciones.gtm.sld.cu\/electromedicina\/departamentos\/protesis-y-calzado-ortopedico\/#breadcrumb"},"inLanguage":"es","potentialAction":[{"@type":"ReadAction","target":["https:\/\/instituciones.gtm.sld.cu\/electromedicina\/departamentos\/protesis-y-calzado-ortopedico\/"]}]},{"@type":"BreadcrumbList","@id":"https:\/\/instituciones.gtm.sld.cu\/electromedicina\/departamentos\/protesis-y-calzado-ortopedico\/#breadcrumb","itemListElement":[{"@type":"ListItem","position":1,"name":"Inicio","item":"https:\/\/instituciones.gtm.sld.cu\/electromedicina\/"},{"@type":"ListItem","position":2,"name":"Departamentos","item":"https:\/\/instituciones.gtm.sld.cu\/electromedicina\/departamentos\/"},{"@type":"ListItem","position":3,"name":"Pr\u00f3tesis y calzado ortop\u00e9dico"}]},{"@type":"WebSite","@id":"https:\/\/instituciones.gtm.sld.cu\/electromedicina\/#website","url":"https:\/\/instituciones.gtm.sld.cu\/electromedicina\/","name":"Centro Provincial de Electromedicina","description":"Guant\u00e1namo","potentialAction":[{"@type":"SearchAction","target":{"@type":"EntryPoint","urlTemplate":"https:\/\/instituciones.gtm.sld.cu\/electromedicina\/?s={search_term_string}"},"query-input":"required name=search_term_string"}],"inLanguage":"es"}]}},"_links":{"self":[{"href":"https:\/\/instituciones.gtm.sld.cu\/electromedicina\/wp-json\/wp\/v2\/pages\/493"}],"collection":[{"href":"https:\/\/instituciones.gtm.sld.cu\/electromedicina\/wp-json\/wp\/v2\/pages"}],"about":[{"href":"https:\/\/instituciones.gtm.sld.cu\/electromedicina\/wp-json\/wp\/v2\/types\/page"}],"author":[{"embeddable":true,"href":"https:\/\/instituciones.gtm.sld.cu\/electromedicina\/wp-json\/wp\/v2\/users\/37"}],"replies":[{"embeddable":true,"href":"https:\/\/instituciones.gtm.sld.cu\/electromedicina\/wp-json\/wp\/v2\/comments?post=493"}],"version-history":[{"count":0,"href":"https:\/\/instituciones.gtm.sld.cu\/electromedicina\/wp-json\/wp\/v2\/pages\/493\/revisions"}],"up":[{"embeddable":true,"href":"https:\/\/instituciones.gtm.sld.cu\/electromedicina\/wp-json\/wp\/v2\/pages\/311"}],"wp:attachment":[{"href":"https:\/\/instituciones.gtm.sld.cu\/electromedicina\/wp-json\/wp\/v2\/media?parent=493"}],"curies":[{"name":"wp","href":"https:\/\/api.w.org\/{rel}","templated":true}]}}

Prótesis y calzado ortopédico

<p>El departamento de Prótesis y calzado ortopédico es dirigido por el Lic. Eliexer&nbsp;Rodriguez Ruíz, está divido en las especialidades: Ortesis, Prótesis, Bandaje y Calzado. Los cuales se encargan de desarrollar todos los aditamentos ortopédicos para los pacientes.</p>

<!-- This site is optimized with the Yoast SEO plugin v21.8 - https://yoast.com/wordpress/plugins/seo/ -->
<title>Prótesis y calzado ortopédico - Centro Provincial de Electromedicina</title>
<meta name="robots" content="index, follow, max-snippet:-1, max-image-preview:large, max-video-preview:-1" />
<link rel="canonical" href="https://instituciones.gtm.sld.cu/electromedicina/departamentos/protesis-y-calzado-ortopedico/" />
<meta property="og:locale" content="es_ES" />
<meta property="og:type" content="article" />
<meta property="og:title" content="Prótesis y calzado ortopédico - Centro Provincial de Electromedicina" />
<meta property="og:description" content="El departamento de Prótesis y calzado ortopédico es dirigido por el Lic. Eliexer&nbsp;Rodriguez Ruíz, está divido en las especialidades: Ortesis, Prótesis, Bandaje y Calzado. Los cuales se encargan de desarrollar todos los aditamentos ortopédicos para los pacientes." />
<meta property="og:url" content="https://instituciones.gtm.sld.cu/electromedicina/departamentos/protesis-y-calzado-ortopedico/" />
<meta property="og:site_name" content="Centro Provincial de Electromedicina" />
<meta property="article:modified_time" content="2019-03-04T15:51:43+00:00" />
<meta name="twitter:card" content="summary_large_image" />
<script type="application/ld+json" class="yoast-schema-graph">{"@context":"https://schema.org","@graph":[{"@type":"WebPage","@id":"https://instituciones.gtm.sld.cu/electromedicina/departamentos/protesis-y-calzado-ortopedico/","url":"https://instituciones.gtm.sld.cu/electromedicina/departamentos/protesis-y-calzado-ortopedico/","name":"Prótesis y calzado ortopédico - Centro Provincial de Electromedicina","isPartOf":{"@id":"https://instituciones.gtm.sld.cu/electromedicina/#website"},"datePublished":"2019-01-29T15:19:13+00:00","dateModified":"2019-03-04T15:51:43+00:00","breadcrumb":{"@id":"https://instituciones.gtm.sld.cu/electromedicina/departamentos/protesis-y-calzado-ortopedico/#breadcrumb"},"inLanguage":"es","potentialAction":[{"@type":"ReadAction","target":["https://instituciones.gtm.sld.cu/electromedicina/departamentos/protesis-y-calzado-ortopedico/"]}]},{"@type":"BreadcrumbList","@id":"https://instituciones.gtm.sld.cu/electromedicina/departamentos/protesis-y-calzado-ortopedico/#breadcrumb","itemListElement":[{"@type":"ListItem","position":1,"name":"Inicio","item":"https://instituciones.gtm.sld.cu/electromedicina/"},{"@type":"ListItem","position":2,"name":"Departamentos","item":"https://instituciones.gtm.sld.cu/electromedicina/departamentos/"},{"@type":"ListItem","position":3,"name":"Prótesis y calzado ortopédico"}]},{"@type":"WebSite","@id":"https://instituciones.gtm.sld.cu/electromedicina/#website","url":"https://instituciones.gtm.sld.cu/electromedicina/","name":"Centro Provincial de Electromedicina","description":"Guantánamo","potentialAction":[{"@type":"SearchAction","target":{"@type":"EntryPoint","urlTemplate":"https://instituciones.gtm.sld.cu/electromedicina/?s={search_term_string}"},"query-input":"required name=search_term_string"}],"inLanguage":"es"}]}</script>
<!-- / Yoast SEO plugin. -->

Prótesis y calzado ortopédico - Centro Provincial de Electromedicina

El departamento de Prótesis y calzado ortopédico es dirigido por el Lic. Eliexer&nbsp;Rodriguez Ruíz, está divido en las especialidades: Ortesis, Prótesis, Bandaje y Calzado. Los cuales se encargan de desarrollar todos los aditamentos ortopédicos para los pacientes.

Guantánamo
