{"id":503,"date":"2019-01-29T10:21:17","date_gmt":"2019-01-29T15:21:17","guid":{"rendered":"http:\/\/instituciones.gtm.sld.cu\/electromedicina\/?page_id=503"},"modified":"2023-11-08T10:48:21","modified_gmt":"2023-11-08T15:48:21","slug":"dpto-economia","status":"publish","type":"page","link":"https:\/\/instituciones.gtm.sld.cu\/electromedicina\/departamentos\/dpto-economia\/","title":{"rendered":"Dpto. Econom\u00eda"},"content":{"rendered":"<p>El departamento Econ\u00f3mico de nuestro centro est\u00e1 dirigido por la Lic. Reinaldo Beyries Mengana, el cual gu\u00eda al colectivo de trabajo al cumplimiento de los objetivos definidos por el ministerio para el presente a\u00f1o.<\/p>\n<p><strong><span style=\"color: #008000\">Objetivos de trabajo para el a\u00f1o 2023.<\/span><\/strong><\/p>\n\n<table id=\"tablepress-2\" class=\"tablepress tablepress-id-2\">\n<thead>\n<tr class=\"row-1\">\n\t<th class=\"column-1\">Objetivos de Trabajo 2019<\/th><th class=\"column-2\">Responsables de ejecuci\u00f3n<\/th>\n<\/tr>\n<\/thead>\n<tbody class=\"row-striping row-hover\">\n<tr class=\"row-2\">\n\t<td class=\"column-1\">Objetivo No. 6. Incrementar la racionalidad y la eficiencia econ\u00f3mica en el sector (L-1, 7,14, 21, 23, 24, 26, 42, 53, 67-70, 72, 73, 74, 82, 84, 85, 88, 89, 90, 92, 101, 116, 118, 126-133, 204-207, 238, 244, 252, 255, 257, 258, 261, 271)<\/td><td class=\"column-2\">Jefe Dpto. Econ\u00f3mico<\/td>\n<\/tr>\n<tr class=\"row-3\">\n\t<td class=\"column-1\">Criterios de Medidas.<\/td><td class=\"column-2\"><\/td>\n<\/tr>\n<tr class=\"row-4\">\n\t<td class=\"column-1\">6.1 Cumplida la ejecuci\u00f3n del Presupuesto total y por partidas de gastos de acuerdo al periodo analizado.      <\/td><td class=\"column-2\">Jefe Dpto. Econ\u00f3mico<\/td>\n<\/tr>\n<tr class=\"row-5\">\n\t<td class=\"column-1\">6.2 Cumplidos los niveles de actividad notificados en el plan de la econom\u00eda.<\/td><td class=\"column-2\">Jefe Dpto. Econ\u00f3mico<\/td>\n<\/tr>\n<tr class=\"row-6\">\n\t<td class=\"column-1\">6.4 Implementado el Programa por el Empleo Eficiente y Racional de los Recursos (PEERR) en la toma de decisiones con la participaci\u00f3n de los colectivos laborales en las unidades del sector. <\/td><td class=\"column-2\">Jefe Dpto. Econ\u00f3mico<\/td>\n<\/tr>\n<tr class=\"row-7\">\n\t<td class=\"column-1\">6.5 Implementados los costos en salud como herramienta de direcci\u00f3n en la toma de decisiones, en las unidades del sector en la b\u00fasqueda de eficiencia en los servicios.<\/td><td class=\"column-2\">Jefe Dpto. Econ\u00f3mico<\/td>\n<\/tr>\n<tr class=\"row-8\">\n\t<td class=\"column-1\">6.6 Cumplidos los planes de portadores energ\u00e9ticos, as\u00ed como el cumplimiento de los niveles de actividad y los \u00edndices de eficiencias aprobados. <\/td><td class=\"column-2\">Jefe Dpto. Econ\u00f3mico<\/td>\n<\/tr>\n<tr class=\"row-9\">\n\t<td class=\"column-1\">6.7 Cumplido los planes de consumo de agua, a partir de las normas establecidas y la ejecuci\u00f3n de las medidas de ahorro aprobadas en las instituciones. <\/td><td class=\"column-2\">Jefe Dpto. Econ\u00f3mico<\/td>\n<\/tr>\n<tr class=\"row-10\">\n\t<td class=\"column-1\">6.8 Cumplidos los planes de recuperaci\u00f3n de materias primas, que representen un crecimiento sobre el real alcanzado en el a\u00f1o anterior y se corresponda con las verdaderas potencialidades de las unidades.<\/td><td class=\"column-2\">Jefe Dpto. Econ\u00f3mico<\/td>\n<\/tr>\n<tr class=\"row-11\">\n\t<td class=\"column-1\">6.9. Fortalecidos los sistemas de control de capital humano con eficiencia<\/td><td class=\"column-2\">Jefe Dpto. Econ\u00f3mico<\/td>\n<\/tr>\n<tr class=\"row-12\">\n\t<td class=\"column-1\">6.19. Cumplida la ejecuci\u00f3n del presupuesto total y por partidas de gastos de acuerdo al periodo analizado de la CSMC y de las brigadas m\u00e9dicas en el exterior.<\/td><td class=\"column-2\">Jefe Dpto. Econ\u00f3mico<\/td>\n<\/tr>\n<\/tbody>\n<\/table>\n<!-- #tablepress-2 from cache -->\n","protected":false},"excerpt":{"rendered":"<p>El departamento Econ\u00f3mico de nuestro centro est\u00e1 dirigido por la Lic. Reinaldo Beyries Mengana, el cual gu\u00eda al colectivo de trabajo al cumplimiento de los objetivos definidos por el ministerio para el presente a\u00f1o. Objetivos de trabajo para el a\u00f1o 2023.<\/p>\n","protected":false},"author":37,"featured_media":0,"parent":311,"menu_order":0,"comment_status":"closed","ping_status":"closed","template":"","meta":{"ngg_post_thumbnail":0,"_mc_calendar":[]},"yoast_head":"<!-- This site is optimized with the Yoast SEO plugin v21.8 - https:\/\/yoast.com\/wordpress\/plugins\/seo\/ -->\n<title>Dpto. Econom\u00eda - Centro Provincial de Electromedicina<\/title>\n<meta name=\"robots\" content=\"index, follow, max-snippet:-1, max-image-preview:large, max-video-preview:-1\" \/>\n<link rel=\"canonical\" href=\"https:\/\/instituciones.gtm.sld.cu\/electromedicina\/departamentos\/dpto-economia\/\" \/>\n<meta property=\"og:locale\" content=\"es_ES\" \/>\n<meta property=\"og:type\" content=\"article\" \/>\n<meta property=\"og:title\" content=\"Dpto. Econom\u00eda - Centro Provincial de Electromedicina\" \/>\n<meta property=\"og:description\" content=\"El departamento Econ\u00f3mico de nuestro centro est\u00e1 dirigido por la Lic. Reinaldo Beyries Mengana, el cual gu\u00eda al colectivo de trabajo al cumplimiento de los objetivos definidos por el ministerio para el presente a\u00f1o. Objetivos de trabajo para el a\u00f1o 2023.\" \/>\n<meta property=\"og:url\" content=\"https:\/\/instituciones.gtm.sld.cu\/electromedicina\/departamentos\/dpto-economia\/\" \/>\n<meta property=\"og:site_name\" content=\"Centro Provincial de Electromedicina\" \/>\n<meta property=\"article:modified_time\" content=\"2023-11-08T15:48:21+00:00\" \/>\n<meta name=\"twitter:card\" content=\"summary_large_image\" \/>\n<meta name=\"twitter:label1\" content=\"Tiempo de lectura\" \/>\n\t<meta name=\"twitter:data1\" content=\"1 minuto\" \/>\n<script type=\"application\/ld+json\" class=\"yoast-schema-graph\">{\"@context\":\"https:\/\/schema.org\",\"@graph\":[{\"@type\":\"WebPage\",\"@id\":\"https:\/\/instituciones.gtm.sld.cu\/electromedicina\/departamentos\/dpto-economia\/\",\"url\":\"https:\/\/instituciones.gtm.sld.cu\/electromedicina\/departamentos\/dpto-economia\/\",\"name\":\"Dpto. Econom\u00eda - Centro Provincial de Electromedicina\",\"isPartOf\":{\"@id\":\"https:\/\/instituciones.gtm.sld.cu\/electromedicina\/#website\"},\"datePublished\":\"2019-01-29T15:21:17+00:00\",\"dateModified\":\"2023-11-08T15:48:21+00:00\",\"breadcrumb\":{\"@id\":\"https:\/\/instituciones.gtm.sld.cu\/electromedicina\/departamentos\/dpto-economia\/#breadcrumb\"},\"inLanguage\":\"es\",\"potentialAction\":[{\"@type\":\"ReadAction\",\"target\":[\"https:\/\/instituciones.gtm.sld.cu\/electromedicina\/departamentos\/dpto-economia\/\"]}]},{\"@type\":\"BreadcrumbList\",\"@id\":\"https:\/\/instituciones.gtm.sld.cu\/electromedicina\/departamentos\/dpto-economia\/#breadcrumb\",\"itemListElement\":[{\"@type\":\"ListItem\",\"position\":1,\"name\":\"Inicio\",\"item\":\"https:\/\/instituciones.gtm.sld.cu\/electromedicina\/\"},{\"@type\":\"ListItem\",\"position\":2,\"name\":\"Departamentos\",\"item\":\"https:\/\/instituciones.gtm.sld.cu\/electromedicina\/departamentos\/\"},{\"@type\":\"ListItem\",\"position\":3,\"name\":\"Dpto. Econom\u00eda\"}]},{\"@type\":\"WebSite\",\"@id\":\"https:\/\/instituciones.gtm.sld.cu\/electromedicina\/#website\",\"url\":\"https:\/\/instituciones.gtm.sld.cu\/electromedicina\/\",\"name\":\"Centro Provincial de Electromedicina\",\"description\":\"Guant\u00e1namo\",\"potentialAction\":[{\"@type\":\"SearchAction\",\"target\":{\"@type\":\"EntryPoint\",\"urlTemplate\":\"https:\/\/instituciones.gtm.sld.cu\/electromedicina\/?s={search_term_string}\"},\"query-input\":\"required name=search_term_string\"}],\"inLanguage\":\"es\"}]}<\/script>\n<!-- \/ Yoast SEO plugin. -->","yoast_head_json":{"title":"Dpto. Econom\u00eda - Centro Provincial de Electromedicina","robots":{"index":"index","follow":"follow","max-snippet":"max-snippet:-1","max-image-preview":"max-image-preview:large","max-video-preview":"max-video-preview:-1"},"canonical":"https:\/\/instituciones.gtm.sld.cu\/electromedicina\/departamentos\/dpto-economia\/","og_locale":"es_ES","og_type":"article","og_title":"Dpto. Econom\u00eda - Centro Provincial de Electromedicina","og_description":"El departamento Econ\u00f3mico de nuestro centro est\u00e1 dirigido por la Lic. Reinaldo Beyries Mengana, el cual gu\u00eda al colectivo de trabajo al cumplimiento de los objetivos definidos por el ministerio para el presente a\u00f1o. Objetivos de trabajo para el a\u00f1o 2023.","og_url":"https:\/\/instituciones.gtm.sld.cu\/electromedicina\/departamentos\/dpto-economia\/","og_site_name":"Centro Provincial de Electromedicina","article_modified_time":"2023-11-08T15:48:21+00:00","twitter_card":"summary_large_image","twitter_misc":{"Tiempo de lectura":"1 minuto"},"schema":{"@context":"https:\/\/schema.org","@graph":[{"@type":"WebPage","@id":"https:\/\/instituciones.gtm.sld.cu\/electromedicina\/departamentos\/dpto-economia\/","url":"https:\/\/instituciones.gtm.sld.cu\/electromedicina\/departamentos\/dpto-economia\/","name":"Dpto. Econom\u00eda - Centro Provincial de Electromedicina","isPartOf":{"@id":"https:\/\/instituciones.gtm.sld.cu\/electromedicina\/#website"},"datePublished":"2019-01-29T15:21:17+00:00","dateModified":"2023-11-08T15:48:21+00:00","breadcrumb":{"@id":"https:\/\/instituciones.gtm.sld.cu\/electromedicina\/departamentos\/dpto-economia\/#breadcrumb"},"inLanguage":"es","potentialAction":[{"@type":"ReadAction","target":["https:\/\/instituciones.gtm.sld.cu\/electromedicina\/departamentos\/dpto-economia\/"]}]},{"@type":"BreadcrumbList","@id":"https:\/\/instituciones.gtm.sld.cu\/electromedicina\/departamentos\/dpto-economia\/#breadcrumb","itemListElement":[{"@type":"ListItem","position":1,"name":"Inicio","item":"https:\/\/instituciones.gtm.sld.cu\/electromedicina\/"},{"@type":"ListItem","position":2,"name":"Departamentos","item":"https:\/\/instituciones.gtm.sld.cu\/electromedicina\/departamentos\/"},{"@type":"ListItem","position":3,"name":"Dpto. Econom\u00eda"}]},{"@type":"WebSite","@id":"https:\/\/instituciones.gtm.sld.cu\/electromedicina\/#website","url":"https:\/\/instituciones.gtm.sld.cu\/electromedicina\/","name":"Centro Provincial de Electromedicina","description":"Guant\u00e1namo","potentialAction":[{"@type":"SearchAction","target":{"@type":"EntryPoint","urlTemplate":"https:\/\/instituciones.gtm.sld.cu\/electromedicina\/?s={search_term_string}"},"query-input":"required name=search_term_string"}],"inLanguage":"es"}]}},"_links":{"self":[{"href":"https:\/\/instituciones.gtm.sld.cu\/electromedicina\/wp-json\/wp\/v2\/pages\/503"}],"collection":[{"href":"https:\/\/instituciones.gtm.sld.cu\/electromedicina\/wp-json\/wp\/v2\/pages"}],"about":[{"href":"https:\/\/instituciones.gtm.sld.cu\/electromedicina\/wp-json\/wp\/v2\/types\/page"}],"author":[{"embeddable":true,"href":"https:\/\/instituciones.gtm.sld.cu\/electromedicina\/wp-json\/wp\/v2\/users\/37"}],"replies":[{"embeddable":true,"href":"https:\/\/instituciones.gtm.sld.cu\/electromedicina\/wp-json\/wp\/v2\/comments?post=503"}],"version-history":[{"count":2,"href":"https:\/\/instituciones.gtm.sld.cu\/electromedicina\/wp-json\/wp\/v2\/pages\/503\/revisions"}],"predecessor-version":[{"id":2703,"href":"https:\/\/instituciones.gtm.sld.cu\/electromedicina\/wp-json\/wp\/v2\/pages\/503\/revisions\/2703"}],"up":[{"embeddable":true,"href":"https:\/\/instituciones.gtm.sld.cu\/electromedicina\/wp-json\/wp\/v2\/pages\/311"}],"wp:attachment":[{"href":"https:\/\/instituciones.gtm.sld.cu\/electromedicina\/wp-json\/wp\/v2\/media?parent=503"}],"curies":[{"name":"wp","href":"https:\/\/api.w.org\/{rel}","templated":true}]}}

Dpto. Economía

<p>El departamento Económico de nuestro centro está dirigido por la Lic. Reinaldo Beyries Mengana, el cual guía al colectivo de trabajo al cumplimiento de los objetivos definidos por el ministerio para el presente año.</p>
<p><strong><span style="color: #008000">Objetivos de trabajo para el año 2023.</span></strong></p>

<table id="tablepress-2" class="tablepress tablepress-id-2">
<thead>
<tr class="row-1">
	<th class="column-1">Objetivos de Trabajo 2019</th><th class="column-2">Responsables de ejecución</th>
</tr>
</thead>
<tbody class="row-striping row-hover">
<tr class="row-2">
	<td class="column-1">Objetivo No. 6. Incrementar la racionalidad y la eficiencia económica en el sector (L-1, 7,14, 21, 23, 24, 26, 42, 53, 67-70, 72, 73, 74, 82, 84, 85, 88, 89, 90, 92, 101, 116, 118, 126-133, 204-207, 238, 244, 252, 255, 257, 258, 261, 271)</td><td class="column-2">Jefe Dpto. Económico</td>
</tr>
<tr class="row-3">
	<td class="column-1">Criterios de Medidas.</td><td class="column-2"></td>
</tr>
<tr class="row-4">
	<td class="column-1">6.1 Cumplida la ejecución del Presupuesto total y por partidas de gastos de acuerdo al periodo analizado.      </td><td class="column-2">Jefe Dpto. Económico</td>
</tr>
<tr class="row-5">
	<td class="column-1">6.2 Cumplidos los niveles de actividad notificados en el plan de la economía.</td><td class="column-2">Jefe Dpto. Económico</td>
</tr>
<tr class="row-6">
	<td class="column-1">6.4 Implementado el Programa por el Empleo Eficiente y Racional de los Recursos (PEERR) en la toma de decisiones con la participación de los colectivos laborales en las unidades del sector. </td><td class="column-2">Jefe Dpto. Económico</td>
</tr>
<tr class="row-7">
	<td class="column-1">6.5 Implementados los costos en salud como herramienta de dirección en la toma de decisiones, en las unidades del sector en la búsqueda de eficiencia en los servicios.</td><td class="column-2">Jefe Dpto. Económico</td>
</tr>
<tr class="row-8">
	<td class="column-1">6.6 Cumplidos los planes de portadores energéticos, así como el cumplimiento de los niveles de actividad y los índices de eficiencias aprobados. </td><td class="column-2">Jefe Dpto. Económico</td>
</tr>
<tr class="row-9">
	<td class="column-1">6.7 Cumplido los planes de consumo de agua, a partir de las normas establecidas y la ejecución de las medidas de ahorro aprobadas en las instituciones. </td><td class="column-2">Jefe Dpto. Económico</td>
</tr>
<tr class="row-10">
	<td class="column-1">6.8 Cumplidos los planes de recuperación de materias primas, que representen un crecimiento sobre el real alcanzado en el año anterior y se corresponda con las verdaderas potencialidades de las unidades.</td><td class="column-2">Jefe Dpto. Económico</td>
</tr>
<tr class="row-11">
	<td class="column-1">6.9. Fortalecidos los sistemas de control de capital humano con eficiencia</td><td class="column-2">Jefe Dpto. Económico</td>
</tr>
<tr class="row-12">
	<td class="column-1">6.19. Cumplida la ejecución del presupuesto total y por partidas de gastos de acuerdo al periodo analizado de la CSMC y de las brigadas médicas en el exterior.</td><td class="column-2">Jefe Dpto. Económico</td>
</tr>
</tbody>
</table>
<!-- #tablepress-2 from cache -->

<p>El departamento Económico de nuestro centro está dirigido por la Lic. Reinaldo Beyries Mengana, el cual guía al colectivo de trabajo al cumplimiento de los objetivos definidos por el ministerio para el presente año. Objetivos de trabajo para el año 2023.</p>

<!-- This site is optimized with the Yoast SEO plugin v21.8 - https://yoast.com/wordpress/plugins/seo/ -->
<title>Dpto. Economía - Centro Provincial de Electromedicina</title>
<meta name="robots" content="index, follow, max-snippet:-1, max-image-preview:large, max-video-preview:-1" />
<link rel="canonical" href="https://instituciones.gtm.sld.cu/electromedicina/departamentos/dpto-economia/" />
<meta property="og:locale" content="es_ES" />
<meta property="og:type" content="article" />
<meta property="og:title" content="Dpto. Economía - Centro Provincial de Electromedicina" />
<meta property="og:description" content="El departamento Económico de nuestro centro está dirigido por la Lic. Reinaldo Beyries Mengana, el cual guía al colectivo de trabajo al cumplimiento de los objetivos definidos por el ministerio para el presente año. Objetivos de trabajo para el año 2023." />
<meta property="og:url" content="https://instituciones.gtm.sld.cu/electromedicina/departamentos/dpto-economia/" />
<meta property="og:site_name" content="Centro Provincial de Electromedicina" />
<meta property="article:modified_time" content="2023-11-08T15:48:21+00:00" />
<meta name="twitter:card" content="summary_large_image" />
<meta name="twitter:label1" content="Tiempo de lectura" />
	<meta name="twitter:data1" content="1 minuto" />
<script type="application/ld+json" class="yoast-schema-graph">{"@context":"https://schema.org","@graph":[{"@type":"WebPage","@id":"https://instituciones.gtm.sld.cu/electromedicina/departamentos/dpto-economia/","url":"https://instituciones.gtm.sld.cu/electromedicina/departamentos/dpto-economia/","name":"Dpto. Economía - Centro Provincial de Electromedicina","isPartOf":{"@id":"https://instituciones.gtm.sld.cu/electromedicina/#website"},"datePublished":"2019-01-29T15:21:17+00:00","dateModified":"2023-11-08T15:48:21+00:00","breadcrumb":{"@id":"https://instituciones.gtm.sld.cu/electromedicina/departamentos/dpto-economia/#breadcrumb"},"inLanguage":"es","potentialAction":[{"@type":"ReadAction","target":["https://instituciones.gtm.sld.cu/electromedicina/departamentos/dpto-economia/"]}]},{"@type":"BreadcrumbList","@id":"https://instituciones.gtm.sld.cu/electromedicina/departamentos/dpto-economia/#breadcrumb","itemListElement":[{"@type":"ListItem","position":1,"name":"Inicio","item":"https://instituciones.gtm.sld.cu/electromedicina/"},{"@type":"ListItem","position":2,"name":"Departamentos","item":"https://instituciones.gtm.sld.cu/electromedicina/departamentos/"},{"@type":"ListItem","position":3,"name":"Dpto. Economía"}]},{"@type":"WebSite","@id":"https://instituciones.gtm.sld.cu/electromedicina/#website","url":"https://instituciones.gtm.sld.cu/electromedicina/","name":"Centro Provincial de Electromedicina","description":"Guantánamo","potentialAction":[{"@type":"SearchAction","target":{"@type":"EntryPoint","urlTemplate":"https://instituciones.gtm.sld.cu/electromedicina/?s={search_term_string}"},"query-input":"required name=search_term_string"}],"inLanguage":"es"}]}</script>
<!-- / Yoast SEO plugin. -->

Dpto. Economía - Centro Provincial de Electromedicina

El departamento Económico de nuestro centro está dirigido por la Lic. Reinaldo Beyries Mengana, el cual guía al colectivo de trabajo al cumplimiento de los objetivos definidos por el ministerio para el presente año. Objetivos de trabajo para el año 2023.

Guantánamo
