{"id":155,"date":"2019-06-27T13:17:37","date_gmt":"2019-06-27T17:17:37","guid":{"rendered":"http:\/\/instituciones.gtm.sld.cu\/emprofarma\/?page_id=155"},"modified":"2019-06-27T13:14:52","modified_gmt":"2019-06-27T17:14:52","slug":"ueb-farmacia-municipio-guantanamo","status":"publish","type":"page","link":"https:\/\/instituciones.gtm.sld.cu\/emprofarma\/ueb-farmacia-municipio-guantanamo\/","title":{"rendered":"UEB Farmacia municipio Guant\u00e1namo"},"content":{"rendered":"\n<div class=\"wp-block-image\"><figure class=\"aligncenter is-resized\"><img decoding=\"async\" loading=\"lazy\" src=\"http:\/\/instituciones.gtm.sld.cu\/emprofarma\/wp-content\/uploads\/sites\/10\/2019\/05\/farmacia-615.jpg\" alt=\"\" class=\"wp-image-156\" width=\"364\" height=\"369\" srcset=\"https:\/\/instituciones.gtm.sld.cu\/emprofarma\/wp-content\/uploads\/sites\/10\/2019\/05\/farmacia-615.jpg 714w, https:\/\/instituciones.gtm.sld.cu\/emprofarma\/wp-content\/uploads\/sites\/10\/2019\/05\/farmacia-615-295x300.jpg 295w\" sizes=\"(max-width: 364px) 100vw, 364px\" \/><\/figure><\/div>\n\n\n\n<p><strong>Rese\u00f1a\nHistoria de la UEB<\/strong><\/p>\n\n\n\n<p>La unidad Empresarial de Base\nMunicipio Guant\u00e1namo se funda el 16 de julio del 2002 dando cumplimiento al\nproceso del perfeccionamiento empresarial en que se encontraba la Empresa\nProvincial de Farmacia y \u00d3ptica, con esta creaci\u00f3n se lo logra el objetivo desentralizar\nalgunas&nbsp; funciones&nbsp;&nbsp; para que el trabajo se ejecutara con mucho\nmas resultado en la base. <\/p>\n\n\n\n<p><strong>Misi\u00f3n y visi\u00f3n de la entidad<\/strong><\/p>\n\n\n\n<p><strong>Misi\u00f3n<\/strong><\/p>\n\n\n\n<p>La Unidad Empresarial de Base de Farmacias Guant\u00e1namo,\naspirante a Colectivo Moral, satisface con eficacia las necesidades de salud\ndel pueblo en medicamentos, efectos m\u00e9dicos y lentes \u00f3pticos con\nresponsabilidad ante el trabajo para aumentar la gesti\u00f3n interna de sus\ntrabajadores.<\/p>\n\n\n\n<p><strong>Visi\u00f3n\n<\/strong><\/p>\n\n\n\n<p>La Unidad Empresarial de Base de Farmacias Guant\u00e1namo,\ncolectivo moral, presta servicios de prioridad nacional en medicamentos\n,efectos m\u00e9dicos y lentes \u00f3pticos con profesionalidad y amor al trabajo, en\nunidades m\u00e1s confortables, por trabajadores sacrificados y solidarios\nesforzados en superar las afectaciones de la p\u00e9rdida del perfeccionamiento empresarial,\ncon efectividad en la direcci\u00f3n de los procesos y abastecimientos aun\ninestables pero por suministradores m\u00e1s disciplinados, para satisfacer con\neficacia las necesidades del salud del pueblo.<\/p>\n\n\n\n<p><strong>Objeto Social de la Unidad Empresarial de Base Farmacias Guant\u00e1namo<\/strong><\/p>\n\n\n\n<p>1. Comercializar de forma minorista medicamentos,\nmateriales de curaci\u00f3n y material as\u00e9ptico de producci\u00f3n nacional y de\nimportaci\u00f3n en pesos cubanos, seg\u00fan nomenclatura aprobada por El Ministerio de\nComercio Interior.<\/p>\n\n\n\n<p>2. Producir y comercializar de forma minorista\nmedicamentos de origen natural, peloides, agua minero medicinales, remedios\nhomeop\u00e1ticos y florales as\u00ed como medicamentos de producci\u00f3n dispensarial y otros\nproductos que autorice el Ministerio de Salud Publica en pesos cubanos, seg\u00fan nomenclatura\naprobada por El Ministerio de Comercio Interior.<\/p>\n\n\n\n<p>3. Comercializar de forma minorista efectos m\u00e9dicos en\npesos cubanos, seg\u00fan nomenclatura aprobada por El Ministerio de Comercio Interior.<\/p>\n\n\n\n<p>4. Brindar servicios de alquiler de equipos m\u00e9dicos,\neventual mente disponibles en pesos cubanos.<\/p>\n\n\n\n<p>5. Comercializar de forma mayorista medicina natural en\npesos cubanos, seg\u00fan nomenclatura aprobada por El Ministerio de Comercio Interior.<\/p>\n","protected":false},"excerpt":{"rendered":"<div class='heateorSssClear'><\/div><div  class='heateor_sss_sharing_container heateor_sss_horizontal_sharing' data-heateor-sss-href='https:\/\/instituciones.gtm.sld.cu\/emprofarma\/ueb-farmacia-municipio-guantanamo\/'><div class='heateor_sss_sharing_title' style=\"font-weight:bold\" >Comparte si te a gustado:<\/div><div class=\"heateor_sss_sharing_ul\"><a aria-label=\"Facebook\" class=\"heateor_sss_facebook\" href=\"https:\/\/www.facebook.com\/sharer\/sharer.php?u=https%3A%2F%2Finstituciones.gtm.sld.cu%2Femprofarma%2Fueb-farmacia-municipio-guantanamo%2F\" title=\"Facebook\" rel=\"nofollow noopener\" target=\"_blank\" style=\"font-size:32px!important;box-shadow:none;display:inline-block;vertical-align:middle\"><span class=\"heateor_sss_svg\" style=\"background-color:#0765FE;width:25px;height:25px;border-radius:999px;display:inline-block;opacity:1;float:left;font-size:32px;box-shadow:none;display:inline-block;font-size:16px;padding:0 4px;vertical-align:middle;background-repeat:repeat;overflow:hidden;padding:0;cursor:pointer;box-sizing:content-box\"><svg style=\"display:block;border-radius:999px;\" focusable=\"false\" aria-hidden=\"true\" xmlns=\"http:\/\/www.w3.org\/2000\/svg\" width=\"100%\" height=\"100%\" viewBox=\"0 0 32 32\"><path fill=\"#fff\" d=\"M28 16c0-6.627-5.373-12-12-12S4 9.373 4 16c0 5.628 3.875 10.35 9.101 11.647v-7.98h-2.474V16H13.1v-1.58c0-4.085 1.849-5.978 5.859-5.978.76 0 2.072.15 2.608.298v3.325c-.283-.03-.775-.045-1.386-.045-1.967 0-2.728.745-2.728 2.683V16h3.92l-.673 3.667h-3.247v8.245C23.395 27.195 28 22.135 28 16Z\"><\/path><\/svg><\/span><\/a><a aria-label=\"Whatsapp\" class=\"heateor_sss_whatsapp\" href=\"https:\/\/api.whatsapp.com\/send?text=UEB%20Farmacia%20municipio%20Guant%C3%A1namo%20https%3A%2F%2Finstituciones.gtm.sld.cu%2Femprofarma%2Fueb-farmacia-municipio-guantanamo%2F\" title=\"Whatsapp\" rel=\"nofollow noopener\" target=\"_blank\" style=\"font-size:32px!important;box-shadow:none;display:inline-block;vertical-align:middle\"><span class=\"heateor_sss_svg\" style=\"background-color:#55eb4c;width:25px;height:25px;border-radius:999px;display:inline-block;opacity:1;float:left;font-size:32px;box-shadow:none;display:inline-block;font-size:16px;padding:0 4px;vertical-align:middle;background-repeat:repeat;overflow:hidden;padding:0;cursor:pointer;box-sizing:content-box\"><svg style=\"display:block;border-radius:999px;\" focusable=\"false\" aria-hidden=\"true\" xmlns=\"http:\/\/www.w3.org\/2000\/svg\" width=\"100%\" height=\"100%\" viewBox=\"-6 -5 40 40\"><path class=\"heateor_sss_svg_stroke heateor_sss_no_fill\" stroke=\"#fff\" stroke-width=\"2\" fill=\"none\" d=\"M 11.579798566743314 24.396926207859085 A 10 10 0 1 0 6.808479557110079 20.73576436351046\"><\/path><path d=\"M 7 19 l -1 6 l 6 -1\" class=\"heateor_sss_no_fill heateor_sss_svg_stroke\" stroke=\"#fff\" stroke-width=\"2\" fill=\"none\"><\/path><path d=\"M 10 10 q -1 8 8 11 c 5 -1 0 -6 -1 -3 q -4 -3 -5 -5 c 4 -2 -1 -5 -1 -4\" fill=\"#fff\"><\/path><\/svg><\/span><\/a><a aria-label=\"Telegram\" class=\"heateor_sss_button_telegram\" href=\"https:\/\/telegram.me\/share\/url?url=https%3A%2F%2Finstituciones.gtm.sld.cu%2Femprofarma%2Fueb-farmacia-municipio-guantanamo%2F&text=UEB%20Farmacia%20municipio%20Guant%C3%A1namo\" title=\"Telegram\" rel=\"nofollow noopener\" target=\"_blank\" style=\"font-size:32px!important;box-shadow:none;display:inline-block;vertical-align:middle\"><span class=\"heateor_sss_svg heateor_sss_s__default heateor_sss_s_telegram\" style=\"background-color:#3da5f1;width:25px;height:25px;border-radius:999px;display:inline-block;opacity:1;float:left;font-size:32px;box-shadow:none;display:inline-block;font-size:16px;padding:0 4px;vertical-align:middle;background-repeat:repeat;overflow:hidden;padding:0;cursor:pointer;box-sizing:content-box\"><svg style=\"display:block;border-radius:999px;\" focusable=\"false\" aria-hidden=\"true\" xmlns=\"http:\/\/www.w3.org\/2000\/svg\" width=\"100%\" height=\"100%\" viewBox=\"0 0 32 32\"><path fill=\"#fff\" d=\"M25.515 6.896L6.027 14.41c-1.33.534-1.322 1.276-.243 1.606l5 1.56 1.72 5.66c.226.625.115.873.77.873.506 0 .73-.235 1.012-.51l2.43-2.363 5.056 3.734c.93.514 1.602.25 1.834-.863l3.32-15.638c.338-1.363-.52-1.98-1.41-1.577z\"><\/path><\/svg><\/span><\/a><a aria-label=\"X\" class=\"heateor_sss_button_x\" href=\"https:\/\/twitter.com\/intent\/tweet?text=UEB%20Farmacia%20municipio%20Guant%C3%A1namo&url=https%3A%2F%2Finstituciones.gtm.sld.cu%2Femprofarma%2Fueb-farmacia-municipio-guantanamo%2F\" title=\"X\" rel=\"nofollow noopener\" target=\"_blank\" style=\"font-size:32px!important;box-shadow:none;display:inline-block;vertical-align:middle\"><span class=\"heateor_sss_svg heateor_sss_s__default heateor_sss_s_x\" style=\"background-color:#2a2a2a;width:25px;height:25px;border-radius:999px;display:inline-block;opacity:1;float:left;font-size:32px;box-shadow:none;display:inline-block;font-size:16px;padding:0 4px;vertical-align:middle;background-repeat:repeat;overflow:hidden;padding:0;cursor:pointer;box-sizing:content-box\"><svg width=\"100%\" height=\"100%\" style=\"display:block;border-radius:999px;\" focusable=\"false\" aria-hidden=\"true\" xmlns=\"http:\/\/www.w3.org\/2000\/svg\" viewBox=\"0 0 32 32\"><path fill=\"#fff\" d=\"M21.751 7h3.067l-6.7 7.658L26 25.078h-6.172l-4.833-6.32-5.531 6.32h-3.07l7.167-8.19L6 7h6.328l4.37 5.777L21.75 7Zm-1.076 16.242h1.7L11.404 8.74H9.58l11.094 14.503Z\"><\/path><\/svg><\/span><\/a><\/div><div class=\"heateorSssClear\"><\/div><\/div><div class='heateorSssClear'><\/div><p>Rese\u00f1a Historia de la UEB La unidad Empresarial de Base Municipio Guant\u00e1namo se funda el 16 de julio del 2002 dando cumplimiento al proceso del perfeccionamiento empresarial en que se encontraba la Empresa Provincial de Farmacia y \u00d3ptica, con esta creaci\u00f3n se lo logra el objetivo desentralizar algunas&nbsp; funciones&nbsp;&nbsp; para que el trabajo se ejecutara &hellip; <\/p>\n<p><a class=\"more-link btn\" href=\"https:\/\/instituciones.gtm.sld.cu\/emprofarma\/ueb-farmacia-municipio-guantanamo\/\">Seguir leyendo<\/a><\/p>\n","protected":false},"author":9,"featured_media":0,"parent":0,"menu_order":0,"comment_status":"closed","ping_status":"closed","template":"","meta":{"ngg_post_thumbnail":0,"_mc_calendar":[]},"yoast_head":"<!-- This site is optimized with the Yoast SEO plugin v21.8 - https:\/\/yoast.com\/wordpress\/plugins\/seo\/ -->\n<title>UEB Farmacia municipio Guant\u00e1namo - Empresa Provincial de Farmacias y \u00d3pticas<\/title>\n<meta name=\"robots\" content=\"index, follow, max-snippet:-1, max-image-preview:large, max-video-preview:-1\" \/>\n<link rel=\"canonical\" href=\"https:\/\/instituciones.gtm.sld.cu\/emprofarma\/ueb-farmacia-municipio-guantanamo\/\" \/>\n<meta property=\"og:locale\" content=\"es_ES\" \/>\n<meta property=\"og:type\" content=\"article\" \/>\n<meta property=\"og:title\" content=\"UEB Farmacia municipio Guant\u00e1namo - Empresa Provincial de Farmacias y \u00d3pticas\" \/>\n<meta property=\"og:description\" content=\"Rese\u00f1a Historia de la UEB La unidad Empresarial de Base Municipio Guant\u00e1namo se funda el 16 de julio del 2002 dando cumplimiento al proceso del perfeccionamiento empresarial en que se encontraba la Empresa Provincial de Farmacia y \u00d3ptica, con esta creaci\u00f3n se lo logra el objetivo desentralizar algunas&nbsp; funciones&nbsp;&nbsp; para que el trabajo se ejecutara &hellip; Seguir leyendo\" \/>\n<meta property=\"og:url\" content=\"https:\/\/instituciones.gtm.sld.cu\/emprofarma\/ueb-farmacia-municipio-guantanamo\/\" \/>\n<meta property=\"og:site_name\" content=\"Empresa Provincial de Farmacias y \u00d3pticas\" \/>\n<meta property=\"article:modified_time\" content=\"2019-06-27T17:14:52+00:00\" \/>\n<meta property=\"og:image\" content=\"http:\/\/instituciones.gtm.sld.cu\/emprofarma\/wp-content\/uploads\/sites\/10\/2019\/05\/farmacia-615.jpg\" \/>\n<meta name=\"twitter:card\" content=\"summary_large_image\" \/>\n<meta name=\"twitter:label1\" content=\"Tiempo de lectura\" \/>\n\t<meta name=\"twitter:data1\" content=\"2 minutos\" \/>\n<script type=\"application\/ld+json\" class=\"yoast-schema-graph\">{\"@context\":\"https:\/\/schema.org\",\"@graph\":[{\"@type\":\"WebPage\",\"@id\":\"https:\/\/instituciones.gtm.sld.cu\/emprofarma\/ueb-farmacia-municipio-guantanamo\/\",\"url\":\"https:\/\/instituciones.gtm.sld.cu\/emprofarma\/ueb-farmacia-municipio-guantanamo\/\",\"name\":\"UEB Farmacia municipio Guant\u00e1namo - Empresa Provincial de Farmacias y \u00d3pticas\",\"isPartOf\":{\"@id\":\"https:\/\/instituciones.gtm.sld.cu\/emprofarma\/#website\"},\"datePublished\":\"2019-06-27T17:17:37+00:00\",\"dateModified\":\"2019-06-27T17:14:52+00:00\",\"breadcrumb\":{\"@id\":\"https:\/\/instituciones.gtm.sld.cu\/emprofarma\/ueb-farmacia-municipio-guantanamo\/#breadcrumb\"},\"inLanguage\":\"es\",\"potentialAction\":[{\"@type\":\"ReadAction\",\"target\":[\"https:\/\/instituciones.gtm.sld.cu\/emprofarma\/ueb-farmacia-municipio-guantanamo\/\"]}]},{\"@type\":\"BreadcrumbList\",\"@id\":\"https:\/\/instituciones.gtm.sld.cu\/emprofarma\/ueb-farmacia-municipio-guantanamo\/#breadcrumb\",\"itemListElement\":[{\"@type\":\"ListItem\",\"position\":1,\"name\":\"Inicio\",\"item\":\"https:\/\/instituciones.gtm.sld.cu\/emprofarma\/\"},{\"@type\":\"ListItem\",\"position\":2,\"name\":\"UEB Farmacia municipio Guant\u00e1namo\"}]},{\"@type\":\"WebSite\",\"@id\":\"https:\/\/instituciones.gtm.sld.cu\/emprofarma\/#website\",\"url\":\"https:\/\/instituciones.gtm.sld.cu\/emprofarma\/\",\"name\":\"Empresa Provincial de Farmacias y \u00d3pticas\",\"description\":\"EMPROFARMA\",\"potentialAction\":[{\"@type\":\"SearchAction\",\"target\":{\"@type\":\"EntryPoint\",\"urlTemplate\":\"https:\/\/instituciones.gtm.sld.cu\/emprofarma\/?s={search_term_string}\"},\"query-input\":\"required name=search_term_string\"}],\"inLanguage\":\"es\"}]}<\/script>\n<!-- \/ Yoast SEO plugin. -->","yoast_head_json":{"title":"UEB Farmacia municipio Guant\u00e1namo - Empresa Provincial de Farmacias y \u00d3pticas","robots":{"index":"index","follow":"follow","max-snippet":"max-snippet:-1","max-image-preview":"max-image-preview:large","max-video-preview":"max-video-preview:-1"},"canonical":"https:\/\/instituciones.gtm.sld.cu\/emprofarma\/ueb-farmacia-municipio-guantanamo\/","og_locale":"es_ES","og_type":"article","og_title":"UEB Farmacia municipio Guant\u00e1namo - Empresa Provincial de Farmacias y \u00d3pticas","og_description":"Rese\u00f1a Historia de la UEB La unidad Empresarial de Base Municipio Guant\u00e1namo se funda el 16 de julio del 2002 dando cumplimiento al proceso del perfeccionamiento empresarial en que se encontraba la Empresa Provincial de Farmacia y \u00d3ptica, con esta creaci\u00f3n se lo logra el objetivo desentralizar algunas&nbsp; funciones&nbsp;&nbsp; para que el trabajo se ejecutara &hellip; Seguir leyendo","og_url":"https:\/\/instituciones.gtm.sld.cu\/emprofarma\/ueb-farmacia-municipio-guantanamo\/","og_site_name":"Empresa Provincial de Farmacias y \u00d3pticas","article_modified_time":"2019-06-27T17:14:52+00:00","og_image":[{"url":"http:\/\/instituciones.gtm.sld.cu\/emprofarma\/wp-content\/uploads\/sites\/10\/2019\/05\/farmacia-615.jpg"}],"twitter_card":"summary_large_image","twitter_misc":{"Tiempo de lectura":"2 minutos"},"schema":{"@context":"https:\/\/schema.org","@graph":[{"@type":"WebPage","@id":"https:\/\/instituciones.gtm.sld.cu\/emprofarma\/ueb-farmacia-municipio-guantanamo\/","url":"https:\/\/instituciones.gtm.sld.cu\/emprofarma\/ueb-farmacia-municipio-guantanamo\/","name":"UEB Farmacia municipio Guant\u00e1namo - Empresa Provincial de Farmacias y \u00d3pticas","isPartOf":{"@id":"https:\/\/instituciones.gtm.sld.cu\/emprofarma\/#website"},"datePublished":"2019-06-27T17:17:37+00:00","dateModified":"2019-06-27T17:14:52+00:00","breadcrumb":{"@id":"https:\/\/instituciones.gtm.sld.cu\/emprofarma\/ueb-farmacia-municipio-guantanamo\/#breadcrumb"},"inLanguage":"es","potentialAction":[{"@type":"ReadAction","target":["https:\/\/instituciones.gtm.sld.cu\/emprofarma\/ueb-farmacia-municipio-guantanamo\/"]}]},{"@type":"BreadcrumbList","@id":"https:\/\/instituciones.gtm.sld.cu\/emprofarma\/ueb-farmacia-municipio-guantanamo\/#breadcrumb","itemListElement":[{"@type":"ListItem","position":1,"name":"Inicio","item":"https:\/\/instituciones.gtm.sld.cu\/emprofarma\/"},{"@type":"ListItem","position":2,"name":"UEB Farmacia municipio Guant\u00e1namo"}]},{"@type":"WebSite","@id":"https:\/\/instituciones.gtm.sld.cu\/emprofarma\/#website","url":"https:\/\/instituciones.gtm.sld.cu\/emprofarma\/","name":"Empresa Provincial de Farmacias y \u00d3pticas","description":"EMPROFARMA","potentialAction":[{"@type":"SearchAction","target":{"@type":"EntryPoint","urlTemplate":"https:\/\/instituciones.gtm.sld.cu\/emprofarma\/?s={search_term_string}"},"query-input":"required name=search_term_string"}],"inLanguage":"es"}]}},"_links":{"self":[{"href":"https:\/\/instituciones.gtm.sld.cu\/emprofarma\/wp-json\/wp\/v2\/pages\/155"}],"collection":[{"href":"https:\/\/instituciones.gtm.sld.cu\/emprofarma\/wp-json\/wp\/v2\/pages"}],"about":[{"href":"https:\/\/instituciones.gtm.sld.cu\/emprofarma\/wp-json\/wp\/v2\/types\/page"}],"author":[{"embeddable":true,"href":"https:\/\/instituciones.gtm.sld.cu\/emprofarma\/wp-json\/wp\/v2\/users\/9"}],"replies":[{"embeddable":true,"href":"https:\/\/instituciones.gtm.sld.cu\/emprofarma\/wp-json\/wp\/v2\/comments?post=155"}],"version-history":[{"count":0,"href":"https:\/\/instituciones.gtm.sld.cu\/emprofarma\/wp-json\/wp\/v2\/pages\/155\/revisions"}],"wp:attachment":[{"href":"https:\/\/instituciones.gtm.sld.cu\/emprofarma\/wp-json\/wp\/v2\/media?parent=155"}],"curies":[{"name":"wp","href":"https:\/\/api.w.org\/{rel}","templated":true}]}}