{"id":27,"date":"2019-01-14T11:24:12","date_gmt":"2019-01-14T16:24:12","guid":{"rendered":"http:\/\/instituciones.gtm.sld.cu\/emprofarma\/?page_id=27"},"modified":"2019-01-15T11:56:02","modified_gmt":"2019-01-15T16:56:02","slug":"curiosidades","status":"publish","type":"page","link":"https:\/\/instituciones.gtm.sld.cu\/emprofarma\/curiosidades\/","title":{"rendered":"Curiosidades"},"content":{"rendered":"<p class=\"western\" align=\"center\"><img decoding=\"async\" loading=\"lazy\" class=\"alignnone  wp-image-91\" src=\"http:\/\/instituciones.gtm.sld.cu\/emprofarma\/wp-content\/uploads\/sites\/10\/2019\/01\/lentes.fw_-300x234.jpg\" alt=\"\" width=\"364\" height=\"284\" srcset=\"https:\/\/instituciones.gtm.sld.cu\/emprofarma\/wp-content\/uploads\/sites\/10\/2019\/01\/lentes.fw_-300x234.jpg 300w, https:\/\/instituciones.gtm.sld.cu\/emprofarma\/wp-content\/uploads\/sites\/10\/2019\/01\/lentes.fw_.jpg 432w\" sizes=\"(max-width: 364px) 100vw, 364px\" \/><\/p>\n<p class=\"western\"><span style=\"font-family: Algerian, serif\"><span style=\"font-size: large\"><u><b>Que son las GAFAS progresivos?<\/b><\/u><\/span><\/span><\/p>\n<p align=\"justify\"><span style=\"font-family: Times New Roman, serif\"><span style=\"font-size: medium\"><span style=\"font-family: Arial, serif\"><span style=\"font-size: small\">A partir de cierta edad, todas las personas desarrollan vista cansada o <\/span><\/span><span style=\"font-family: Arial, serif\"><span style=\"font-size: small\"><u><b>presbicia<\/b><\/u><\/span><\/span><span style=\"font-family: Arial, serif\"><span style=\"font-size: small\">: el ojo ya no puede enfocar a diferentes distancias. Las gafas progresivas te permiten volver a ver n\u00edtidamente en todas las distancias. <\/span><\/span><span style=\"font-family: Arial, serif\"><span style=\"font-size: small\"><i><u><b>Todo en un solo par de gafas<\/b><\/u><\/i><\/span><\/span><span style=\"font-family: Arial, serif\"><span style=\"font-size: small\">.<\/span><\/span><\/span><\/span><\/p>\n<p class=\"western\" align=\"justify\"><span style=\"font-family: Arial, serif\"><span style=\"font-size: small\">Las gafas progresivas, y concretamente sus lentes, est\u00e1n dise\u00f1adas para que puedas ver de lejos, de cerca y en distancias intermedias<\/span><\/span><\/p>\n<p class=\"western\"><span style=\"font-family: Arial, serif\"><b>Ventajas de las gafas progresivas en comparaci\u00f3n con las bifocales<\/b><\/span><\/p>\n<ul>\n<li>\n<p class=\"western\" align=\"justify\"><b><span style=\"font-family: Arial, serif\">Tienes todo en un solo par. <\/span><\/b><\/p>\n<\/li>\n<\/ul>\n<p class=\"western\" align=\"justify\"><span style=\"font-family: Arial, serif\">No tienes que usar tres gafas: para lejos, para cerca y para distancias intermedias. <\/span><\/p>\n<ul>\n<li>\n<p class=\"western\" align=\"justify\"><b><span style=\"font-family: Arial, serif\">Ventaja est\u00e9tica. <\/span><\/b><span style=\"font-family: Arial, serif\">&nbsp;<\/span><\/p>\n<\/li>\n<\/ul>\n<p class=\"western\" align=\"justify\"><span style=\"font-family: Arial, serif\">A diferencia de las bifocales, con las progresivas tienes visi\u00f3n continua entre distintas zonas visuales, sin que por fuera se note nada.&nbsp;<\/span><\/p>\n<ul>\n<li>\n<p class=\"western\" align=\"justify\"><b><span style=\"font-family: Arial, serif\">Ahorras. <\/span><\/b><\/p>\n<\/li>\n<\/ul>\n<p class=\"western\" align=\"justify\"><span style=\"font-family: Arial, serif\">S\u00ed, ahorras, porque seguro que tambi\u00e9n has o\u00eddo hablar de que las gafas progresivas son caras, pero\u2026 \u00bfy comprar tres gafas, una para cada distancia? Las cuentas salen.<\/span><\/p>\n<ul>\n<li>\n<p class=\"western\" align=\"justify\"><b><span style=\"font-family: Arial, serif\">Visi\u00f3n n\u00edtida y clara siempre.<\/span><\/b><\/p>\n<\/li>\n<\/ul>\n<p class=\"western\" align=\"justify\">&nbsp;<span style=\"font-family: Arial, serif\">Con las progresivas ves bien siempre. En cambio, las de cerca nunca las tienes a mano cuando las necesitas, y si las has olvidado en casa y quieres ver el m\u00f3vil, te va a resultar complicado. Si usas gafas progresivas tienes un problema menos<\/span><b><\/b><\/p>\n<p class=\"western\" align=\"justify\"><b><span style=\"font-family: Arial, serif\">Todas las \u00f3pticas ofrecen el servicio,<\/span><\/b><\/p>\n<p class=\"western\" align=\"justify\"><b><span style=\"font-family: Arial, serif\">SOLICITE EL SERVICIO EN LA OPTICA <\/span><\/b><\/p>\n","protected":false},"excerpt":{"rendered":"<div class='heateorSssClear'><\/div><div  class='heateor_sss_sharing_container heateor_sss_horizontal_sharing' data-heateor-sss-href='https:\/\/instituciones.gtm.sld.cu\/emprofarma\/curiosidades\/'><div class='heateor_sss_sharing_title' style=\"font-weight:bold\" >Comparte si te a gustado:<\/div><div class=\"heateor_sss_sharing_ul\"><a aria-label=\"Facebook\" class=\"heateor_sss_facebook\" href=\"https:\/\/www.facebook.com\/sharer\/sharer.php?u=https%3A%2F%2Finstituciones.gtm.sld.cu%2Femprofarma%2Fcuriosidades%2F\" title=\"Facebook\" rel=\"nofollow noopener\" target=\"_blank\" style=\"font-size:32px!important;box-shadow:none;display:inline-block;vertical-align:middle\"><span class=\"heateor_sss_svg\" style=\"background-color:#0765FE;width:25px;height:25px;border-radius:999px;display:inline-block;opacity:1;float:left;font-size:32px;box-shadow:none;display:inline-block;font-size:16px;padding:0 4px;vertical-align:middle;background-repeat:repeat;overflow:hidden;padding:0;cursor:pointer;box-sizing:content-box\"><svg style=\"display:block;border-radius:999px;\" focusable=\"false\" aria-hidden=\"true\" xmlns=\"http:\/\/www.w3.org\/2000\/svg\" width=\"100%\" height=\"100%\" viewBox=\"0 0 32 32\"><path fill=\"#fff\" d=\"M28 16c0-6.627-5.373-12-12-12S4 9.373 4 16c0 5.628 3.875 10.35 9.101 11.647v-7.98h-2.474V16H13.1v-1.58c0-4.085 1.849-5.978 5.859-5.978.76 0 2.072.15 2.608.298v3.325c-.283-.03-.775-.045-1.386-.045-1.967 0-2.728.745-2.728 2.683V16h3.92l-.673 3.667h-3.247v8.245C23.395 27.195 28 22.135 28 16Z\"><\/path><\/svg><\/span><\/a><a aria-label=\"Whatsapp\" class=\"heateor_sss_whatsapp\" href=\"https:\/\/api.whatsapp.com\/send?text=Curiosidades%20https%3A%2F%2Finstituciones.gtm.sld.cu%2Femprofarma%2Fcuriosidades%2F\" title=\"Whatsapp\" rel=\"nofollow noopener\" target=\"_blank\" style=\"font-size:32px!important;box-shadow:none;display:inline-block;vertical-align:middle\"><span class=\"heateor_sss_svg\" style=\"background-color:#55eb4c;width:25px;height:25px;border-radius:999px;display:inline-block;opacity:1;float:left;font-size:32px;box-shadow:none;display:inline-block;font-size:16px;padding:0 4px;vertical-align:middle;background-repeat:repeat;overflow:hidden;padding:0;cursor:pointer;box-sizing:content-box\"><svg style=\"display:block;border-radius:999px;\" focusable=\"false\" aria-hidden=\"true\" xmlns=\"http:\/\/www.w3.org\/2000\/svg\" width=\"100%\" height=\"100%\" viewBox=\"-6 -5 40 40\"><path class=\"heateor_sss_svg_stroke heateor_sss_no_fill\" stroke=\"#fff\" stroke-width=\"2\" fill=\"none\" d=\"M 11.579798566743314 24.396926207859085 A 10 10 0 1 0 6.808479557110079 20.73576436351046\"><\/path><path d=\"M 7 19 l -1 6 l 6 -1\" class=\"heateor_sss_no_fill heateor_sss_svg_stroke\" stroke=\"#fff\" stroke-width=\"2\" fill=\"none\"><\/path><path d=\"M 10 10 q -1 8 8 11 c 5 -1 0 -6 -1 -3 q -4 -3 -5 -5 c 4 -2 -1 -5 -1 -4\" fill=\"#fff\"><\/path><\/svg><\/span><\/a><a aria-label=\"Telegram\" class=\"heateor_sss_button_telegram\" href=\"https:\/\/telegram.me\/share\/url?url=https%3A%2F%2Finstituciones.gtm.sld.cu%2Femprofarma%2Fcuriosidades%2F&text=Curiosidades\" title=\"Telegram\" rel=\"nofollow noopener\" target=\"_blank\" style=\"font-size:32px!important;box-shadow:none;display:inline-block;vertical-align:middle\"><span class=\"heateor_sss_svg heateor_sss_s__default heateor_sss_s_telegram\" style=\"background-color:#3da5f1;width:25px;height:25px;border-radius:999px;display:inline-block;opacity:1;float:left;font-size:32px;box-shadow:none;display:inline-block;font-size:16px;padding:0 4px;vertical-align:middle;background-repeat:repeat;overflow:hidden;padding:0;cursor:pointer;box-sizing:content-box\"><svg style=\"display:block;border-radius:999px;\" focusable=\"false\" aria-hidden=\"true\" xmlns=\"http:\/\/www.w3.org\/2000\/svg\" width=\"100%\" height=\"100%\" viewBox=\"0 0 32 32\"><path fill=\"#fff\" d=\"M25.515 6.896L6.027 14.41c-1.33.534-1.322 1.276-.243 1.606l5 1.56 1.72 5.66c.226.625.115.873.77.873.506 0 .73-.235 1.012-.51l2.43-2.363 5.056 3.734c.93.514 1.602.25 1.834-.863l3.32-15.638c.338-1.363-.52-1.98-1.41-1.577z\"><\/path><\/svg><\/span><\/a><a aria-label=\"X\" class=\"heateor_sss_button_x\" href=\"https:\/\/twitter.com\/intent\/tweet?text=Curiosidades&url=https%3A%2F%2Finstituciones.gtm.sld.cu%2Femprofarma%2Fcuriosidades%2F\" title=\"X\" rel=\"nofollow noopener\" target=\"_blank\" style=\"font-size:32px!important;box-shadow:none;display:inline-block;vertical-align:middle\"><span class=\"heateor_sss_svg heateor_sss_s__default heateor_sss_s_x\" style=\"background-color:#2a2a2a;width:25px;height:25px;border-radius:999px;display:inline-block;opacity:1;float:left;font-size:32px;box-shadow:none;display:inline-block;font-size:16px;padding:0 4px;vertical-align:middle;background-repeat:repeat;overflow:hidden;padding:0;cursor:pointer;box-sizing:content-box\"><svg width=\"100%\" height=\"100%\" style=\"display:block;border-radius:999px;\" focusable=\"false\" aria-hidden=\"true\" xmlns=\"http:\/\/www.w3.org\/2000\/svg\" viewBox=\"0 0 32 32\"><path fill=\"#fff\" d=\"M21.751 7h3.067l-6.7 7.658L26 25.078h-6.172l-4.833-6.32-5.531 6.32h-3.07l7.167-8.19L6 7h6.328l4.37 5.777L21.75 7Zm-1.076 16.242h1.7L11.404 8.74H9.58l11.094 14.503Z\"><\/path><\/svg><\/span><\/a><\/div><div class=\"heateorSssClear\"><\/div><\/div><div class='heateorSssClear'><\/div><p>Que son las GAFAS progresivos? A partir de cierta edad, todas las personas desarrollan vista cansada o presbicia: el ojo ya no puede enfocar a diferentes distancias. Las gafas progresivas te permiten volver a ver n\u00edtidamente en todas las distancias. Todo en un solo par de gafas. Las gafas progresivas, y concretamente sus lentes, est\u00e1n &hellip; <\/p>\n<p><a class=\"more-link btn\" href=\"https:\/\/instituciones.gtm.sld.cu\/emprofarma\/curiosidades\/\">Seguir leyendo<\/a><\/p>\n","protected":false},"author":9,"featured_media":0,"parent":0,"menu_order":0,"comment_status":"closed","ping_status":"closed","template":"","meta":{"ngg_post_thumbnail":0,"_mc_calendar":[]},"yoast_head":"<!-- This site is optimized with the Yoast SEO plugin v21.8 - https:\/\/yoast.com\/wordpress\/plugins\/seo\/ -->\n<title>Curiosidades - Empresa Provincial de Farmacias y \u00d3pticas<\/title>\n<meta name=\"robots\" content=\"index, follow, max-snippet:-1, max-image-preview:large, max-video-preview:-1\" \/>\n<link rel=\"canonical\" href=\"https:\/\/instituciones.gtm.sld.cu\/emprofarma\/curiosidades\/\" \/>\n<meta property=\"og:locale\" content=\"es_ES\" \/>\n<meta property=\"og:type\" content=\"article\" \/>\n<meta property=\"og:title\" content=\"Curiosidades - Empresa Provincial de Farmacias y \u00d3pticas\" \/>\n<meta property=\"og:description\" content=\"Que son las GAFAS progresivos? A partir de cierta edad, todas las personas desarrollan vista cansada o presbicia: el ojo ya no puede enfocar a diferentes distancias. Las gafas progresivas te permiten volver a ver n\u00edtidamente en todas las distancias. Todo en un solo par de gafas. Las gafas progresivas, y concretamente sus lentes, est\u00e1n &hellip; Seguir leyendo\" \/>\n<meta property=\"og:url\" content=\"https:\/\/instituciones.gtm.sld.cu\/emprofarma\/curiosidades\/\" \/>\n<meta property=\"og:site_name\" content=\"Empresa Provincial de Farmacias y \u00d3pticas\" \/>\n<meta property=\"article:modified_time\" content=\"2019-01-15T16:56:02+00:00\" \/>\n<meta property=\"og:image\" content=\"http:\/\/instituciones.gtm.sld.cu\/emprofarma\/wp-content\/uploads\/sites\/10\/2019\/01\/lentes.fw_-300x234.jpg\" \/>\n<meta name=\"twitter:card\" content=\"summary_large_image\" \/>\n<meta name=\"twitter:label1\" content=\"Tiempo de lectura\" \/>\n\t<meta name=\"twitter:data1\" content=\"1 minuto\" \/>\n<script type=\"application\/ld+json\" class=\"yoast-schema-graph\">{\"@context\":\"https:\/\/schema.org\",\"@graph\":[{\"@type\":\"WebPage\",\"@id\":\"https:\/\/instituciones.gtm.sld.cu\/emprofarma\/curiosidades\/\",\"url\":\"https:\/\/instituciones.gtm.sld.cu\/emprofarma\/curiosidades\/\",\"name\":\"Curiosidades - Empresa Provincial de Farmacias y \u00d3pticas\",\"isPartOf\":{\"@id\":\"https:\/\/instituciones.gtm.sld.cu\/emprofarma\/#website\"},\"datePublished\":\"2019-01-14T16:24:12+00:00\",\"dateModified\":\"2019-01-15T16:56:02+00:00\",\"breadcrumb\":{\"@id\":\"https:\/\/instituciones.gtm.sld.cu\/emprofarma\/curiosidades\/#breadcrumb\"},\"inLanguage\":\"es\",\"potentialAction\":[{\"@type\":\"ReadAction\",\"target\":[\"https:\/\/instituciones.gtm.sld.cu\/emprofarma\/curiosidades\/\"]}]},{\"@type\":\"BreadcrumbList\",\"@id\":\"https:\/\/instituciones.gtm.sld.cu\/emprofarma\/curiosidades\/#breadcrumb\",\"itemListElement\":[{\"@type\":\"ListItem\",\"position\":1,\"name\":\"Inicio\",\"item\":\"https:\/\/instituciones.gtm.sld.cu\/emprofarma\/\"},{\"@type\":\"ListItem\",\"position\":2,\"name\":\"Curiosidades\"}]},{\"@type\":\"WebSite\",\"@id\":\"https:\/\/instituciones.gtm.sld.cu\/emprofarma\/#website\",\"url\":\"https:\/\/instituciones.gtm.sld.cu\/emprofarma\/\",\"name\":\"Empresa Provincial de Farmacias y \u00d3pticas\",\"description\":\"EMPROFARMA\",\"potentialAction\":[{\"@type\":\"SearchAction\",\"target\":{\"@type\":\"EntryPoint\",\"urlTemplate\":\"https:\/\/instituciones.gtm.sld.cu\/emprofarma\/?s={search_term_string}\"},\"query-input\":\"required name=search_term_string\"}],\"inLanguage\":\"es\"}]}<\/script>\n<!-- \/ Yoast SEO plugin. -->","yoast_head_json":{"title":"Curiosidades - Empresa Provincial de Farmacias y \u00d3pticas","robots":{"index":"index","follow":"follow","max-snippet":"max-snippet:-1","max-image-preview":"max-image-preview:large","max-video-preview":"max-video-preview:-1"},"canonical":"https:\/\/instituciones.gtm.sld.cu\/emprofarma\/curiosidades\/","og_locale":"es_ES","og_type":"article","og_title":"Curiosidades - Empresa Provincial de Farmacias y \u00d3pticas","og_description":"Que son las GAFAS progresivos? A partir de cierta edad, todas las personas desarrollan vista cansada o presbicia: el ojo ya no puede enfocar a diferentes distancias. Las gafas progresivas te permiten volver a ver n\u00edtidamente en todas las distancias. Todo en un solo par de gafas. Las gafas progresivas, y concretamente sus lentes, est\u00e1n &hellip; Seguir leyendo","og_url":"https:\/\/instituciones.gtm.sld.cu\/emprofarma\/curiosidades\/","og_site_name":"Empresa Provincial de Farmacias y \u00d3pticas","article_modified_time":"2019-01-15T16:56:02+00:00","og_image":[{"url":"http:\/\/instituciones.gtm.sld.cu\/emprofarma\/wp-content\/uploads\/sites\/10\/2019\/01\/lentes.fw_-300x234.jpg"}],"twitter_card":"summary_large_image","twitter_misc":{"Tiempo de lectura":"1 minuto"},"schema":{"@context":"https:\/\/schema.org","@graph":[{"@type":"WebPage","@id":"https:\/\/instituciones.gtm.sld.cu\/emprofarma\/curiosidades\/","url":"https:\/\/instituciones.gtm.sld.cu\/emprofarma\/curiosidades\/","name":"Curiosidades - Empresa Provincial de Farmacias y \u00d3pticas","isPartOf":{"@id":"https:\/\/instituciones.gtm.sld.cu\/emprofarma\/#website"},"datePublished":"2019-01-14T16:24:12+00:00","dateModified":"2019-01-15T16:56:02+00:00","breadcrumb":{"@id":"https:\/\/instituciones.gtm.sld.cu\/emprofarma\/curiosidades\/#breadcrumb"},"inLanguage":"es","potentialAction":[{"@type":"ReadAction","target":["https:\/\/instituciones.gtm.sld.cu\/emprofarma\/curiosidades\/"]}]},{"@type":"BreadcrumbList","@id":"https:\/\/instituciones.gtm.sld.cu\/emprofarma\/curiosidades\/#breadcrumb","itemListElement":[{"@type":"ListItem","position":1,"name":"Inicio","item":"https:\/\/instituciones.gtm.sld.cu\/emprofarma\/"},{"@type":"ListItem","position":2,"name":"Curiosidades"}]},{"@type":"WebSite","@id":"https:\/\/instituciones.gtm.sld.cu\/emprofarma\/#website","url":"https:\/\/instituciones.gtm.sld.cu\/emprofarma\/","name":"Empresa Provincial de Farmacias y \u00d3pticas","description":"EMPROFARMA","potentialAction":[{"@type":"SearchAction","target":{"@type":"EntryPoint","urlTemplate":"https:\/\/instituciones.gtm.sld.cu\/emprofarma\/?s={search_term_string}"},"query-input":"required name=search_term_string"}],"inLanguage":"es"}]}},"_links":{"self":[{"href":"https:\/\/instituciones.gtm.sld.cu\/emprofarma\/wp-json\/wp\/v2\/pages\/27"}],"collection":[{"href":"https:\/\/instituciones.gtm.sld.cu\/emprofarma\/wp-json\/wp\/v2\/pages"}],"about":[{"href":"https:\/\/instituciones.gtm.sld.cu\/emprofarma\/wp-json\/wp\/v2\/types\/page"}],"author":[{"embeddable":true,"href":"https:\/\/instituciones.gtm.sld.cu\/emprofarma\/wp-json\/wp\/v2\/users\/9"}],"replies":[{"embeddable":true,"href":"https:\/\/instituciones.gtm.sld.cu\/emprofarma\/wp-json\/wp\/v2\/comments?post=27"}],"version-history":[{"count":0,"href":"https:\/\/instituciones.gtm.sld.cu\/emprofarma\/wp-json\/wp\/v2\/pages\/27\/revisions"}],"wp:attachment":[{"href":"https:\/\/instituciones.gtm.sld.cu\/emprofarma\/wp-json\/wp\/v2\/media?parent=27"}],"curies":[{"name":"wp","href":"https:\/\/api.w.org\/{rel}","templated":true}]}}