{"version":"1.0","provider_name":"Hospital General Docente \u201cDr. Agostinho Neto\u201d","provider_url":"https:\/\/instituciones.gtm.sld.cu\/hgdan","author_name":"Hospital General Docente \u201cDr. Agostinho Neto\u201d","author_url":"https:\/\/instituciones.gtm.sld.cu\/hgdan","title":"Yo voto \u00a1S\u00cd! \u00bfy t\u00fa? - Hospital General Docente \u201cDr. Agostinho Neto\u201d","type":"rich","width":600,"height":338,"html":"<blockquote class=\"wp-embedded-content\" data-secret=\"aSSAXlDsuX\"><a href=\"https:\/\/instituciones.gtm.sld.cu\/hgdan\/1185-2\/\">Yo voto \u00a1S\u00cd! \u00bfy t\u00fa?<\/a><\/blockquote><iframe sandbox=\"allow-scripts\" security=\"restricted\" src=\"https:\/\/instituciones.gtm.sld.cu\/hgdan\/1185-2\/embed\/#?secret=aSSAXlDsuX\" width=\"600\" height=\"338\" title=\"\u00abYo voto \u00a1S\u00cd! \u00bfy t\u00fa?\u00bb \u2014 Hospital General Docente \u201cDr. Agostinho Neto\u201d\" data-secret=\"aSSAXlDsuX\" frameborder=\"0\" marginwidth=\"0\" marginheight=\"0\" scrolling=\"no\" class=\"wp-embedded-content\"><\/iframe><script type=\"text\/javascript\">\n\/*! This file is auto-generated *\/\n!function(c,d){\"use strict\";var e=!1,o=!1;if(d.querySelector)if(c.addEventListener)e=!0;if(c.wp=c.wp||{},c.wp.receiveEmbedMessage);else if(c.wp.receiveEmbedMessage=function(e){var t=e.data;if(!t);else if(!(t.secret||t.message||t.value));else if(\/[^a-zA-Z0-9]\/.test(t.secret));else{for(var r,s,a,i=d.querySelectorAll('iframe[data-secret=\"'+t.secret+'\"]'),n=d.querySelectorAll('blockquote[data-secret=\"'+t.secret+'\"]'),o=new RegExp(\"^https?:$\",\"i\"),l=0;l<n.length;l++)n[l].style.display=\"none\";for(l=0;l<i.length;l++)if(r=i[l],e.source!==r.contentWindow);else{if(r.removeAttribute(\"style\"),\"height\"===t.message){if(1e3<(s=parseInt(t.value,10)))s=1e3;else if(~~s<200)s=200;r.height=s}if(\"link\"===t.message)if(s=d.createElement(\"a\"),a=d.createElement(\"a\"),s.href=r.getAttribute(\"src\"),a.href=t.value,!o.test(a.protocol));else if(a.host===s.host)if(d.activeElement===r)c.top.location.href=t.value}}},e)c.addEventListener(\"message\",c.wp.receiveEmbedMessage,!1),d.addEventListener(\"DOMContentLoaded\",t,!1),c.addEventListener(\"load\",t,!1);function t(){if(o);else{o=!0;for(var e,t,r,s=-1!==navigator.appVersion.indexOf(\"MSIE 10\"),a=!!navigator.userAgent.match(\/Trident.*rv:11\\.\/),i=d.querySelectorAll(\"iframe.wp-embedded-content\"),n=0;n<i.length;n++){if(!(r=(t=i[n]).getAttribute(\"data-secret\")))r=Math.random().toString(36).substr(2,10),t.src+=\"#?secret=\"+r,t.setAttribute(\"data-secret\",r);if(s||a)(e=t.cloneNode(!0)).removeAttribute(\"security\"),t.parentNode.replaceChild(e,t);t.contentWindow.postMessage({message:\"ready\",secret:r},\"*\")}}}}(window,document);\n<\/script>\n","description":"A dar un S\u00ed patri\u00f3tico y c\u00edvico el venidero 24 de febrero, en el referendo por la nueva Constituci\u00f3n de la Rep\u00fablica de Cuba, invit\u00f3 al pueblo de Guant\u00e1namo Rafael P\u00e9rez Fern\u00e1ndez, miembro del Comit\u00e9 Central del Partido y primer secretario en la provincia, durante la m\u00e1s reciente sesi\u00f3n de la Asamblea provincial del Poder &hellip; Seguir leyendo","thumbnail_url":"http:\/\/instituciones.gtm.sld.cu\/hgdan\/wp-content\/uploads\/sites\/5\/2019\/01\/yo-voto-si-212x300.jpg"}

Yo voto ¡SÍ! ¿y tú? - Hospital General Docente “Dr. Agostinho Neto”

<blockquote class="wp-embedded-content" data-secret="aSSAXlDsuX"><a href="https://instituciones.gtm.sld.cu/hgdan/1185-2/">Yo voto ¡SÍ! ¿y tú?</a></blockquote><iframe sandbox="allow-scripts" security="restricted" src="https://instituciones.gtm.sld.cu/hgdan/1185-2/embed/#?secret=aSSAXlDsuX" width="600" height="338" title="«Yo voto ¡SÍ! ¿y tú?» — Hospital General Docente “Dr. Agostinho Neto”" data-secret="aSSAXlDsuX" frameborder="0" marginwidth="0" marginheight="0" scrolling="no" class="wp-embedded-content"></iframe><script type="text/javascript">
/*! This file is auto-generated */
!function(c,d){"use strict";var e=!1,o=!1;if(d.querySelector)if(c.addEventListener)e=!0;if(c.wp=c.wp||{},c.wp.receiveEmbedMessage);else if(c.wp.receiveEmbedMessage=function(e){var t=e.data;if(!t);else if(!(t.secret||t.message||t.value));else if(/[^a-zA-Z0-9]/.test(t.secret));else{for(var r,s,a,i=d.querySelectorAll('iframe[data-secret="'+t.secret+'"]'),n=d.querySelectorAll('blockquote[data-secret="'+t.secret+'"]'),o=new RegExp("^https?:$","i"),l=0;l<n.length;l++)n[l].style.display="none";for(l=0;l<i.length;l++)if(r=i[l],e.source!==r.contentWindow);else{if(r.removeAttribute("style"),"height"===t.message){if(1e3<(s=parseInt(t.value,10)))s=1e3;else if(~~s<200)s=200;r.height=s}if("link"===t.message)if(s=d.createElement("a"),a=d.createElement("a"),s.href=r.getAttribute("src"),a.href=t.value,!o.test(a.protocol));else if(a.host===s.host)if(d.activeElement===r)c.top.location.href=t.value}}},e)c.addEventListener("message",c.wp.receiveEmbedMessage,!1),d.addEventListener("DOMContentLoaded",t,!1),c.addEventListener("load",t,!1);function t(){if(o);else{o=!0;for(var e,t,r,s=-1!==navigator.appVersion.indexOf("MSIE 10"),a=!!navigator.userAgent.match(/Trident.*rv:11\./),i=d.querySelectorAll("iframe.wp-embedded-content"),n=0;n<i.length;n++){if(!(r=(t=i[n]).getAttribute("data-secret")))r=Math.random().toString(36).substr(2,10),t.src+="#?secret="+r,t.setAttribute("data-secret",r);if(s||a)(e=t.cloneNode(!0)).removeAttribute("security"),t.parentNode.replaceChild(e,t);t.contentWindow.postMessage({message:"ready",secret:r},"*")}}}}(window,document);
</script>

A dar un Sí patriótico y cívico el venidero 24 de febrero, en el referendo por la nueva Constitución de la República de Cuba, invitó al pueblo de Guantánamo Rafael Pérez Fernández, miembro del Comité Central del Partido y primer secretario en la provincia, durante la más reciente sesión de la Asamblea provincial del Poder &hellip; Seguir leyendo
