{"id":189,"date":"2019-01-18T01:10:34","date_gmt":"2019-01-18T01:10:34","guid":{"rendered":"http:\/\/instituciones.gtm.sld.cu\/hgdan\/?page_id=189"},"modified":"2021-12-21T13:37:54","modified_gmt":"2021-12-21T18:37:54","slug":"contactenos","status":"publish","type":"page","link":"https:\/\/instituciones.gtm.sld.cu\/hgdan\/contactenos\/","title":{"rendered":"Cont\u00e1ctenos"},"content":{"rendered":"\n<p><strong>Puede encontrarnos en:<\/strong><\/p>\n\n\n\n<figure class=\"wp-block-image\"><img decoding=\"async\" loading=\"lazy\" width=\"956\" height=\"618\" src=\"http:\/\/instituciones.gtm.sld.cu\/hgdan\/wp-content\/uploads\/sites\/5\/2019\/04\/HGDOKGoogle-Maps.png\" alt=\"\" class=\"wp-image-1685\" srcset=\"https:\/\/instituciones.gtm.sld.cu\/hgdan\/wp-content\/uploads\/sites\/33\/2019\/04\/HGDOKGoogle-Maps.png 956w, https:\/\/instituciones.gtm.sld.cu\/hgdan\/wp-content\/uploads\/sites\/33\/2019\/04\/HGDOKGoogle-Maps-300x194.png 300w, https:\/\/instituciones.gtm.sld.cu\/hgdan\/wp-content\/uploads\/sites\/33\/2019\/04\/HGDOKGoogle-Maps-768x496.png 768w\" sizes=\"(max-width: 956px) 100vw, 956px\" \/><figcaption>Ubicaci\u00f3n de Hospital General Docente Dr.Agostinho Neto &#8211; Guant\u00e1namo:Cuba <br><br><\/figcaption><\/figure>\n\n\n\n<p><strong>Direcci\u00f3n:<\/strong> Calle 5 oeste e\/ 10 y 13 Norte, Guant\u00e1namo, Cuba. C\u00f3digo Postal: 95200. <\/p>\n\n\n\n<p><strong>Tel\u00e9fonos<\/strong>:  (53) 21-387100 ,  (53) 21-387102 <\/p>\n\n\n<h4>M\u00e1xima direcci\u00f3n de la unidad:<\/h4>\n<p><strong>Nombre:<\/strong> Dr. Jos\u00e9 Alfredo Esteban Soto.<\/p>\n<p>Especialista<\/p>\n<p><strong>Cargo:<\/strong> Director de Hospital General Docente Dr.Agostinho Neto<\/p>\n<p><strong data-rich-text-format-boundary=\"true\">e-mail :<\/strong> dirhgdangt@infomed.sld.cu<\/p>","protected":false},"excerpt":{"rendered":"<p>Puede encontrarnos en: Direcci\u00f3n: Calle 5 oeste e\/ 10 y 13 Norte, Guant\u00e1namo, Cuba. C\u00f3digo Postal: 95200. Tel\u00e9fonos: (53) 21-387100 , (53) 21-387102 M\u00e1xima direcci\u00f3n de la unidad: Nombre: Dr. Jos\u00e9 Alfredo Esteban Soto. Especialista Cargo: Director de Hospital General Docente Dr.Agostinho Neto e-mail : dirhgdangt@infomed.sld.cu<\/p>\n","protected":false},"author":4,"featured_media":0,"parent":0,"menu_order":0,"comment_status":"closed","ping_status":"closed","template":"","meta":{"ngg_post_thumbnail":0,"_mc_calendar":[]},"yoast_head":"<!-- This site is optimized with the Yoast SEO plugin v21.8 - https:\/\/yoast.com\/wordpress\/plugins\/seo\/ -->\n<title>Cont\u00e1ctenos - Hospital General Docente \u201cDr. Agostinho Neto\u201d<\/title>\n<meta name=\"robots\" content=\"index, follow, max-snippet:-1, max-image-preview:large, max-video-preview:-1\" \/>\n<link rel=\"canonical\" href=\"https:\/\/instituciones.gtm.sld.cu\/hgdan\/contactenos\/\" \/>\n<meta property=\"og:locale\" content=\"es_ES\" \/>\n<meta property=\"og:type\" content=\"article\" \/>\n<meta property=\"og:title\" content=\"Cont\u00e1ctenos - Hospital General Docente \u201cDr. Agostinho Neto\u201d\" \/>\n<meta property=\"og:description\" content=\"Puede encontrarnos en: Direcci\u00f3n: Calle 5 oeste e\/ 10 y 13 Norte, Guant\u00e1namo, Cuba. C\u00f3digo Postal: 95200. Tel\u00e9fonos: (53) 21-387100 , (53) 21-387102 M\u00e1xima direcci\u00f3n de la unidad: Nombre: Dr. Jos\u00e9 Alfredo Esteban Soto. Especialista Cargo: Director de Hospital General Docente Dr.Agostinho Neto e-mail : dirhgdangt@infomed.sld.cu\" \/>\n<meta property=\"og:url\" content=\"https:\/\/instituciones.gtm.sld.cu\/hgdan\/contactenos\/\" \/>\n<meta property=\"og:site_name\" content=\"Hospital General Docente \u201cDr. Agostinho Neto\u201d\" \/>\n<meta property=\"article:modified_time\" content=\"2021-12-21T18:37:54+00:00\" \/>\n<meta property=\"og:image\" content=\"http:\/\/instituciones.gtm.sld.cu\/hgdan\/wp-content\/uploads\/sites\/5\/2019\/04\/HGDOKGoogle-Maps.png\" \/>\n<meta name=\"twitter:card\" content=\"summary_large_image\" \/>\n<script type=\"application\/ld+json\" class=\"yoast-schema-graph\">{\"@context\":\"https:\/\/schema.org\",\"@graph\":[{\"@type\":\"WebPage\",\"@id\":\"https:\/\/instituciones.gtm.sld.cu\/hgdan\/contactenos\/\",\"url\":\"https:\/\/instituciones.gtm.sld.cu\/hgdan\/contactenos\/\",\"name\":\"Cont\u00e1ctenos - Hospital General Docente \u201cDr. Agostinho Neto\u201d\",\"isPartOf\":{\"@id\":\"https:\/\/instituciones.gtm.sld.cu\/hgdan\/#website\"},\"datePublished\":\"2019-01-18T01:10:34+00:00\",\"dateModified\":\"2021-12-21T18:37:54+00:00\",\"breadcrumb\":{\"@id\":\"https:\/\/instituciones.gtm.sld.cu\/hgdan\/contactenos\/#breadcrumb\"},\"inLanguage\":\"es\",\"potentialAction\":[{\"@type\":\"ReadAction\",\"target\":[\"https:\/\/instituciones.gtm.sld.cu\/hgdan\/contactenos\/\"]}]},{\"@type\":\"BreadcrumbList\",\"@id\":\"https:\/\/instituciones.gtm.sld.cu\/hgdan\/contactenos\/#breadcrumb\",\"itemListElement\":[{\"@type\":\"ListItem\",\"position\":1,\"name\":\"Portada\",\"item\":\"https:\/\/instituciones.gtm.sld.cu\/hgdan\/\"},{\"@type\":\"ListItem\",\"position\":2,\"name\":\"Cont\u00e1ctenos\"}]},{\"@type\":\"WebSite\",\"@id\":\"https:\/\/instituciones.gtm.sld.cu\/hgdan\/#website\",\"url\":\"https:\/\/instituciones.gtm.sld.cu\/hgdan\/\",\"name\":\"Hospital General Docente \u201cDr. Agostinho Neto\u201d\",\"description\":\"Hospital General Docente \u201cDr. Agostinho Neto\u201d\",\"potentialAction\":[{\"@type\":\"SearchAction\",\"target\":{\"@type\":\"EntryPoint\",\"urlTemplate\":\"https:\/\/instituciones.gtm.sld.cu\/hgdan\/?s={search_term_string}\"},\"query-input\":\"required name=search_term_string\"}],\"inLanguage\":\"es\"}]}<\/script>\n<!-- \/ Yoast SEO plugin. -->","yoast_head_json":{"title":"Cont\u00e1ctenos - Hospital General Docente \u201cDr. Agostinho Neto\u201d","robots":{"index":"index","follow":"follow","max-snippet":"max-snippet:-1","max-image-preview":"max-image-preview:large","max-video-preview":"max-video-preview:-1"},"canonical":"https:\/\/instituciones.gtm.sld.cu\/hgdan\/contactenos\/","og_locale":"es_ES","og_type":"article","og_title":"Cont\u00e1ctenos - Hospital General Docente \u201cDr. Agostinho Neto\u201d","og_description":"Puede encontrarnos en: Direcci\u00f3n: Calle 5 oeste e\/ 10 y 13 Norte, Guant\u00e1namo, Cuba. C\u00f3digo Postal: 95200. Tel\u00e9fonos: (53) 21-387100 , (53) 21-387102 M\u00e1xima direcci\u00f3n de la unidad: Nombre: Dr. Jos\u00e9 Alfredo Esteban Soto. Especialista Cargo: Director de Hospital General Docente Dr.Agostinho Neto e-mail : dirhgdangt@infomed.sld.cu","og_url":"https:\/\/instituciones.gtm.sld.cu\/hgdan\/contactenos\/","og_site_name":"Hospital General Docente \u201cDr. Agostinho Neto\u201d","article_modified_time":"2021-12-21T18:37:54+00:00","og_image":[{"url":"http:\/\/instituciones.gtm.sld.cu\/hgdan\/wp-content\/uploads\/sites\/5\/2019\/04\/HGDOKGoogle-Maps.png"}],"twitter_card":"summary_large_image","schema":{"@context":"https:\/\/schema.org","@graph":[{"@type":"WebPage","@id":"https:\/\/instituciones.gtm.sld.cu\/hgdan\/contactenos\/","url":"https:\/\/instituciones.gtm.sld.cu\/hgdan\/contactenos\/","name":"Cont\u00e1ctenos - Hospital General Docente \u201cDr. Agostinho Neto\u201d","isPartOf":{"@id":"https:\/\/instituciones.gtm.sld.cu\/hgdan\/#website"},"datePublished":"2019-01-18T01:10:34+00:00","dateModified":"2021-12-21T18:37:54+00:00","breadcrumb":{"@id":"https:\/\/instituciones.gtm.sld.cu\/hgdan\/contactenos\/#breadcrumb"},"inLanguage":"es","potentialAction":[{"@type":"ReadAction","target":["https:\/\/instituciones.gtm.sld.cu\/hgdan\/contactenos\/"]}]},{"@type":"BreadcrumbList","@id":"https:\/\/instituciones.gtm.sld.cu\/hgdan\/contactenos\/#breadcrumb","itemListElement":[{"@type":"ListItem","position":1,"name":"Portada","item":"https:\/\/instituciones.gtm.sld.cu\/hgdan\/"},{"@type":"ListItem","position":2,"name":"Cont\u00e1ctenos"}]},{"@type":"WebSite","@id":"https:\/\/instituciones.gtm.sld.cu\/hgdan\/#website","url":"https:\/\/instituciones.gtm.sld.cu\/hgdan\/","name":"Hospital General Docente \u201cDr. Agostinho Neto\u201d","description":"Hospital General Docente \u201cDr. Agostinho Neto\u201d","potentialAction":[{"@type":"SearchAction","target":{"@type":"EntryPoint","urlTemplate":"https:\/\/instituciones.gtm.sld.cu\/hgdan\/?s={search_term_string}"},"query-input":"required name=search_term_string"}],"inLanguage":"es"}]}},"_links":{"self":[{"href":"https:\/\/instituciones.gtm.sld.cu\/hgdan\/wp-json\/wp\/v2\/pages\/189"}],"collection":[{"href":"https:\/\/instituciones.gtm.sld.cu\/hgdan\/wp-json\/wp\/v2\/pages"}],"about":[{"href":"https:\/\/instituciones.gtm.sld.cu\/hgdan\/wp-json\/wp\/v2\/types\/page"}],"author":[{"embeddable":true,"href":"https:\/\/instituciones.gtm.sld.cu\/hgdan\/wp-json\/wp\/v2\/users\/4"}],"replies":[{"embeddable":true,"href":"https:\/\/instituciones.gtm.sld.cu\/hgdan\/wp-json\/wp\/v2\/comments?post=189"}],"version-history":[{"count":3,"href":"https:\/\/instituciones.gtm.sld.cu\/hgdan\/wp-json\/wp\/v2\/pages\/189\/revisions"}],"predecessor-version":[{"id":2800,"href":"https:\/\/instituciones.gtm.sld.cu\/hgdan\/wp-json\/wp\/v2\/pages\/189\/revisions\/2800"}],"wp:attachment":[{"href":"https:\/\/instituciones.gtm.sld.cu\/hgdan\/wp-json\/wp\/v2\/media?parent=189"}],"curies":[{"name":"wp","href":"https:\/\/api.w.org\/{rel}","templated":true}]}}