{"id":1892,"date":"2019-09-25T18:55:39","date_gmt":"2019-09-25T22:55:39","guid":{"rendered":"http:\/\/instituciones.gtm.sld.cu\/hgdan\/?page_id=1892"},"modified":"2019-09-25T19:17:12","modified_gmt":"2019-09-25T23:17:12","slug":"objetivos-del-sitio","status":"publish","type":"page","link":"https:\/\/instituciones.gtm.sld.cu\/hgdan\/objetivos-del-sitio\/","title":{"rendered":"Objetivos del sitio"},"content":{"rendered":"<p style=\"text-align: justify\">Internet se ha vuelto esencial tanto para la b\u00fasqueda de informaci\u00f3n como para la adquisici\u00f3n de productos y servicios. Suele suceder que cuando se quiere informaci\u00f3n lo primero que se hace es buscar en las redes sociales o en Google, que es donde normalmente inicia la b\u00fasqueda de informaci\u00f3n.<\/p>\n<p style=\"text-align: justify\">Sin embargo, a\u00fan existiendo esta corriente, reconocemos la necesidad de:<\/p>\n<ul>\n<li style=\"text-align: justify\">Crear y desarrollar un espacio virtual para desarrollar y publicar informaci\u00f3n \u00fatil, actualizada y variada, en correspondencia con los objetivos de trabajo del sector salud en nuestra provincia.<\/li>\n<li style=\"text-align: justify\">Promover eventos de inter\u00e9s para nuestros profesionales.<\/li>\n<li style=\"text-align: justify\">Proveer de informaci\u00f3n cient\u00edfico t\u00e9cnica para contribuir al perfeccionamiento de la calidad de la atenci\u00f3n m\u00e9dica integral a la poblaci\u00f3n.<\/li>\n<li style=\"text-align: justify\">Poseer un espacio para el intercambio con nuestra poblaci\u00f3n en aras del mejoramiento de los servicios de salud.<\/li>\n<li style=\"text-align: justify\">Mostrar de forma concreta los resultados y el impacto del sistema de salud cubano y en particular, el guantanamero, en el bienestar de la poblaci\u00f3n.<\/li>\n<\/ul>\n","protected":false},"excerpt":{"rendered":"<p>Internet se ha vuelto esencial tanto para la b\u00fasqueda de informaci\u00f3n como para la adquisici\u00f3n de productos y servicios. Suele suceder que cuando se quiere informaci\u00f3n lo primero que se hace es buscar en las redes sociales o en Google, que es donde normalmente inicia la b\u00fasqueda de informaci\u00f3n. Sin embargo, a\u00fan existiendo esta corriente, &hellip; <\/p>\n<p><a class=\"more-link btn\" href=\"https:\/\/instituciones.gtm.sld.cu\/hgdan\/objetivos-del-sitio\/\">Seguir leyendo<\/a><\/p>\n","protected":false},"author":4,"featured_media":0,"parent":0,"menu_order":0,"comment_status":"closed","ping_status":"closed","template":"","meta":{"ngg_post_thumbnail":0,"_mc_calendar":[]},"yoast_head":"<!-- This site is optimized with the Yoast SEO plugin v21.8 - https:\/\/yoast.com\/wordpress\/plugins\/seo\/ -->\n<title>Objetivos del sitio - Hospital General Docente \u201cDr. Agostinho Neto\u201d<\/title>\n<meta name=\"robots\" content=\"index, follow, max-snippet:-1, max-image-preview:large, max-video-preview:-1\" \/>\n<link rel=\"canonical\" href=\"https:\/\/instituciones.gtm.sld.cu\/hgdan\/objetivos-del-sitio\/\" \/>\n<meta property=\"og:locale\" content=\"es_ES\" \/>\n<meta property=\"og:type\" content=\"article\" \/>\n<meta property=\"og:title\" content=\"Objetivos del sitio - Hospital General Docente \u201cDr. Agostinho Neto\u201d\" \/>\n<meta property=\"og:description\" content=\"Internet se ha vuelto esencial tanto para la b\u00fasqueda de informaci\u00f3n como para la adquisici\u00f3n de productos y servicios. Suele suceder que cuando se quiere informaci\u00f3n lo primero que se hace es buscar en las redes sociales o en Google, que es donde normalmente inicia la b\u00fasqueda de informaci\u00f3n. Sin embargo, a\u00fan existiendo esta corriente, &hellip; Seguir leyendo\" \/>\n<meta property=\"og:url\" content=\"https:\/\/instituciones.gtm.sld.cu\/hgdan\/objetivos-del-sitio\/\" \/>\n<meta property=\"og:site_name\" content=\"Hospital General Docente \u201cDr. Agostinho Neto\u201d\" \/>\n<meta property=\"article:modified_time\" content=\"2019-09-25T23:17:12+00:00\" \/>\n<meta name=\"twitter:card\" content=\"summary_large_image\" \/>\n<meta name=\"twitter:label1\" content=\"Tiempo de lectura\" \/>\n\t<meta name=\"twitter:data1\" content=\"1 minuto\" \/>\n<script type=\"application\/ld+json\" class=\"yoast-schema-graph\">{\"@context\":\"https:\/\/schema.org\",\"@graph\":[{\"@type\":\"WebPage\",\"@id\":\"https:\/\/instituciones.gtm.sld.cu\/hgdan\/objetivos-del-sitio\/\",\"url\":\"https:\/\/instituciones.gtm.sld.cu\/hgdan\/objetivos-del-sitio\/\",\"name\":\"Objetivos del sitio - Hospital General Docente \u201cDr. Agostinho Neto\u201d\",\"isPartOf\":{\"@id\":\"https:\/\/instituciones.gtm.sld.cu\/hgdan\/#website\"},\"datePublished\":\"2019-09-25T22:55:39+00:00\",\"dateModified\":\"2019-09-25T23:17:12+00:00\",\"breadcrumb\":{\"@id\":\"https:\/\/instituciones.gtm.sld.cu\/hgdan\/objetivos-del-sitio\/#breadcrumb\"},\"inLanguage\":\"es\",\"potentialAction\":[{\"@type\":\"ReadAction\",\"target\":[\"https:\/\/instituciones.gtm.sld.cu\/hgdan\/objetivos-del-sitio\/\"]}]},{\"@type\":\"BreadcrumbList\",\"@id\":\"https:\/\/instituciones.gtm.sld.cu\/hgdan\/objetivos-del-sitio\/#breadcrumb\",\"itemListElement\":[{\"@type\":\"ListItem\",\"position\":1,\"name\":\"Portada\",\"item\":\"https:\/\/instituciones.gtm.sld.cu\/hgdan\/\"},{\"@type\":\"ListItem\",\"position\":2,\"name\":\"Objetivos del sitio\"}]},{\"@type\":\"WebSite\",\"@id\":\"https:\/\/instituciones.gtm.sld.cu\/hgdan\/#website\",\"url\":\"https:\/\/instituciones.gtm.sld.cu\/hgdan\/\",\"name\":\"Hospital General Docente \u201cDr. Agostinho Neto\u201d\",\"description\":\"Hospital General Docente \u201cDr. Agostinho Neto\u201d\",\"potentialAction\":[{\"@type\":\"SearchAction\",\"target\":{\"@type\":\"EntryPoint\",\"urlTemplate\":\"https:\/\/instituciones.gtm.sld.cu\/hgdan\/?s={search_term_string}\"},\"query-input\":\"required name=search_term_string\"}],\"inLanguage\":\"es\"}]}<\/script>\n<!-- \/ Yoast SEO plugin. -->","yoast_head_json":{"title":"Objetivos del sitio - Hospital General Docente \u201cDr. Agostinho Neto\u201d","robots":{"index":"index","follow":"follow","max-snippet":"max-snippet:-1","max-image-preview":"max-image-preview:large","max-video-preview":"max-video-preview:-1"},"canonical":"https:\/\/instituciones.gtm.sld.cu\/hgdan\/objetivos-del-sitio\/","og_locale":"es_ES","og_type":"article","og_title":"Objetivos del sitio - Hospital General Docente \u201cDr. Agostinho Neto\u201d","og_description":"Internet se ha vuelto esencial tanto para la b\u00fasqueda de informaci\u00f3n como para la adquisici\u00f3n de productos y servicios. Suele suceder que cuando se quiere informaci\u00f3n lo primero que se hace es buscar en las redes sociales o en Google, que es donde normalmente inicia la b\u00fasqueda de informaci\u00f3n. Sin embargo, a\u00fan existiendo esta corriente, &hellip; Seguir leyendo","og_url":"https:\/\/instituciones.gtm.sld.cu\/hgdan\/objetivos-del-sitio\/","og_site_name":"Hospital General Docente \u201cDr. Agostinho Neto\u201d","article_modified_time":"2019-09-25T23:17:12+00:00","twitter_card":"summary_large_image","twitter_misc":{"Tiempo de lectura":"1 minuto"},"schema":{"@context":"https:\/\/schema.org","@graph":[{"@type":"WebPage","@id":"https:\/\/instituciones.gtm.sld.cu\/hgdan\/objetivos-del-sitio\/","url":"https:\/\/instituciones.gtm.sld.cu\/hgdan\/objetivos-del-sitio\/","name":"Objetivos del sitio - Hospital General Docente \u201cDr. Agostinho Neto\u201d","isPartOf":{"@id":"https:\/\/instituciones.gtm.sld.cu\/hgdan\/#website"},"datePublished":"2019-09-25T22:55:39+00:00","dateModified":"2019-09-25T23:17:12+00:00","breadcrumb":{"@id":"https:\/\/instituciones.gtm.sld.cu\/hgdan\/objetivos-del-sitio\/#breadcrumb"},"inLanguage":"es","potentialAction":[{"@type":"ReadAction","target":["https:\/\/instituciones.gtm.sld.cu\/hgdan\/objetivos-del-sitio\/"]}]},{"@type":"BreadcrumbList","@id":"https:\/\/instituciones.gtm.sld.cu\/hgdan\/objetivos-del-sitio\/#breadcrumb","itemListElement":[{"@type":"ListItem","position":1,"name":"Portada","item":"https:\/\/instituciones.gtm.sld.cu\/hgdan\/"},{"@type":"ListItem","position":2,"name":"Objetivos del sitio"}]},{"@type":"WebSite","@id":"https:\/\/instituciones.gtm.sld.cu\/hgdan\/#website","url":"https:\/\/instituciones.gtm.sld.cu\/hgdan\/","name":"Hospital General Docente \u201cDr. Agostinho Neto\u201d","description":"Hospital General Docente \u201cDr. Agostinho Neto\u201d","potentialAction":[{"@type":"SearchAction","target":{"@type":"EntryPoint","urlTemplate":"https:\/\/instituciones.gtm.sld.cu\/hgdan\/?s={search_term_string}"},"query-input":"required name=search_term_string"}],"inLanguage":"es"}]}},"_links":{"self":[{"href":"https:\/\/instituciones.gtm.sld.cu\/hgdan\/wp-json\/wp\/v2\/pages\/1892"}],"collection":[{"href":"https:\/\/instituciones.gtm.sld.cu\/hgdan\/wp-json\/wp\/v2\/pages"}],"about":[{"href":"https:\/\/instituciones.gtm.sld.cu\/hgdan\/wp-json\/wp\/v2\/types\/page"}],"author":[{"embeddable":true,"href":"https:\/\/instituciones.gtm.sld.cu\/hgdan\/wp-json\/wp\/v2\/users\/4"}],"replies":[{"embeddable":true,"href":"https:\/\/instituciones.gtm.sld.cu\/hgdan\/wp-json\/wp\/v2\/comments?post=1892"}],"version-history":[{"count":2,"href":"https:\/\/instituciones.gtm.sld.cu\/hgdan\/wp-json\/wp\/v2\/pages\/1892\/revisions"}],"predecessor-version":[{"id":1897,"href":"https:\/\/instituciones.gtm.sld.cu\/hgdan\/wp-json\/wp\/v2\/pages\/1892\/revisions\/1897"}],"wp:attachment":[{"href":"https:\/\/instituciones.gtm.sld.cu\/hgdan\/wp-json\/wp\/v2\/media?parent=1892"}],"curies":[{"name":"wp","href":"https:\/\/api.w.org\/{rel}","templated":true}]}}