{"id":195,"date":"2019-01-18T01:12:51","date_gmt":"2019-01-18T01:12:51","guid":{"rendered":"http:\/\/instituciones.gtm.sld.cu\/hgdan\/?page_id=195"},"modified":"2021-12-21T14:15:51","modified_gmt":"2021-12-21T19:15:51","slug":"comision-etica-medica","status":"publish","type":"page","link":"https:\/\/instituciones.gtm.sld.cu\/hgdan\/comision-etica-medica\/","title":{"rendered":"Comisi\u00f3n \u00e9tica m\u00e9dica"},"content":{"rendered":"\n<p><strong>Las funciones de la Comisiones de \u00c9tica M\u00e9dica son:<\/strong><\/p>\n\n\n\n<p>1.Participar de forma activa y programada, en la educaci\u00f3n moral en el  campo de la salud que se realiza sistem\u00e1ticamente con profesionales  t\u00e9cnicos y estudiantes del sector cuyo contenido est\u00e1 recogido en los  Principios de la \u00c9tica M\u00e9dica.<br> 2. Realizar evaluaciones peri\u00f3dicas, en coordinaci\u00f3n con la direcci\u00f3n  del centro o del territorio, del estado de la educaci\u00f3n \u00e9tica en su  radio de acci\u00f3n, identificando los principales problemas que existen en  este sentido y proponiendo medidas para su soluci\u00f3n.<br> 3. Asesorar aportando elementos de juicio, en las decisiones \u00e9ticas de  la pr\u00e1ctica asistencial, cuando se solicite por el Director del Centro,  el m\u00e9dico de asistencia o el colectivo correspondiente, en particular en  aquellos casos en que por sus caracter\u00edsticas se considere que hay  problemas de car\u00e1cter moral.  <br>4.  Dictaminar, cuando se le solicite, sobre la presunta violaci\u00f3n de los  Principios de la \u00c9tica M\u00e9dica establecida, especialmente en casos de  error profesional o \u00a8mala praxis\u00a8. Esta funci\u00f3n solo faculta a las  Comisiones para emitir criterios sobre s\u00ed ha ocurrido o no violaci\u00f3n de  algunos de estos principios, absteni\u00e9ndose de sugerir cualquier tipo de  medida, papel que le corresponde a las direcciones institucionales,  seg\u00fan las disposiciones legales establecidas, por tanto como regla no  debe considerarse como un paso previo a la adopci\u00f3n de otras medidas que  el hecho cometido requiera.<br> 5. Adoptar en todo momento y durante la tramitaci\u00f3n y soluci\u00f3n de los  expedientes, la mayor celeridad en el proceso sin afectar la calidad del  mismo.<\/p>\n\n\n\n<p><strong>Miembros de la comisi\u00f3n<\/strong><\/p>\n\n\n\n<table id=\"tablepress-9\" class=\"tablepress tablepress-id-9\">\n<thead>\n<tr class=\"row-1\">\n\t<th class=\"column-1\">Nombres y Apellidos<\/th><th class=\"column-2\">Cargo en la Comisi\u00f3n<\/th>\n<\/tr>\n<\/thead>\n<tbody class=\"row-striping row-hover\">\n<tr class=\"row-2\">\n\t<td class=\"column-1\">Dra. Marelis Cobas Salazar<\/td><td class=\"column-2\">Presidenta<\/td>\n<\/tr>\n<tr class=\"row-3\">\n\t<td class=\"column-1\">Lic. Yunet P\u00e9rez Lobaina<\/td><td class=\"column-2\">Secretaria<\/td>\n<\/tr>\n<tr class=\"row-4\">\n\t<td class=\"column-1\">Dra. Leyanis Lecourtois Mendoza<\/td><td class=\"column-2\">Miembro<\/td>\n<\/tr>\n<tr class=\"row-5\">\n\t<td class=\"column-1\">Dr. Ernesto D\u00edaz Trujillo<\/td><td class=\"column-2\">Miembro<\/td>\n<\/tr>\n<tr class=\"row-6\">\n\t<td class=\"column-1\">Dr. Jos\u00e9 Alfredo Estevan Soto<\/td><td class=\"column-2\">Miembro<\/td>\n<\/tr>\n<tr class=\"row-7\">\n\t<td class=\"column-1\">Dra. Yurina Llanes Cabrera<\/td><td class=\"column-2\">Miembro<\/td>\n<\/tr>\n<tr class=\"row-8\">\n\t<td class=\"column-1\">Lic. Yalina Calder\u00edn hardy<\/td><td class=\"column-2\">Miembro<\/td>\n<\/tr>\n<tr class=\"row-9\">\n\t<td class=\"column-1\">Lic. Iraida Fernandez Caramazana<\/td><td class=\"column-2\">Miembro<\/td>\n<\/tr>\n<tr class=\"row-10\">\n\t<td class=\"column-1\">Lic. Mar\u00eda del Carmen Pernas Calzados<\/td><td class=\"column-2\">Miembro<\/td>\n<\/tr>\n<\/tbody>\n<\/table>\n<!-- #tablepress-9 from cache -->\n","protected":false},"excerpt":{"rendered":"<p>Las funciones de la Comisiones de \u00c9tica M\u00e9dica son: 1.Participar de forma activa y programada, en la educaci\u00f3n moral en el campo de la salud que se realiza sistem\u00e1ticamente con profesionales t\u00e9cnicos y estudiantes del sector cuyo contenido est\u00e1 recogido en los Principios de la \u00c9tica M\u00e9dica. 2. Realizar evaluaciones peri\u00f3dicas, en coordinaci\u00f3n con la &hellip; <\/p>\n<p><a class=\"more-link btn\" href=\"https:\/\/instituciones.gtm.sld.cu\/hgdan\/comision-etica-medica\/\">Seguir leyendo<\/a><\/p>\n","protected":false},"author":4,"featured_media":0,"parent":0,"menu_order":0,"comment_status":"closed","ping_status":"closed","template":"","meta":{"ngg_post_thumbnail":0,"_mc_calendar":[]},"yoast_head":"<!-- This site is optimized with the Yoast SEO plugin v21.8 - https:\/\/yoast.com\/wordpress\/plugins\/seo\/ -->\n<title>Comisi\u00f3n \u00e9tica m\u00e9dica - Hospital General Docente \u201cDr. Agostinho Neto\u201d<\/title>\n<meta name=\"robots\" content=\"index, follow, max-snippet:-1, max-image-preview:large, max-video-preview:-1\" \/>\n<link rel=\"canonical\" href=\"https:\/\/instituciones.gtm.sld.cu\/hgdan\/comision-etica-medica\/\" \/>\n<meta property=\"og:locale\" content=\"es_ES\" \/>\n<meta property=\"og:type\" content=\"article\" \/>\n<meta property=\"og:title\" content=\"Comisi\u00f3n \u00e9tica m\u00e9dica - Hospital General Docente \u201cDr. Agostinho Neto\u201d\" \/>\n<meta property=\"og:description\" content=\"Las funciones de la Comisiones de \u00c9tica M\u00e9dica son: 1.Participar de forma activa y programada, en la educaci\u00f3n moral en el campo de la salud que se realiza sistem\u00e1ticamente con profesionales t\u00e9cnicos y estudiantes del sector cuyo contenido est\u00e1 recogido en los Principios de la \u00c9tica M\u00e9dica. 2. Realizar evaluaciones peri\u00f3dicas, en coordinaci\u00f3n con la &hellip; Seguir leyendo\" \/>\n<meta property=\"og:url\" content=\"https:\/\/instituciones.gtm.sld.cu\/hgdan\/comision-etica-medica\/\" \/>\n<meta property=\"og:site_name\" content=\"Hospital General Docente \u201cDr. Agostinho Neto\u201d\" \/>\n<meta property=\"article:modified_time\" content=\"2021-12-21T19:15:51+00:00\" \/>\n<meta name=\"twitter:card\" content=\"summary_large_image\" \/>\n<meta name=\"twitter:label1\" content=\"Tiempo de lectura\" \/>\n\t<meta name=\"twitter:data1\" content=\"1 minuto\" \/>\n<script type=\"application\/ld+json\" class=\"yoast-schema-graph\">{\"@context\":\"https:\/\/schema.org\",\"@graph\":[{\"@type\":\"WebPage\",\"@id\":\"https:\/\/instituciones.gtm.sld.cu\/hgdan\/comision-etica-medica\/\",\"url\":\"https:\/\/instituciones.gtm.sld.cu\/hgdan\/comision-etica-medica\/\",\"name\":\"Comisi\u00f3n \u00e9tica m\u00e9dica - Hospital General Docente \u201cDr. Agostinho Neto\u201d\",\"isPartOf\":{\"@id\":\"https:\/\/instituciones.gtm.sld.cu\/hgdan\/#website\"},\"datePublished\":\"2019-01-18T01:12:51+00:00\",\"dateModified\":\"2021-12-21T19:15:51+00:00\",\"breadcrumb\":{\"@id\":\"https:\/\/instituciones.gtm.sld.cu\/hgdan\/comision-etica-medica\/#breadcrumb\"},\"inLanguage\":\"es\",\"potentialAction\":[{\"@type\":\"ReadAction\",\"target\":[\"https:\/\/instituciones.gtm.sld.cu\/hgdan\/comision-etica-medica\/\"]}]},{\"@type\":\"BreadcrumbList\",\"@id\":\"https:\/\/instituciones.gtm.sld.cu\/hgdan\/comision-etica-medica\/#breadcrumb\",\"itemListElement\":[{\"@type\":\"ListItem\",\"position\":1,\"name\":\"Portada\",\"item\":\"https:\/\/instituciones.gtm.sld.cu\/hgdan\/\"},{\"@type\":\"ListItem\",\"position\":2,\"name\":\"Comisi\u00f3n \u00e9tica m\u00e9dica\"}]},{\"@type\":\"WebSite\",\"@id\":\"https:\/\/instituciones.gtm.sld.cu\/hgdan\/#website\",\"url\":\"https:\/\/instituciones.gtm.sld.cu\/hgdan\/\",\"name\":\"Hospital General Docente \u201cDr. Agostinho Neto\u201d\",\"description\":\"Hospital General Docente \u201cDr. Agostinho Neto\u201d\",\"potentialAction\":[{\"@type\":\"SearchAction\",\"target\":{\"@type\":\"EntryPoint\",\"urlTemplate\":\"https:\/\/instituciones.gtm.sld.cu\/hgdan\/?s={search_term_string}\"},\"query-input\":\"required name=search_term_string\"}],\"inLanguage\":\"es\"}]}<\/script>\n<!-- \/ Yoast SEO plugin. -->","yoast_head_json":{"title":"Comisi\u00f3n \u00e9tica m\u00e9dica - Hospital General Docente \u201cDr. Agostinho Neto\u201d","robots":{"index":"index","follow":"follow","max-snippet":"max-snippet:-1","max-image-preview":"max-image-preview:large","max-video-preview":"max-video-preview:-1"},"canonical":"https:\/\/instituciones.gtm.sld.cu\/hgdan\/comision-etica-medica\/","og_locale":"es_ES","og_type":"article","og_title":"Comisi\u00f3n \u00e9tica m\u00e9dica - Hospital General Docente \u201cDr. Agostinho Neto\u201d","og_description":"Las funciones de la Comisiones de \u00c9tica M\u00e9dica son: 1.Participar de forma activa y programada, en la educaci\u00f3n moral en el campo de la salud que se realiza sistem\u00e1ticamente con profesionales t\u00e9cnicos y estudiantes del sector cuyo contenido est\u00e1 recogido en los Principios de la \u00c9tica M\u00e9dica. 2. Realizar evaluaciones peri\u00f3dicas, en coordinaci\u00f3n con la &hellip; Seguir leyendo","og_url":"https:\/\/instituciones.gtm.sld.cu\/hgdan\/comision-etica-medica\/","og_site_name":"Hospital General Docente \u201cDr. Agostinho Neto\u201d","article_modified_time":"2021-12-21T19:15:51+00:00","twitter_card":"summary_large_image","twitter_misc":{"Tiempo de lectura":"1 minuto"},"schema":{"@context":"https:\/\/schema.org","@graph":[{"@type":"WebPage","@id":"https:\/\/instituciones.gtm.sld.cu\/hgdan\/comision-etica-medica\/","url":"https:\/\/instituciones.gtm.sld.cu\/hgdan\/comision-etica-medica\/","name":"Comisi\u00f3n \u00e9tica m\u00e9dica - Hospital General Docente \u201cDr. Agostinho Neto\u201d","isPartOf":{"@id":"https:\/\/instituciones.gtm.sld.cu\/hgdan\/#website"},"datePublished":"2019-01-18T01:12:51+00:00","dateModified":"2021-12-21T19:15:51+00:00","breadcrumb":{"@id":"https:\/\/instituciones.gtm.sld.cu\/hgdan\/comision-etica-medica\/#breadcrumb"},"inLanguage":"es","potentialAction":[{"@type":"ReadAction","target":["https:\/\/instituciones.gtm.sld.cu\/hgdan\/comision-etica-medica\/"]}]},{"@type":"BreadcrumbList","@id":"https:\/\/instituciones.gtm.sld.cu\/hgdan\/comision-etica-medica\/#breadcrumb","itemListElement":[{"@type":"ListItem","position":1,"name":"Portada","item":"https:\/\/instituciones.gtm.sld.cu\/hgdan\/"},{"@type":"ListItem","position":2,"name":"Comisi\u00f3n \u00e9tica m\u00e9dica"}]},{"@type":"WebSite","@id":"https:\/\/instituciones.gtm.sld.cu\/hgdan\/#website","url":"https:\/\/instituciones.gtm.sld.cu\/hgdan\/","name":"Hospital General Docente \u201cDr. Agostinho Neto\u201d","description":"Hospital General Docente \u201cDr. Agostinho Neto\u201d","potentialAction":[{"@type":"SearchAction","target":{"@type":"EntryPoint","urlTemplate":"https:\/\/instituciones.gtm.sld.cu\/hgdan\/?s={search_term_string}"},"query-input":"required name=search_term_string"}],"inLanguage":"es"}]}},"_links":{"self":[{"href":"https:\/\/instituciones.gtm.sld.cu\/hgdan\/wp-json\/wp\/v2\/pages\/195"}],"collection":[{"href":"https:\/\/instituciones.gtm.sld.cu\/hgdan\/wp-json\/wp\/v2\/pages"}],"about":[{"href":"https:\/\/instituciones.gtm.sld.cu\/hgdan\/wp-json\/wp\/v2\/types\/page"}],"author":[{"embeddable":true,"href":"https:\/\/instituciones.gtm.sld.cu\/hgdan\/wp-json\/wp\/v2\/users\/4"}],"replies":[{"embeddable":true,"href":"https:\/\/instituciones.gtm.sld.cu\/hgdan\/wp-json\/wp\/v2\/comments?post=195"}],"version-history":[{"count":1,"href":"https:\/\/instituciones.gtm.sld.cu\/hgdan\/wp-json\/wp\/v2\/pages\/195\/revisions"}],"predecessor-version":[{"id":2812,"href":"https:\/\/instituciones.gtm.sld.cu\/hgdan\/wp-json\/wp\/v2\/pages\/195\/revisions\/2812"}],"wp:attachment":[{"href":"https:\/\/instituciones.gtm.sld.cu\/hgdan\/wp-json\/wp\/v2\/media?parent=195"}],"curies":[{"name":"wp","href":"https:\/\/api.w.org\/{rel}","templated":true}]}}