{"id":270,"date":"2019-04-10T10:32:06","date_gmt":"2019-04-10T14:32:06","guid":{"rendered":"http:\/\/instituciones2.gtm.sld.cu\/hplrl\/?page_id=270"},"modified":"2019-04-10T10:40:15","modified_gmt":"2019-04-10T14:40:15","slug":"mapa-de-sitio","status":"publish","type":"page","link":"https:\/\/instituciones.gtm.sld.cu\/hplrl\/mapa-de-sitio\/","title":{"rendered":"Mapa de sitio"},"content":{"rendered":"\n<div class=\"wsp-container\"><h2 class=\"wsp-pages-title\">P\u00e1ginas<\/h2>\n<ul class=\"wsp-pages-list\">\n<li class=\"page_item page-item-444\"><a href=\"https:\/\/instituciones.gtm.sld.cu\/hplrl\/pagina-para-dispositivas-rotativas\/\">!444 &#8211; P\u00e1gina para dispositivas rotativas<\/a><\/li>\n<li class=\"page_item page-item-95\"><a href=\"https:\/\/instituciones.gtm.sld.cu\/hplrl\/quienes-somos\/\">\u00bfQui\u00e9nes Somos?<\/a><\/li>\n<li class=\"page_item page-item-457\"><a href=\"https:\/\/instituciones.gtm.sld.cu\/hplrl\/autopesquisa-virtual\/\">Autopesquisa Virtual<\/a><\/li>\n<li class=\"page_item page-item-86\"><a href=\"https:\/\/instituciones.gtm.sld.cu\/hplrl\/biografia-luis-ramirez-lopez\/\">Biograf\u00eda Luis Ram\u00edrez L\u00f3pez<\/a><\/li>\n<li class=\"page_item page-item-352\"><a href=\"https:\/\/instituciones.gtm.sld.cu\/hplrl\/consejo-cientifico\/\">Consejo Cient\u00edfico<\/a><\/li>\n<li class=\"page_item page-item-368\"><a href=\"https:\/\/instituciones.gtm.sld.cu\/hplrl\/hospital-de-dia\/\">Hospital de d\u00eda<\/a><\/li>\n<li class=\"page_item page-item-270\"><a href=\"https:\/\/instituciones.gtm.sld.cu\/hplrl\/mapa-de-sitio\/\">Mapa de sitio<\/a><\/li>\n<li class=\"page_item page-item-425\"><a href=\"https:\/\/instituciones.gtm.sld.cu\/hplrl\/my-calendar\/\">My Calendar<\/a><\/li>\n<li class=\"page_item page-item-349\"><a href=\"https:\/\/instituciones.gtm.sld.cu\/hplrl\/objetivos-del-sitio\/\">Objetivos del sitio<\/a><\/li>\n<li class=\"page_item page-item-2\"><a href=\"https:\/\/instituciones.gtm.sld.cu\/hplrl\/pagina-ejemplo\/\">P\u00e1gina de ejemplo<\/a><\/li>\n<li class=\"page_item page-item-361\"><a href=\"https:\/\/instituciones.gtm.sld.cu\/hplrl\/cuerpo-de-guardia\/\">Servicio de Urgencia 24 Hrs.<\/a><\/li>\n<li class=\"page_item page-item-454\"><a href=\"https:\/\/instituciones.gtm.sld.cu\/hplrl\/videosalud-2021\/\">Videosalud 2021<\/a><\/li>\n<\/ul>\n<h2 class=\"wsp-posts-title\">Posts por categor\u00eda<\/h2>\n<ul class=\"wsp-posts-list\">\n\t<li><strong class=\"wsp-category-title\">Category: <a href=\"https:\/\/instituciones.gtm.sld.cu\/hplrl\/category\/destacada\/\">Destacadas<\/a><\/strong>\n<ul class=\"wsp-posts-list\">\t\t<li class=\"wsp-post\"><a href=\"https:\/\/instituciones.gtm.sld.cu\/hplrl\/2020\/01\/28\/aniversario-167-del-nacimiento-de-nuestro-apostol-jose-marti\/\">Aniversario 167 del nacimiento de Nuestro Ap\u00f3stol Jos\u00e9 Mart\u00ed<\/a><\/li>\n\t\t<li class=\"wsp-post\"><a href=\"https:\/\/instituciones.gtm.sld.cu\/hplrl\/2019\/12\/05\/psicoterapia\/\">Psicoterapia<\/a><\/li>\n\t\t<li class=\"wsp-post\"><a href=\"https:\/\/instituciones.gtm.sld.cu\/hplrl\/2019\/10\/28\/evento-de-manualidades-rehabiliarte\/\">Evento de Manualidades \u201cRehabiliarte\u201d<\/a><\/li>\n\t\t<li class=\"wsp-post\"><a href=\"https:\/\/instituciones.gtm.sld.cu\/hplrl\/2019\/10\/03\/servicio-de-rehabilitacion\/\">Servicio de Rehabilitaci\u00f3n<\/a><\/li>\n\t\t<li class=\"wsp-post\"><a href=\"https:\/\/instituciones.gtm.sld.cu\/hplrl\/2019\/10\/03\/377\/\">Servicio de Rehabilitaci\u00f3n<\/a><\/li>\n<\/ul><\/li>\n\t<li><strong class=\"wsp-category-title\">Category: <a href=\"https:\/\/instituciones.gtm.sld.cu\/hplrl\/category\/noticias\/\">Noticias<\/a><\/strong>\n<ul class=\"wsp-posts-list\">\t\t<li class=\"wsp-post\"><a href=\"https:\/\/instituciones.gtm.sld.cu\/hplrl\/2019\/05\/16\/matutino-especial-en-inicio-a-la-53-edicion-de-la-semana-nacional-de-proteccion-contra-incendios\/\">Matutino Especial en Inicio a la 53 Edici\u00f3n de la Semana Nacional de Protecci\u00f3n Contra Incendios<\/a><\/li>\n\t\t<li class=\"wsp-post\"><a href=\"https:\/\/instituciones.gtm.sld.cu\/hplrl\/2019\/04\/24\/matutino-especial-en-apoyo-xxi-congreso-de-la-ctc\/\">Matutino Especial en apoyo XXI Congreso de la CTC<\/a><\/li>\n\t\t<li class=\"wsp-post\"><a href=\"https:\/\/instituciones.gtm.sld.cu\/hplrl\/2019\/04\/10\/matutino-especial-en-proclamacion-de-la-constitucion-de-la-republica-de-cuba\/\">Matutino Especial en Proclamaci\u00f3n de la Constituci\u00f3n de la Rep\u00fablica de Cuba<\/a><\/li>\n\t\t<li class=\"wsp-post\"><a href=\"https:\/\/instituciones.gtm.sld.cu\/hplrl\/2019\/04\/05\/4-abril-37-aniversario-del-hospital-psiquiatrico\/\">4 Abril 37 Aniversario del Hospital Psiqui\u00e1trico<\/a><\/li>\n\t\t<li class=\"wsp-post\"><a href=\"https:\/\/instituciones.gtm.sld.cu\/hplrl\/2019\/03\/05\/a-seis-anos-de-la-muerte-de-chavez-venezuela-se-defiende-con-coraje\/\">A seis a\u00f1os de la muerte de Ch\u00e1vez, Venezuela se defiende con coraje<\/a><\/li>\n\t\t<li class=\"wsp-post\"><a href=\"https:\/\/instituciones.gtm.sld.cu\/hplrl\/2019\/03\/01\/comision-electoral-nacional-fija-cifras-definitivas\/\">Comisi\u00f3n Electoral Nacional fija cifras definitivas: 90.15% de electores votaron en Referendo Constitucional<\/a><\/li>\n<\/ul><\/li>\n\t<li><strong class=\"wsp-category-title\">Category: <a href=\"https:\/\/instituciones.gtm.sld.cu\/hplrl\/category\/psiquiatrico\/\">Psiquiatr\u00eda<\/a><\/strong>\n<ul class=\"wsp-posts-list\">\t\t<li class=\"wsp-post\"><a href=\"https:\/\/instituciones.gtm.sld.cu\/hplrl\/2023\/03\/02\/resumen-del-ano-2022-en-torno-al-trabajo-del-programa-de-atencion-a-personas-en-situacion-de-discapacidad-en-el-hospital-psiquiatrico-luis-ramirez-lopez\/\">Resumen del a\u00f1o 2022 en torno al trabajo del programa de atenci\u00f3n a personas en situaci\u00f3n de discapacidad en el Hospital Psiqui\u00e1trico Luis Ram\u00edrez L\u00f3pez.<\/a><\/li>\n\t\t<li class=\"wsp-post\"><a href=\"https:\/\/instituciones.gtm.sld.cu\/hplrl\/2022\/04\/29\/matutino-docente-con-estudiantes-de-las-carreras-de-medicina-y-terapia-ocupacional\/\">Matutino docente con estudiantes de las carreras de Medicina y Terapia Ocupacional.<\/a><\/li>\n\t\t<li class=\"wsp-post\"><a href=\"https:\/\/instituciones.gtm.sld.cu\/hplrl\/2022\/04\/28\/discusion-de-caso-colectivo-en-la-especialidad-de-psiquiatria-una-forma-de-organizar-la-ensenanza-propia-de-la-especialidad\/\">Discusi\u00f3n de caso colectivo en la especialidad de Psiquiatr\u00eda. Una forma de organizar la ense\u00f1anza propia de la especialidad.<\/a><\/li>\n\t\t<li class=\"wsp-post\"><a href=\"https:\/\/instituciones.gtm.sld.cu\/hplrl\/2019\/08\/02\/hospital-de-dia-psicotico\/\">Hospital de D\u00eda Psic\u00f3tico<\/a><\/li>\n\t\t<li class=\"wsp-post\"><a href=\"https:\/\/instituciones.gtm.sld.cu\/hplrl\/2019\/06\/26\/carnaval-terapeutico\/\">Carnaval Terap\u00e9utico<\/a><\/li>\n\t\t<li class=\"wsp-post\"><a href=\"https:\/\/instituciones.gtm.sld.cu\/hplrl\/2019\/03\/29\/visita-a-la-feria-del-libro-y-la-ludoteca\/\">Visita a la Feria del Libro y la Ludoteca<\/a><\/li>\n\t\t<li class=\"wsp-post\"><a href=\"https:\/\/instituciones.gtm.sld.cu\/hplrl\/2019\/03\/29\/visita-al-cementerio-de-santa-ifigenia\/\">Visita al Cementerio de Santa Ifigenia<\/a><\/li>\n\t\t<li class=\"wsp-post\"><a href=\"https:\/\/instituciones.gtm.sld.cu\/hplrl\/2019\/03\/27\/visita-al-zoologico-interactuando-con-la-naturaleza\/\">Visita al zool\u00f3gico, interactuando con la naturaleza<\/a><\/li>\n\t\t<li class=\"wsp-post\"><a href=\"https:\/\/instituciones.gtm.sld.cu\/hplrl\/2019\/03\/25\/actividad-por-el-8-de-marzo-en-union-estudiantes-pacientes-y-trabajadores-hospital-psiquiatrico-luis-ramirez-lopez\/\">Actividad por el 8 de marzo en uni\u00f3n estudiantes, pacientes y trabajadores.  Hospital Psiqui\u00e1trico Luis Ram\u00edrez L\u00f3pez.<\/a><\/li>\n<\/ul><\/li>\n\t<li><strong class=\"wsp-category-title\">Category: <a href=\"https:\/\/instituciones.gtm.sld.cu\/hplrl\/category\/salud\/\">Salud<\/a><\/strong>\n<ul class=\"wsp-posts-list\">\t\t<li class=\"wsp-post\"><a href=\"https:\/\/instituciones.gtm.sld.cu\/hplrl\/2024\/09\/23\/cuba-y-arabia-saudita-fortalecen-lazos-de-cooperacion-en-el-ambito-sanitario\/\">Cuba y Arabia Saudita fortalecen lazos de cooperaci\u00f3n en el \u00e1mbito sanitario<\/a><\/li>\n<\/ul><\/li>\n<\/ul>\n<\/div>\n","protected":false},"excerpt":{"rendered":"","protected":false},"author":35,"featured_media":0,"parent":0,"menu_order":0,"comment_status":"closed","ping_status":"closed","template":"","meta":{"ngg_post_thumbnail":0,"_mc_calendar":[]},"yoast_head":"<!-- This site is optimized with the Yoast SEO plugin v21.8 - https:\/\/yoast.com\/wordpress\/plugins\/seo\/ -->\n<title>Mapa de sitio - Hospital Psiqui\u00e1trico \u201cLuis Ram\u00edrez L\u00f3pez\u201d<\/title>\n<meta name=\"robots\" content=\"index, follow, max-snippet:-1, max-image-preview:large, max-video-preview:-1\" \/>\n<link rel=\"canonical\" href=\"https:\/\/instituciones.gtm.sld.cu\/hplrl\/mapa-de-sitio\/\" \/>\n<meta property=\"og:locale\" content=\"es_ES\" \/>\n<meta property=\"og:type\" content=\"article\" \/>\n<meta property=\"og:title\" content=\"Mapa de sitio - Hospital Psiqui\u00e1trico \u201cLuis Ram\u00edrez L\u00f3pez\u201d\" \/>\n<meta property=\"og:url\" content=\"https:\/\/instituciones.gtm.sld.cu\/hplrl\/mapa-de-sitio\/\" \/>\n<meta property=\"og:site_name\" content=\"Hospital Psiqui\u00e1trico \u201cLuis Ram\u00edrez L\u00f3pez\u201d\" \/>\n<meta property=\"article:modified_time\" content=\"2019-04-10T14:40:15+00:00\" \/>\n<meta name=\"twitter:card\" content=\"summary_large_image\" \/>\n<script type=\"application\/ld+json\" class=\"yoast-schema-graph\">{\"@context\":\"https:\/\/schema.org\",\"@graph\":[{\"@type\":\"WebPage\",\"@id\":\"https:\/\/instituciones.gtm.sld.cu\/hplrl\/mapa-de-sitio\/\",\"url\":\"https:\/\/instituciones.gtm.sld.cu\/hplrl\/mapa-de-sitio\/\",\"name\":\"Mapa de sitio - Hospital Psiqui\u00e1trico \u201cLuis Ram\u00edrez L\u00f3pez\u201d\",\"isPartOf\":{\"@id\":\"https:\/\/instituciones.gtm.sld.cu\/hplrl\/#website\"},\"datePublished\":\"2019-04-10T14:32:06+00:00\",\"dateModified\":\"2019-04-10T14:40:15+00:00\",\"breadcrumb\":{\"@id\":\"https:\/\/instituciones.gtm.sld.cu\/hplrl\/mapa-de-sitio\/#breadcrumb\"},\"inLanguage\":\"es\",\"potentialAction\":[{\"@type\":\"ReadAction\",\"target\":[\"https:\/\/instituciones.gtm.sld.cu\/hplrl\/mapa-de-sitio\/\"]}]},{\"@type\":\"BreadcrumbList\",\"@id\":\"https:\/\/instituciones.gtm.sld.cu\/hplrl\/mapa-de-sitio\/#breadcrumb\",\"itemListElement\":[{\"@type\":\"ListItem\",\"position\":1,\"name\":\"Portada\",\"item\":\"https:\/\/instituciones.gtm.sld.cu\/hplrl\/\"},{\"@type\":\"ListItem\",\"position\":2,\"name\":\"Mapa de sitio\"}]},{\"@type\":\"WebSite\",\"@id\":\"https:\/\/instituciones.gtm.sld.cu\/hplrl\/#website\",\"url\":\"https:\/\/instituciones.gtm.sld.cu\/hplrl\/\",\"name\":\"Hospital Psiqui\u00e1trico \u201cLuis Ram\u00edrez L\u00f3pez\u201d\",\"description\":\"Hospital Psiqui\u00e1trico \u201cLuis Ram\u00edrez L\u00f3pez\u201d\",\"potentialAction\":[{\"@type\":\"SearchAction\",\"target\":{\"@type\":\"EntryPoint\",\"urlTemplate\":\"https:\/\/instituciones.gtm.sld.cu\/hplrl\/?s={search_term_string}\"},\"query-input\":\"required name=search_term_string\"}],\"inLanguage\":\"es\"}]}<\/script>\n<!-- \/ Yoast SEO plugin. -->","yoast_head_json":{"title":"Mapa de sitio - Hospital Psiqui\u00e1trico \u201cLuis Ram\u00edrez L\u00f3pez\u201d","robots":{"index":"index","follow":"follow","max-snippet":"max-snippet:-1","max-image-preview":"max-image-preview:large","max-video-preview":"max-video-preview:-1"},"canonical":"https:\/\/instituciones.gtm.sld.cu\/hplrl\/mapa-de-sitio\/","og_locale":"es_ES","og_type":"article","og_title":"Mapa de sitio - Hospital Psiqui\u00e1trico \u201cLuis Ram\u00edrez L\u00f3pez\u201d","og_url":"https:\/\/instituciones.gtm.sld.cu\/hplrl\/mapa-de-sitio\/","og_site_name":"Hospital Psiqui\u00e1trico \u201cLuis Ram\u00edrez L\u00f3pez\u201d","article_modified_time":"2019-04-10T14:40:15+00:00","twitter_card":"summary_large_image","schema":{"@context":"https:\/\/schema.org","@graph":[{"@type":"WebPage","@id":"https:\/\/instituciones.gtm.sld.cu\/hplrl\/mapa-de-sitio\/","url":"https:\/\/instituciones.gtm.sld.cu\/hplrl\/mapa-de-sitio\/","name":"Mapa de sitio - Hospital Psiqui\u00e1trico \u201cLuis Ram\u00edrez L\u00f3pez\u201d","isPartOf":{"@id":"https:\/\/instituciones.gtm.sld.cu\/hplrl\/#website"},"datePublished":"2019-04-10T14:32:06+00:00","dateModified":"2019-04-10T14:40:15+00:00","breadcrumb":{"@id":"https:\/\/instituciones.gtm.sld.cu\/hplrl\/mapa-de-sitio\/#breadcrumb"},"inLanguage":"es","potentialAction":[{"@type":"ReadAction","target":["https:\/\/instituciones.gtm.sld.cu\/hplrl\/mapa-de-sitio\/"]}]},{"@type":"BreadcrumbList","@id":"https:\/\/instituciones.gtm.sld.cu\/hplrl\/mapa-de-sitio\/#breadcrumb","itemListElement":[{"@type":"ListItem","position":1,"name":"Portada","item":"https:\/\/instituciones.gtm.sld.cu\/hplrl\/"},{"@type":"ListItem","position":2,"name":"Mapa de sitio"}]},{"@type":"WebSite","@id":"https:\/\/instituciones.gtm.sld.cu\/hplrl\/#website","url":"https:\/\/instituciones.gtm.sld.cu\/hplrl\/","name":"Hospital Psiqui\u00e1trico \u201cLuis Ram\u00edrez L\u00f3pez\u201d","description":"Hospital Psiqui\u00e1trico \u201cLuis Ram\u00edrez L\u00f3pez\u201d","potentialAction":[{"@type":"SearchAction","target":{"@type":"EntryPoint","urlTemplate":"https:\/\/instituciones.gtm.sld.cu\/hplrl\/?s={search_term_string}"},"query-input":"required name=search_term_string"}],"inLanguage":"es"}]}},"_links":{"self":[{"href":"https:\/\/instituciones.gtm.sld.cu\/hplrl\/wp-json\/wp\/v2\/pages\/270"}],"collection":[{"href":"https:\/\/instituciones.gtm.sld.cu\/hplrl\/wp-json\/wp\/v2\/pages"}],"about":[{"href":"https:\/\/instituciones.gtm.sld.cu\/hplrl\/wp-json\/wp\/v2\/types\/page"}],"author":[{"embeddable":true,"href":"https:\/\/instituciones.gtm.sld.cu\/hplrl\/wp-json\/wp\/v2\/users\/35"}],"replies":[{"embeddable":true,"href":"https:\/\/instituciones.gtm.sld.cu\/hplrl\/wp-json\/wp\/v2\/comments?post=270"}],"version-history":[{"count":0,"href":"https:\/\/instituciones.gtm.sld.cu\/hplrl\/wp-json\/wp\/v2\/pages\/270\/revisions"}],"wp:attachment":[{"href":"https:\/\/instituciones.gtm.sld.cu\/hplrl\/wp-json\/wp\/v2\/media?parent=270"}],"curies":[{"name":"wp","href":"https:\/\/api.w.org\/{rel}","templated":true}]}}