{"id":1828,"date":"2019-05-10T18:55:38","date_gmt":"2019-05-10T18:55:38","guid":{"rendered":"https:\/\/instituciones.gtm.sld.cu\/hppap\/?page_id=1828"},"modified":"2024-05-16T17:20:42","modified_gmt":"2024-05-16T17:20:42","slug":"consejo-cientifico","status":"publish","type":"page","link":"https:\/\/instituciones.gtm.sld.cu\/hppap\/consejo-cientifico\/","title":{"rendered":"Consejo  Cient\u00edfico"},"content":{"rendered":"\r\n<p align=\"justify\">El Consejo Cient\u00edfico (CC), es un \u00f3rgano asesor de la Direcci\u00f3n del Hospital para las Investigaciones Cient\u00edficas. Est\u00e1 integrado por un colectivo de cient\u00edficos, subordinados directamente a la Direcci\u00f3n General, que analiza y eval\u00faa la pol\u00edtica cient\u00edfica de la Instituci\u00f3n, analiza temas de inter\u00e9s para el desarrollo cient\u00edfico y tecnol\u00f3gico del hospital y elabora recomendaciones para su aplicaci\u00f3n en el Sistema Nacional De Salud.<\/p>\r\n\r\n\r\n\r\n<table style=\"border-collapse: collapse;width: 85.8667%\">\r\n<tbody>\r\n<tr>\r\n<td style=\"width: 50%\">Nombre y Apellidos<\/td>\r\n<td style=\"width: 35.8667%\">Cargo<\/td>\r\n<\/tr>\r\n<tr>\r\n<td style=\"width: 50%\">Dtor Carlos Rodr\u00edguez Marcheco<\/td>\r\n<td style=\"width: 35.8667%\">Presidente<\/td>\r\n<\/tr>\r\n<tr>\r\n<td style=\"width: 50%\">Dtor Secundino Ortega F\u00e9lix<\/td>\r\n<td style=\"width: 35.8667%\">Miembro<\/td>\r\n<\/tr>\r\n<tr>\r\n<td style=\"width: 50%\">Ruth&nbsp; Ruban Napoles<\/td>\r\n<td style=\"width: 35.8667%\">Miembro<\/td>\r\n<\/tr>\r\n<tr>\r\n<td style=\"width: 50%\">Limnet&nbsp; Creme Lambert<\/td>\r\n<td style=\"width: 35.8667%\">Miembro<\/td>\r\n<\/tr>\r\n<tr>\r\n<td style=\"width: 50%\">Liset&nbsp; Dorsan Rodr\u00edguez<\/td>\r\n<td style=\"width: 35.8667%\">Miembro<\/td>\r\n<\/tr>\r\n<tr>\r\n<td style=\"width: 50%\">Mireya&nbsp; Lamas \u00c1vila<\/td>\r\n<td style=\"width: 35.8667%\">Miembro<\/td>\r\n<\/tr>\r\n<tr>\r\n<td style=\"width: 50%\">Francisco Marsilli&nbsp; Faure<\/td>\r\n<td style=\"width: 35.8667%\">Miembro<\/td>\r\n<\/tr>\r\n<tr>\r\n<td style=\"width: 50%\">Maidolis Tirado Soler<\/td>\r\n<td style=\"width: 35.8667%\">Miembro<\/td>\r\n<\/tr>\r\n<tr>\r\n<td style=\"width: 50%\">Leticia&nbsp; P\u00e9rez&nbsp; Herrero<\/td>\r\n<td style=\"width: 35.8667%\">Miembro<\/td>\r\n<\/tr>\r\n<\/tbody>\r\n<\/table>\r\n","protected":false},"excerpt":{"rendered":"<p>El Consejo Cient\u00edfico (CC), es un \u00f3rgano asesor de la Direcci\u00f3n del Hospital para las Investigaciones Cient\u00edficas. Est\u00e1 integrado por un colectivo de cient\u00edficos, subordinados directamente a la Direcci\u00f3n General, que analiza y eval\u00faa la pol\u00edtica cient\u00edfica de la Instituci\u00f3n, analiza temas de inter\u00e9s para el desarrollo cient\u00edfico y tecnol\u00f3gico del hospital y elabora recomendaciones &hellip; <\/p>\n<p><a class=\"more-link btn\" href=\"https:\/\/instituciones.gtm.sld.cu\/hppap\/consejo-cientifico\/\">Seguir leyendo<\/a><\/p>\n","protected":false},"author":96,"featured_media":0,"parent":0,"menu_order":0,"comment_status":"closed","ping_status":"closed","template":"","meta":{"ngg_post_thumbnail":0,"_mc_calendar":[]},"yoast_head":"<!-- This site is optimized with the Yoast SEO plugin v21.8 - https:\/\/yoast.com\/wordpress\/plugins\/seo\/ -->\n<title>Consejo Cient\u00edfico - Hospital Pedi\u00e1trico &quot;Pedro Agust\u00edn P\u00e9rez&quot;<\/title>\n<meta name=\"robots\" content=\"index, follow, max-snippet:-1, max-image-preview:large, max-video-preview:-1\" \/>\n<link rel=\"canonical\" href=\"https:\/\/instituciones.gtm.sld.cu\/hppap\/consejo-cientifico\/\" \/>\n<meta property=\"og:locale\" content=\"es_ES\" \/>\n<meta property=\"og:type\" content=\"article\" \/>\n<meta property=\"og:title\" content=\"Consejo Cient\u00edfico - Hospital Pedi\u00e1trico &quot;Pedro Agust\u00edn P\u00e9rez&quot;\" \/>\n<meta property=\"og:description\" content=\"El Consejo Cient\u00edfico (CC), es un \u00f3rgano asesor de la Direcci\u00f3n del Hospital para las Investigaciones Cient\u00edficas. Est\u00e1 integrado por un colectivo de cient\u00edficos, subordinados directamente a la Direcci\u00f3n General, que analiza y eval\u00faa la pol\u00edtica cient\u00edfica de la Instituci\u00f3n, analiza temas de inter\u00e9s para el desarrollo cient\u00edfico y tecnol\u00f3gico del hospital y elabora recomendaciones &hellip; Seguir leyendo\" \/>\n<meta property=\"og:url\" content=\"https:\/\/instituciones.gtm.sld.cu\/hppap\/consejo-cientifico\/\" \/>\n<meta property=\"og:site_name\" content=\"Hospital Pedi\u00e1trico &quot;Pedro Agust\u00edn P\u00e9rez&quot;\" \/>\n<meta property=\"article:modified_time\" content=\"2024-05-16T17:20:42+00:00\" \/>\n<meta name=\"twitter:card\" content=\"summary_large_image\" \/>\n<meta name=\"twitter:label1\" content=\"Tiempo de lectura\" \/>\n\t<meta name=\"twitter:data1\" content=\"1 minuto\" \/>\n<script type=\"application\/ld+json\" class=\"yoast-schema-graph\">{\"@context\":\"https:\/\/schema.org\",\"@graph\":[{\"@type\":\"WebPage\",\"@id\":\"https:\/\/instituciones.gtm.sld.cu\/hppap\/consejo-cientifico\/\",\"url\":\"https:\/\/instituciones.gtm.sld.cu\/hppap\/consejo-cientifico\/\",\"name\":\"Consejo Cient\u00edfico - Hospital Pedi\u00e1trico &quot;Pedro Agust\u00edn P\u00e9rez&quot;\",\"isPartOf\":{\"@id\":\"https:\/\/instituciones.gtm.sld.cu\/hppap\/#website\"},\"datePublished\":\"2019-05-10T18:55:38+00:00\",\"dateModified\":\"2024-05-16T17:20:42+00:00\",\"breadcrumb\":{\"@id\":\"https:\/\/instituciones.gtm.sld.cu\/hppap\/consejo-cientifico\/#breadcrumb\"},\"inLanguage\":\"es\",\"potentialAction\":[{\"@type\":\"ReadAction\",\"target\":[\"https:\/\/instituciones.gtm.sld.cu\/hppap\/consejo-cientifico\/\"]}]},{\"@type\":\"BreadcrumbList\",\"@id\":\"https:\/\/instituciones.gtm.sld.cu\/hppap\/consejo-cientifico\/#breadcrumb\",\"itemListElement\":[{\"@type\":\"ListItem\",\"position\":1,\"name\":\"Inicio\",\"item\":\"https:\/\/instituciones.gtm.sld.cu\/hppap\/\"},{\"@type\":\"ListItem\",\"position\":2,\"name\":\"Consejo Cient\u00edfico\"}]},{\"@type\":\"WebSite\",\"@id\":\"https:\/\/instituciones.gtm.sld.cu\/hppap\/#website\",\"url\":\"https:\/\/instituciones.gtm.sld.cu\/hppap\/\",\"name\":\"Hospital Pedi\u00e1trico \\\"Pedro Agust\u00edn P\u00e9rez\\\"\",\"description\":\"\",\"publisher\":{\"@id\":\"https:\/\/instituciones.gtm.sld.cu\/hppap\/#organization\"},\"potentialAction\":[{\"@type\":\"SearchAction\",\"target\":{\"@type\":\"EntryPoint\",\"urlTemplate\":\"https:\/\/instituciones.gtm.sld.cu\/hppap\/?s={search_term_string}\"},\"query-input\":\"required name=search_term_string\"}],\"inLanguage\":\"es\"},{\"@type\":\"Organization\",\"@id\":\"https:\/\/instituciones.gtm.sld.cu\/hppap\/#organization\",\"name\":\"Hospital Pedi\u00e1trico \\\"Pedro Agust\u00edn P\u00e9rez\\\"\",\"url\":\"https:\/\/instituciones.gtm.sld.cu\/hppap\/\",\"logo\":{\"@type\":\"ImageObject\",\"inLanguage\":\"es\",\"@id\":\"https:\/\/instituciones.gtm.sld.cu\/hppap\/#\/schema\/logo\/image\/\",\"url\":\"https:\/\/instituciones.gtm.sld.cu\/hppap\/wp-content\/uploads\/sites\/37\/2024\/05\/299145640_582996300017682_8206920265837739482_n-1.jpg\",\"contentUrl\":\"https:\/\/instituciones.gtm.sld.cu\/hppap\/wp-content\/uploads\/sites\/37\/2024\/05\/299145640_582996300017682_8206920265837739482_n-1.jpg\",\"width\":960,\"height\":479,\"caption\":\"Hospital Pedi\u00e1trico \\\"Pedro Agust\u00edn P\u00e9rez\\\"\"},\"image\":{\"@id\":\"https:\/\/instituciones.gtm.sld.cu\/hppap\/#\/schema\/logo\/image\/\"}}]}<\/script>\n<!-- \/ Yoast SEO plugin. -->","yoast_head_json":{"title":"Consejo Cient\u00edfico - Hospital Pedi\u00e1trico &quot;Pedro Agust\u00edn P\u00e9rez&quot;","robots":{"index":"index","follow":"follow","max-snippet":"max-snippet:-1","max-image-preview":"max-image-preview:large","max-video-preview":"max-video-preview:-1"},"canonical":"https:\/\/instituciones.gtm.sld.cu\/hppap\/consejo-cientifico\/","og_locale":"es_ES","og_type":"article","og_title":"Consejo Cient\u00edfico - Hospital Pedi\u00e1trico &quot;Pedro Agust\u00edn P\u00e9rez&quot;","og_description":"El Consejo Cient\u00edfico (CC), es un \u00f3rgano asesor de la Direcci\u00f3n del Hospital para las Investigaciones Cient\u00edficas. Est\u00e1 integrado por un colectivo de cient\u00edficos, subordinados directamente a la Direcci\u00f3n General, que analiza y eval\u00faa la pol\u00edtica cient\u00edfica de la Instituci\u00f3n, analiza temas de inter\u00e9s para el desarrollo cient\u00edfico y tecnol\u00f3gico del hospital y elabora recomendaciones &hellip; Seguir leyendo","og_url":"https:\/\/instituciones.gtm.sld.cu\/hppap\/consejo-cientifico\/","og_site_name":"Hospital Pedi\u00e1trico &quot;Pedro Agust\u00edn P\u00e9rez&quot;","article_modified_time":"2024-05-16T17:20:42+00:00","twitter_card":"summary_large_image","twitter_misc":{"Tiempo de lectura":"1 minuto"},"schema":{"@context":"https:\/\/schema.org","@graph":[{"@type":"WebPage","@id":"https:\/\/instituciones.gtm.sld.cu\/hppap\/consejo-cientifico\/","url":"https:\/\/instituciones.gtm.sld.cu\/hppap\/consejo-cientifico\/","name":"Consejo Cient\u00edfico - Hospital Pedi\u00e1trico &quot;Pedro Agust\u00edn P\u00e9rez&quot;","isPartOf":{"@id":"https:\/\/instituciones.gtm.sld.cu\/hppap\/#website"},"datePublished":"2019-05-10T18:55:38+00:00","dateModified":"2024-05-16T17:20:42+00:00","breadcrumb":{"@id":"https:\/\/instituciones.gtm.sld.cu\/hppap\/consejo-cientifico\/#breadcrumb"},"inLanguage":"es","potentialAction":[{"@type":"ReadAction","target":["https:\/\/instituciones.gtm.sld.cu\/hppap\/consejo-cientifico\/"]}]},{"@type":"BreadcrumbList","@id":"https:\/\/instituciones.gtm.sld.cu\/hppap\/consejo-cientifico\/#breadcrumb","itemListElement":[{"@type":"ListItem","position":1,"name":"Inicio","item":"https:\/\/instituciones.gtm.sld.cu\/hppap\/"},{"@type":"ListItem","position":2,"name":"Consejo Cient\u00edfico"}]},{"@type":"WebSite","@id":"https:\/\/instituciones.gtm.sld.cu\/hppap\/#website","url":"https:\/\/instituciones.gtm.sld.cu\/hppap\/","name":"Hospital Pedi\u00e1trico \"Pedro Agust\u00edn P\u00e9rez\"","description":"","publisher":{"@id":"https:\/\/instituciones.gtm.sld.cu\/hppap\/#organization"},"potentialAction":[{"@type":"SearchAction","target":{"@type":"EntryPoint","urlTemplate":"https:\/\/instituciones.gtm.sld.cu\/hppap\/?s={search_term_string}"},"query-input":"required name=search_term_string"}],"inLanguage":"es"},{"@type":"Organization","@id":"https:\/\/instituciones.gtm.sld.cu\/hppap\/#organization","name":"Hospital Pedi\u00e1trico \"Pedro Agust\u00edn P\u00e9rez\"","url":"https:\/\/instituciones.gtm.sld.cu\/hppap\/","logo":{"@type":"ImageObject","inLanguage":"es","@id":"https:\/\/instituciones.gtm.sld.cu\/hppap\/#\/schema\/logo\/image\/","url":"https:\/\/instituciones.gtm.sld.cu\/hppap\/wp-content\/uploads\/sites\/37\/2024\/05\/299145640_582996300017682_8206920265837739482_n-1.jpg","contentUrl":"https:\/\/instituciones.gtm.sld.cu\/hppap\/wp-content\/uploads\/sites\/37\/2024\/05\/299145640_582996300017682_8206920265837739482_n-1.jpg","width":960,"height":479,"caption":"Hospital Pedi\u00e1trico \"Pedro Agust\u00edn P\u00e9rez\""},"image":{"@id":"https:\/\/instituciones.gtm.sld.cu\/hppap\/#\/schema\/logo\/image\/"}}]}},"_links":{"self":[{"href":"https:\/\/instituciones.gtm.sld.cu\/hppap\/wp-json\/wp\/v2\/pages\/1828"}],"collection":[{"href":"https:\/\/instituciones.gtm.sld.cu\/hppap\/wp-json\/wp\/v2\/pages"}],"about":[{"href":"https:\/\/instituciones.gtm.sld.cu\/hppap\/wp-json\/wp\/v2\/types\/page"}],"author":[{"embeddable":true,"href":"https:\/\/instituciones.gtm.sld.cu\/hppap\/wp-json\/wp\/v2\/users\/96"}],"replies":[{"embeddable":true,"href":"https:\/\/instituciones.gtm.sld.cu\/hppap\/wp-json\/wp\/v2\/comments?post=1828"}],"version-history":[{"count":8,"href":"https:\/\/instituciones.gtm.sld.cu\/hppap\/wp-json\/wp\/v2\/pages\/1828\/revisions"}],"predecessor-version":[{"id":3689,"href":"https:\/\/instituciones.gtm.sld.cu\/hppap\/wp-json\/wp\/v2\/pages\/1828\/revisions\/3689"}],"wp:attachment":[{"href":"https:\/\/instituciones.gtm.sld.cu\/hppap\/wp-json\/wp\/v2\/media?parent=1828"}],"curies":[{"name":"wp","href":"https:\/\/api.w.org\/{rel}","templated":true}]}}