{"id":3531,"date":"2023-06-21T18:46:23","date_gmt":"2023-06-21T18:46:23","guid":{"rendered":"https:\/\/instituciones.gtm.sld.cu\/hppap\/?page_id=3531"},"modified":"2023-09-22T13:25:15","modified_gmt":"2023-09-22T13:25:15","slug":"jornada-cientifica-estudiantil-y-de-residentes","status":"publish","type":"page","link":"https:\/\/instituciones.gtm.sld.cu\/hppap\/jornada-cientifica-estudiantil-y-de-residentes\/","title":{"rendered":"XVII Jornada Cient\u00edfica Integral de Pediatr\u00eda y Neonatolog\u00eda"},"content":{"rendered":"<p>El&nbsp;Cap\u00edtulo Provincial de Pediatr\u00eda y el departamento de Docencia e Investigaciones del Hospital Pedi\u00e1trico Docente \u201cPedro Agust\u00edn P\u00e9rez\u201d invitan a participar en la XVII&nbsp; Jornada Cient\u00edfica Integral de Pediatr\u00eda y Neonatolog\u00eda, el II Encuentro de Generaciones de Pediatras y la Jornada Cient\u00edfica Integral de Medicina Intensiva y Emergencias Pedi\u00e1tricas<\/p>\n<p><strong>&nbsp;Temas<\/strong><\/p>\n<p>Pediatr\u00eda en la Atenci\u00f3n Primaria de Salud.<\/p>\n<p>Atenci\u00f3n al reci\u00e9n nacido sano y de riesgo.<\/p>\n<p>La atenci\u00f3n de enfermer\u00eda en la edad pedi\u00e1trica<\/p>\n<p>Alimentaci\u00f3n y nutrici\u00f3n. Lactancia materna.<\/p>\n<p>Adolescencia<\/p>\n<p>Enfermedades cr\u00f3nicas de la infancia<\/p>\n<p>Afecciones quir\u00fargicas m\u00e1s frecuentes<\/p>\n<p>Enfermedades raras<\/p>\n<p>Enfermedades neurol\u00f3gicas<\/p>\n<p>Accidentes en la infancia<\/p>\n<p>Enfermedades diarreicas agudas<\/p>\n<p>CoVid 19<\/p>\n<p>Arbovirosis<\/p>\n<p>El uso de las nuevas tecnolog\u00edas en el diagn\u00f3stico de las enfermedades pedi\u00e1tricas.<\/p>\n<p>Las anemias carenciales.<\/p>\n<p>Atenci\u00f3n al ni\u00f1o o ni\u00f1a con discapacidad<\/p>\n<p>MNT<\/p>\n<p>Atenci\u00f3n al ni\u00f1o y ni\u00f1a con enfermedades oncol\u00f3gicas<\/p>\n<p>Enfermedades emergentes y reemergentes<\/p>\n<p>Enfermedades transmisibles.<\/p>\n<p>Diagn\u00f3stico precoz de la sepsis.<\/p>\n<p>Investigaciones de los servicios sanitarios de salud<\/p>\n<p>Resistencia antimicrobiana<\/p>\n<p>Salud sexual y reproductiva<\/p>\n<p>&nbsp;Adicciones en la adolescencia<\/p>\n<p>Conducta suicida en&nbsp; la adolescencia<\/p>\n<p>&nbsp;<\/p>\n<p><strong><u>Modalidades del programa cient\u00edfico<\/u><\/strong><\/p>\n<ul>\n<li>Conferencias<\/li>\n<li>Mesa redonda<\/li>\n<li>Panel<\/li>\n<li>Simposio<\/li>\n<li>Video cient\u00edfico<\/li>\n<li>Fotograf\u00eda cient\u00edfica<\/li>\n<li>Temas libres o ponencia oral<\/li>\n<li>Cartel o P\u00f3ster<\/li>\n<\/ul>\n<p>&nbsp;<\/p>\n<p><strong><u>Requisitos para la participaci\u00f3n<\/u><\/strong><\/p>\n<p>Los trabajos deber\u00e1n ser entregados en el departamento de Docencia e Investigaciones del Hospital Pedi\u00e1trico al representante del Comit\u00e9 Organizador o al Presidente del Cap\u00edtulo de Pediatr\u00eda y deben incluir t\u00edtulo, autores, resumen, modalidad de presentaci\u00f3n.<\/p>\n<p><strong><u>Contacto:<\/u><\/strong><\/p>\n<p>Dra. Limnet Crem\u00e9 Lambert. Jefa de Dpto de Docencia e Investigaciones<\/p>\n<p><strong>e-mail:<\/strong> limnetcl@infomed.sld.cu<\/p>\n<p><strong>Tel\u00e9fono:&nbsp; <\/strong>59976718<\/p>\n<p>&nbsp;<\/p>\n","protected":false},"excerpt":{"rendered":"<p>El&nbsp;Cap\u00edtulo Provincial de Pediatr\u00eda y el departamento de Docencia e Investigaciones del Hospital Pedi\u00e1trico Docente \u201cPedro Agust\u00edn P\u00e9rez\u201d invitan a participar en la XVII&nbsp; Jornada Cient\u00edfica Integral de Pediatr\u00eda y Neonatolog\u00eda, el II Encuentro de Generaciones de Pediatras y la Jornada Cient\u00edfica Integral de Medicina Intensiva y Emergencias Pedi\u00e1tricas &nbsp;Temas Pediatr\u00eda en la Atenci\u00f3n Primaria &hellip; <\/p>\n<p><a class=\"more-link btn\" href=\"https:\/\/instituciones.gtm.sld.cu\/hppap\/jornada-cientifica-estudiantil-y-de-residentes\/\">Seguir leyendo<\/a><\/p>\n","protected":false},"author":95,"featured_media":0,"parent":0,"menu_order":0,"comment_status":"closed","ping_status":"closed","template":"","meta":{"ngg_post_thumbnail":0,"_mc_calendar":[]},"yoast_head":"<!-- This site is optimized with the Yoast SEO plugin v21.8 - https:\/\/yoast.com\/wordpress\/plugins\/seo\/ -->\n<title>XVII Jornada Cient\u00edfica Integral de Pediatr\u00eda y Neonatolog\u00eda - Hospital Pedi\u00e1trico &quot;Pedro Agust\u00edn P\u00e9rez&quot;<\/title>\n<meta name=\"robots\" content=\"index, follow, max-snippet:-1, max-image-preview:large, max-video-preview:-1\" \/>\n<link rel=\"canonical\" href=\"https:\/\/instituciones.gtm.sld.cu\/hppap\/jornada-cientifica-estudiantil-y-de-residentes\/\" \/>\n<meta property=\"og:locale\" content=\"es_ES\" \/>\n<meta property=\"og:type\" content=\"article\" \/>\n<meta property=\"og:title\" content=\"XVII Jornada Cient\u00edfica Integral de Pediatr\u00eda y Neonatolog\u00eda - Hospital Pedi\u00e1trico &quot;Pedro Agust\u00edn P\u00e9rez&quot;\" \/>\n<meta property=\"og:description\" content=\"El&nbsp;Cap\u00edtulo Provincial de Pediatr\u00eda y el departamento de Docencia e Investigaciones del Hospital Pedi\u00e1trico Docente \u201cPedro Agust\u00edn P\u00e9rez\u201d invitan a participar en la XVII&nbsp; Jornada Cient\u00edfica Integral de Pediatr\u00eda y Neonatolog\u00eda, el II Encuentro de Generaciones de Pediatras y la Jornada Cient\u00edfica Integral de Medicina Intensiva y Emergencias Pedi\u00e1tricas &nbsp;Temas Pediatr\u00eda en la Atenci\u00f3n Primaria &hellip; Seguir leyendo\" \/>\n<meta property=\"og:url\" content=\"https:\/\/instituciones.gtm.sld.cu\/hppap\/jornada-cientifica-estudiantil-y-de-residentes\/\" \/>\n<meta property=\"og:site_name\" content=\"Hospital Pedi\u00e1trico &quot;Pedro Agust\u00edn P\u00e9rez&quot;\" \/>\n<meta property=\"article:modified_time\" content=\"2023-09-22T13:25:15+00:00\" \/>\n<meta name=\"twitter:card\" content=\"summary_large_image\" \/>\n<meta name=\"twitter:label1\" content=\"Tiempo de lectura\" \/>\n\t<meta name=\"twitter:data1\" content=\"2 minutos\" \/>\n<script type=\"application\/ld+json\" class=\"yoast-schema-graph\">{\"@context\":\"https:\/\/schema.org\",\"@graph\":[{\"@type\":\"WebPage\",\"@id\":\"https:\/\/instituciones.gtm.sld.cu\/hppap\/jornada-cientifica-estudiantil-y-de-residentes\/\",\"url\":\"https:\/\/instituciones.gtm.sld.cu\/hppap\/jornada-cientifica-estudiantil-y-de-residentes\/\",\"name\":\"XVII Jornada Cient\u00edfica Integral de Pediatr\u00eda y Neonatolog\u00eda - Hospital Pedi\u00e1trico &quot;Pedro Agust\u00edn P\u00e9rez&quot;\",\"isPartOf\":{\"@id\":\"https:\/\/instituciones.gtm.sld.cu\/hppap\/#website\"},\"datePublished\":\"2023-06-21T18:46:23+00:00\",\"dateModified\":\"2023-09-22T13:25:15+00:00\",\"breadcrumb\":{\"@id\":\"https:\/\/instituciones.gtm.sld.cu\/hppap\/jornada-cientifica-estudiantil-y-de-residentes\/#breadcrumb\"},\"inLanguage\":\"es\",\"potentialAction\":[{\"@type\":\"ReadAction\",\"target\":[\"https:\/\/instituciones.gtm.sld.cu\/hppap\/jornada-cientifica-estudiantil-y-de-residentes\/\"]}]},{\"@type\":\"BreadcrumbList\",\"@id\":\"https:\/\/instituciones.gtm.sld.cu\/hppap\/jornada-cientifica-estudiantil-y-de-residentes\/#breadcrumb\",\"itemListElement\":[{\"@type\":\"ListItem\",\"position\":1,\"name\":\"Inicio\",\"item\":\"https:\/\/instituciones.gtm.sld.cu\/hppap\/\"},{\"@type\":\"ListItem\",\"position\":2,\"name\":\"XVII Jornada Cient\u00edfica Integral de Pediatr\u00eda y Neonatolog\u00eda\"}]},{\"@type\":\"WebSite\",\"@id\":\"https:\/\/instituciones.gtm.sld.cu\/hppap\/#website\",\"url\":\"https:\/\/instituciones.gtm.sld.cu\/hppap\/\",\"name\":\"Hospital Pedi\u00e1trico \\\"Pedro Agust\u00edn P\u00e9rez\\\"\",\"description\":\"\",\"publisher\":{\"@id\":\"https:\/\/instituciones.gtm.sld.cu\/hppap\/#organization\"},\"potentialAction\":[{\"@type\":\"SearchAction\",\"target\":{\"@type\":\"EntryPoint\",\"urlTemplate\":\"https:\/\/instituciones.gtm.sld.cu\/hppap\/?s={search_term_string}\"},\"query-input\":\"required name=search_term_string\"}],\"inLanguage\":\"es\"},{\"@type\":\"Organization\",\"@id\":\"https:\/\/instituciones.gtm.sld.cu\/hppap\/#organization\",\"name\":\"Hospital Pedi\u00e1trico \\\"Pedro Agust\u00edn P\u00e9rez\\\"\",\"url\":\"https:\/\/instituciones.gtm.sld.cu\/hppap\/\",\"logo\":{\"@type\":\"ImageObject\",\"inLanguage\":\"es\",\"@id\":\"https:\/\/instituciones.gtm.sld.cu\/hppap\/#\/schema\/logo\/image\/\",\"url\":\"https:\/\/instituciones.gtm.sld.cu\/hppap\/wp-content\/uploads\/sites\/37\/2024\/05\/299145640_582996300017682_8206920265837739482_n-1.jpg\",\"contentUrl\":\"https:\/\/instituciones.gtm.sld.cu\/hppap\/wp-content\/uploads\/sites\/37\/2024\/05\/299145640_582996300017682_8206920265837739482_n-1.jpg\",\"width\":960,\"height\":479,\"caption\":\"Hospital Pedi\u00e1trico \\\"Pedro Agust\u00edn P\u00e9rez\\\"\"},\"image\":{\"@id\":\"https:\/\/instituciones.gtm.sld.cu\/hppap\/#\/schema\/logo\/image\/\"}}]}<\/script>\n<!-- \/ Yoast SEO plugin. -->","yoast_head_json":{"title":"XVII Jornada Cient\u00edfica Integral de Pediatr\u00eda y Neonatolog\u00eda - Hospital Pedi\u00e1trico &quot;Pedro Agust\u00edn P\u00e9rez&quot;","robots":{"index":"index","follow":"follow","max-snippet":"max-snippet:-1","max-image-preview":"max-image-preview:large","max-video-preview":"max-video-preview:-1"},"canonical":"https:\/\/instituciones.gtm.sld.cu\/hppap\/jornada-cientifica-estudiantil-y-de-residentes\/","og_locale":"es_ES","og_type":"article","og_title":"XVII Jornada Cient\u00edfica Integral de Pediatr\u00eda y Neonatolog\u00eda - Hospital Pedi\u00e1trico &quot;Pedro Agust\u00edn P\u00e9rez&quot;","og_description":"El&nbsp;Cap\u00edtulo Provincial de Pediatr\u00eda y el departamento de Docencia e Investigaciones del Hospital Pedi\u00e1trico Docente \u201cPedro Agust\u00edn P\u00e9rez\u201d invitan a participar en la XVII&nbsp; Jornada Cient\u00edfica Integral de Pediatr\u00eda y Neonatolog\u00eda, el II Encuentro de Generaciones de Pediatras y la Jornada Cient\u00edfica Integral de Medicina Intensiva y Emergencias Pedi\u00e1tricas &nbsp;Temas Pediatr\u00eda en la Atenci\u00f3n Primaria &hellip; Seguir leyendo","og_url":"https:\/\/instituciones.gtm.sld.cu\/hppap\/jornada-cientifica-estudiantil-y-de-residentes\/","og_site_name":"Hospital Pedi\u00e1trico &quot;Pedro Agust\u00edn P\u00e9rez&quot;","article_modified_time":"2023-09-22T13:25:15+00:00","twitter_card":"summary_large_image","twitter_misc":{"Tiempo de lectura":"2 minutos"},"schema":{"@context":"https:\/\/schema.org","@graph":[{"@type":"WebPage","@id":"https:\/\/instituciones.gtm.sld.cu\/hppap\/jornada-cientifica-estudiantil-y-de-residentes\/","url":"https:\/\/instituciones.gtm.sld.cu\/hppap\/jornada-cientifica-estudiantil-y-de-residentes\/","name":"XVII Jornada Cient\u00edfica Integral de Pediatr\u00eda y Neonatolog\u00eda - Hospital Pedi\u00e1trico &quot;Pedro Agust\u00edn P\u00e9rez&quot;","isPartOf":{"@id":"https:\/\/instituciones.gtm.sld.cu\/hppap\/#website"},"datePublished":"2023-06-21T18:46:23+00:00","dateModified":"2023-09-22T13:25:15+00:00","breadcrumb":{"@id":"https:\/\/instituciones.gtm.sld.cu\/hppap\/jornada-cientifica-estudiantil-y-de-residentes\/#breadcrumb"},"inLanguage":"es","potentialAction":[{"@type":"ReadAction","target":["https:\/\/instituciones.gtm.sld.cu\/hppap\/jornada-cientifica-estudiantil-y-de-residentes\/"]}]},{"@type":"BreadcrumbList","@id":"https:\/\/instituciones.gtm.sld.cu\/hppap\/jornada-cientifica-estudiantil-y-de-residentes\/#breadcrumb","itemListElement":[{"@type":"ListItem","position":1,"name":"Inicio","item":"https:\/\/instituciones.gtm.sld.cu\/hppap\/"},{"@type":"ListItem","position":2,"name":"XVII Jornada Cient\u00edfica Integral de Pediatr\u00eda y Neonatolog\u00eda"}]},{"@type":"WebSite","@id":"https:\/\/instituciones.gtm.sld.cu\/hppap\/#website","url":"https:\/\/instituciones.gtm.sld.cu\/hppap\/","name":"Hospital Pedi\u00e1trico \"Pedro Agust\u00edn P\u00e9rez\"","description":"","publisher":{"@id":"https:\/\/instituciones.gtm.sld.cu\/hppap\/#organization"},"potentialAction":[{"@type":"SearchAction","target":{"@type":"EntryPoint","urlTemplate":"https:\/\/instituciones.gtm.sld.cu\/hppap\/?s={search_term_string}"},"query-input":"required name=search_term_string"}],"inLanguage":"es"},{"@type":"Organization","@id":"https:\/\/instituciones.gtm.sld.cu\/hppap\/#organization","name":"Hospital Pedi\u00e1trico \"Pedro Agust\u00edn P\u00e9rez\"","url":"https:\/\/instituciones.gtm.sld.cu\/hppap\/","logo":{"@type":"ImageObject","inLanguage":"es","@id":"https:\/\/instituciones.gtm.sld.cu\/hppap\/#\/schema\/logo\/image\/","url":"https:\/\/instituciones.gtm.sld.cu\/hppap\/wp-content\/uploads\/sites\/37\/2024\/05\/299145640_582996300017682_8206920265837739482_n-1.jpg","contentUrl":"https:\/\/instituciones.gtm.sld.cu\/hppap\/wp-content\/uploads\/sites\/37\/2024\/05\/299145640_582996300017682_8206920265837739482_n-1.jpg","width":960,"height":479,"caption":"Hospital Pedi\u00e1trico \"Pedro Agust\u00edn P\u00e9rez\""},"image":{"@id":"https:\/\/instituciones.gtm.sld.cu\/hppap\/#\/schema\/logo\/image\/"}}]}},"_links":{"self":[{"href":"https:\/\/instituciones.gtm.sld.cu\/hppap\/wp-json\/wp\/v2\/pages\/3531"}],"collection":[{"href":"https:\/\/instituciones.gtm.sld.cu\/hppap\/wp-json\/wp\/v2\/pages"}],"about":[{"href":"https:\/\/instituciones.gtm.sld.cu\/hppap\/wp-json\/wp\/v2\/types\/page"}],"author":[{"embeddable":true,"href":"https:\/\/instituciones.gtm.sld.cu\/hppap\/wp-json\/wp\/v2\/users\/95"}],"replies":[{"embeddable":true,"href":"https:\/\/instituciones.gtm.sld.cu\/hppap\/wp-json\/wp\/v2\/comments?post=3531"}],"version-history":[{"count":9,"href":"https:\/\/instituciones.gtm.sld.cu\/hppap\/wp-json\/wp\/v2\/pages\/3531\/revisions"}],"predecessor-version":[{"id":3624,"href":"https:\/\/instituciones.gtm.sld.cu\/hppap\/wp-json\/wp\/v2\/pages\/3531\/revisions\/3624"}],"wp:attachment":[{"href":"https:\/\/instituciones.gtm.sld.cu\/hppap\/wp-json\/wp\/v2\/media?parent=3531"}],"curies":[{"name":"wp","href":"https:\/\/api.w.org\/{rel}","templated":true}]}}